{"id":1929,"date":"2021-02-12T09:33:29","date_gmt":"2021-02-12T09:33:29","guid":{"rendered":"http:\/\/ludzie.fundacja-pih.pl\/?post_type=product&#038;p=1929"},"modified":"2025-05-16T14:15:48","modified_gmt":"2025-05-16T14:15:48","slug":"rembowiecki-stanislaw","status":"publish","type":"product","link":"http:\/\/ludzie.fundacja-pih.pl\/index.php\/product\/rembowiecki-stanislaw\/","title":{"rendered":"Rembowiecki Stanis\u0142aw"},"content":{"rendered":"<p>Urodzi\u0142 si\u0119 w 1947 roku w m. Chmielnik<\/p>\n<p>W marcu 1982 roku uczestniczy\u0142 w konspiracyjnym spotkaniu w mieszkaniu El\u017cbiety Koniecznej, gdzie powo\u0142ano \u201eNowosolski Komitet Samoobrony Solidarno\u015bci\u201d. Wraz z Jerzym Ceglarkiem prowadzi\u0142 akcje ulotkowe. W latach 1982 &#8211; 1987 wraz z Jerzym Ceglarkiem i Janem Wodeckim organizowali i obs\u0142ugiwali jako kurierzy przerzut publikacji \u201eSolidarno\u015bci Walcz\u0105cej\u201d na trasie Wroc\u0142aw \u2013 Nowa S\u00f3l. Do Wroc\u0142awia transportowali materia\u0142y drukowane w Nowej Soli, a z Wroc\u0142awia przywozili ulotki, biuletyny i ksi\u0105\u017cki. Od 1984 roku uczestniczy\u0142 w Pielgrzymkach Ludzi Pracy na Jasn\u0105 G\u00f3r\u0119. W dniach 10 &#8211; 12 czerwca 1988 roku wzi\u0105\u0142 udzia\u0142 w pogrzebie mjr. Jana Piwnika \u201ePonurego\u201d, kt\u00f3ry mia\u0142 miejsce w G\u00f3rach \u015awi\u0119tokrzyskich. W latach 1985 \u2013 1988 by\u0142 rozpracowywany przez Wydzia\u0142 V WUSW w Zielonej G\u00f3rze w ramach sprawy o kryptonimie \u201eKurier\u201d. W roku 2016 na podstawie postanowienia Prezydenta RP \u2013 nr 550\/2016 &#8211; nadano mu Krzy\u017c Wolno\u015bci i Solidarno\u015bci.  <\/p>\n","protected":false},"excerpt":{"rendered":"<p>Urodzi\u0142 si\u0119 w 1947 roku w m. Chmielnik W marcu 1982 roku uczestniczy\u0142 w konspiracyjnym spotkaniu w mieszkaniu El\u017cbiety Koniecznej, gdzie powo\u0142ano \u201eNowosolski Komitet Samoobrony Solidarno\u015bci\u201d. Wraz z Jerzym Ceglarkiem prowadzi\u0142 akcje ulotkowe. W latach 1982 &#8211; 1987 wraz z Jerzym Ceglarkiem i Janem Wodeckim organizowali i obs\u0142ugiwali jako kurierzy przerzut publikacji \u201eSolidarno\u015bci Walcz\u0105cej\u201d na [&hellip;]<\/p>\n","protected":false},"featured_media":906,"template":"","meta":[],"_links":{"self":[{"href":"http:\/\/ludzie.fundacja-pih.pl\/index.php\/wp-json\/wp\/v2\/product\/1929"}],"collection":[{"href":"http:\/\/ludzie.fundacja-pih.pl\/index.php\/wp-json\/wp\/v2\/product"}],"about":[{"href":"http:\/\/ludzie.fundacja-pih.pl\/index.php\/wp-json\/wp\/v2\/types\/product"}],"wp:featuredmedia":[{"embeddable":true,"href":"http:\/\/ludzie.fundacja-pih.pl\/index.php\/wp-json\/wp\/v2\/media\/906"}],"wp:attachment":[{"href":"http:\/\/ludzie.fundacja-pih.pl\/index.php\/wp-json\/wp\/v2\/media?parent=1929"}],"curies":[{"name":"wp","href":"https:\/\/api.w.org\/{rel}","templated":true}]}}