{"id":1938,"date":"2021-02-12T09:45:38","date_gmt":"2021-02-12T09:45:38","guid":{"rendered":"http:\/\/ludzie.fundacja-pih.pl\/?post_type=product&#038;p=1938"},"modified":"2025-05-16T14:15:50","modified_gmt":"2025-05-16T14:15:50","slug":"kozik-henryk","status":"publish","type":"product","link":"http:\/\/ludzie.fundacja-pih.pl\/index.php\/product\/kozik-henryk\/","title":{"rendered":"Kozik Henryk"},"content":{"rendered":"<p>Urodzi\u0142 si\u0119 19 lutego 1948 roku w Starachowicach.<\/p>\n<p>W 1972 roku rozpocz\u0105\u0142 prac\u0119 na stanowisku kontrolera jako\u015bci w Sanockiej Fabryce Autobus\u00f3w \u201ePolmo-Autosan\u201d.  We wrze\u015bniu 1980 roku wst\u0105pi\u0142 do NSZZ \u201eSolidarno\u015b\u0107\u201d, gdzie obj\u0105\u0142 funkcj\u0119 przewodnicz\u0105cego Komisji Wydzia\u0142owej na Wydziale S\u0142u\u017cby Utrzymania Ruchu w \u201eAutosanie\u201d, a nast\u0119pnie wszed\u0142 w sk\u0142ad Regionalnej Komisji Rewizyjnej NSZZ \u201eSolidarno\u015b\u0107\u201d. Po wprowadzeniu stanu wojennego zorganizowa\u0142 na terenie Sanoka i Zas\u0142awia grup\u0119 dzia\u0142aczy \u201eSolidarno\u015bci\u201d, kt\u00f3ra kolportowa\u0142a wydawnictwa podziemne, organizowa\u0142a akcje plakatowe i malowa\u0142a has\u0142a antyre\u017cimowe na murach. W nast\u0119pstwie tej dzia\u0142alno\u015bci, 13 maja 1982 roku Henryk Kozik zosta\u0142 zatrzymany i osadzony w O\u015brodku Odosobnienia w Za\u0142\u0119\u017cu k. Rzeszowa. Przebywa\u0142 tam od 15 maja do 10 lipca 1982 roku. Po zwolnieniu z internowania kontynuowa\u0142 dzia\u0142alno\u015b\u0107 podziemn\u0105 nawi\u0105zuj\u0105c kontakty m.in. z przedstawicielami \u201eSolidarno\u015bci Walcz\u0105cej\u201d oraz Regionalnego Komitetu Strajkowego NSZZ \u201eSolidarno\u015b\u0107\u201d Dolny \u015al\u0105sk. Nadal kolportowa\u0142 wydawnictwa podziemne. Jako podejrzany o nielegaln\u0105 dzia\u0142alno\u015b\u0107 zosta\u0142 zatrzymywany na 48 godzin i przes\u0142uchany przez funkcjonariuszy SB. Prokuratura Rejonowa w Sanoku, prowadzi\u0142a przeciwko niemu post\u0119powanie. Warunkowo je umorzono 27 grudnia 1985 roku. Henryk Kozik kontynuowa\u0142 dzia\u0142alno\u015b\u0107 opozycyjn\u0105 do 1989 roku. Wsp\u00f3\u0142pracowa\u0142 m.in. z Duszpasterstwem Ludzi Pracy przy Parafii Podwy\u017cszenia Krzy\u017ca \u015awi\u0119tego w Kro\u015bnie. By\u0142 sygnatariuszem o\u015bwiadczenia o ujawnieniu dzia\u0142alno\u015bci \u201eSolidarno\u015bci\u201d w woj. Kro\u015bnie\u0144skim z 31 sierpnia 1988 roku.  3 pa\u017adziernika 1988 roku z\u0142o\u017cy\u0142 dyrektorowi \u201eAutosanu\u201d o\u015bwiadczenie o wznowieniu dzia\u0142alno\u015bci \u201eSolidarno\u015bci\u201d na terenie fabryki. W 1989 roku wszed\u0142 w sk\u0142ad Prezydium Wojew\u00f3dzkiego Komitetu Obywatelskiego \u201eSolidarno\u015b\u0107\u201d w Kro\u015bnie. W 2016 roku na podstawie postanowienia Prezydenta RP \u2013 nr 131\/2016 &#8211;  nadano mu Krzy\u017c Wolno\u015bci i Solidarno\u015bci.<\/p>\n","protected":false},"excerpt":{"rendered":"<p>Urodzi\u0142 si\u0119 19 lutego 1948 roku w Starachowicach. W 1972 roku rozpocz\u0105\u0142 prac\u0119 na stanowisku kontrolera jako\u015bci w Sanockiej Fabryce Autobus\u00f3w \u201ePolmo-Autosan\u201d. We wrze\u015bniu 1980 roku wst\u0105pi\u0142 do NSZZ \u201eSolidarno\u015b\u0107\u201d, gdzie obj\u0105\u0142 funkcj\u0119 przewodnicz\u0105cego Komisji Wydzia\u0142owej na Wydziale S\u0142u\u017cby Utrzymania Ruchu w \u201eAutosanie\u201d, a nast\u0119pnie wszed\u0142 w sk\u0142ad Regionalnej Komisji Rewizyjnej NSZZ \u201eSolidarno\u015b\u0107\u201d. Po wprowadzeniu [&hellip;]<\/p>\n","protected":false},"featured_media":1939,"template":"","meta":[],"_links":{"self":[{"href":"http:\/\/ludzie.fundacja-pih.pl\/index.php\/wp-json\/wp\/v2\/product\/1938"}],"collection":[{"href":"http:\/\/ludzie.fundacja-pih.pl\/index.php\/wp-json\/wp\/v2\/product"}],"about":[{"href":"http:\/\/ludzie.fundacja-pih.pl\/index.php\/wp-json\/wp\/v2\/types\/product"}],"wp:featuredmedia":[{"embeddable":true,"href":"http:\/\/ludzie.fundacja-pih.pl\/index.php\/wp-json\/wp\/v2\/media\/1939"}],"wp:attachment":[{"href":"http:\/\/ludzie.fundacja-pih.pl\/index.php\/wp-json\/wp\/v2\/media?parent=1938"}],"curies":[{"name":"wp","href":"https:\/\/api.w.org\/{rel}","templated":true}]}}

<p>Urodził się 19 lutego 1948 roku w Starachowicach.</p>
<p>W 1972 roku rozpoczął pracę na stanowisku kontrolera jakości w Sanockiej Fabryce Autobusów „Polmo-Autosan”.  We wrześniu 1980 roku wstąpił do NSZZ „Solidarność”, gdzie objął funkcję przewodniczącego Komisji Wydziałowej na Wydziale Służby Utrzymania Ruchu w „Autosanie”, a następnie wszedł w skład Regionalnej Komisji Rewizyjnej NSZZ „Solidarność”. Po wprowadzeniu stanu wojennego zorganizował na terenie Sanoka i Zasławia grupę działaczy „Solidarności”, która kolportowała wydawnictwa podziemne, organizowała akcje plakatowe i malowała hasła antyreżimowe na murach. W następstwie tej działalności, 13 maja 1982 roku Henryk Kozik został zatrzymany i osadzony w Ośrodku Odosobnienia w Załężu k. Rzeszowa. Przebywał tam od 15 maja do 10 lipca 1982 roku. Po zwolnieniu z internowania kontynuował działalność podziemną nawiązując kontakty m.in. z przedstawicielami „Solidarności Walczącej” oraz Regionalnego Komitetu Strajkowego NSZZ „Solidarność” Dolny Śląsk. Nadal kolportował wydawnictwa podziemne. Jako podejrzany o nielegalną działalność został zatrzymywany na 48 godzin i przesłuchany przez funkcjonariuszy SB. Prokuratura Rejonowa w Sanoku, prowadziła przeciwko niemu postępowanie. Warunkowo je umorzono 27 grudnia 1985 roku. Henryk Kozik kontynuował działalność opozycyjną do 1989 roku. Współpracował m.in. z Duszpasterstwem Ludzi Pracy przy Parafii Podwyższenia Krzyża Świętego w Krośnie. Był sygnatariuszem oświadczenia o ujawnieniu działalności „Solidarności” w woj. Krośnieńskim z 31 sierpnia 1988 roku.  3 października 1988 roku złożył dyrektorowi „Autosanu” oświadczenie o wznowieniu działalności „Solidarności” na terenie fabryki. W 1989 roku wszedł w skład Prezydium Wojewódzkiego Komitetu Obywatelskiego „Solidarność” w Krośnie. W 2016 roku na podstawie postanowienia Prezydenta RP – nr 131/2016 &#8211;  nadano mu Krzyż Wolności i Solidarności.</p>

<p>Urodził się 19 lutego 1948 roku w Starachowicach. W 1972 roku rozpoczął pracę na stanowisku kontrolera jakości w Sanockiej Fabryce Autobusów „Polmo-Autosan”. We wrześniu 1980 roku wstąpił do NSZZ „Solidarność”, gdzie objął funkcję przewodniczącego Komisji Wydziałowej na Wydziale Służby Utrzymania Ruchu w „Autosanie”, a następnie wszedł w skład Regionalnej Komisji Rewizyjnej NSZZ „Solidarność”. Po wprowadzeniu [&hellip;]</p>
