{"id":1940,"date":"2021-02-12T09:48:17","date_gmt":"2021-02-12T09:48:17","guid":{"rendered":"http:\/\/ludzie.fundacja-pih.pl\/?post_type=product&#038;p=1940"},"modified":"2025-05-16T14:15:50","modified_gmt":"2025-05-16T14:15:50","slug":"kowalczyk-roman","status":"publish","type":"product","link":"http:\/\/ludzie.fundacja-pih.pl\/index.php\/product\/kowalczyk-roman\/","title":{"rendered":"Kowalczyk Roman"},"content":{"rendered":"<p>Urodzi\u0142 si\u0119 w 1964 roku w m. Wielu\u0144<\/p>\n<p>B\u0119d\u0105c studentem I roku Uniwersytetu Wroc\u0142awskiego, by\u0142 czynnie zaanga\u017cowany w pomoc podziemnym strukturom NSZZ \u201eSolidarno\u015b\u0107\u201d. 14 marca 1985 roku w zwi\u0105zku z posiadaniem du\u017cej ilo\u015bci ulotek sygnowanych przez podziemne struktury \u201eSolidarno\u015bci Krakowskiej\u201d oraz ulotek \u201eSolidarno\u015bci Walcz\u0105cej\u201d zosta\u0142 tymczasowo aresztowany. Od 29 marca do 24 maja 1985 roku przebywa\u0142 w Areszcie \u015aledczym we Wroc\u0142awiu. S\u0105d Rejonowy dla Wroc\u0142awia-\u015ar\u00f3dmie\u015bcie wyrokiem z 24 maja 1985 roku skaza\u0142 Romana Kowalczyka na kar\u0119 1 roku pozbawienia wolno\u015bci z warunkowym zawieszeniem wykonania kary na okres 3 lat, wyznaczenie kuratora i przepadek dowod\u00f3w rzeczowych. S\u0105d Wojew\u00f3dzki we Wroc\u0142awiu wyrokiem z 23 wrze\u015bnia 1985 roku uchyli\u0142 orzeczenie o warunkowym zawieszeniu kary, zmniejszaj\u0105c jednocze\u015bnie wysoko\u015b\u0107 wymierzonej kary do 6 miesi\u0119cy pozbawienia wolno\u015bci. Reszt\u0119 kary, kt\u00f3ra pozosta\u0142a Romanowi Kowalczykowi do odbycia, odroczono do 27 maja 1986 roku, a wyrokiem S\u0105du Najwy\u017cszego w Warszawie z 22 czerwca 1994 roku, uniewinniono go od pope\u0142nienia zarzucanego mu czynu. W 2015 roku na podstawie postanowienia Prezydenta RP \u2013 nr 356\/2015 &#8211;  nadano mu Krzy\u017c Wolno\u015bci i Solidarno\u015bci. <\/p>\n","protected":false},"excerpt":{"rendered":"<p>Urodzi\u0142 si\u0119 w 1964 roku w m. Wielu\u0144 B\u0119d\u0105c studentem I roku Uniwersytetu Wroc\u0142awskiego, by\u0142 czynnie zaanga\u017cowany w pomoc podziemnym strukturom NSZZ \u201eSolidarno\u015b\u0107\u201d. 14 marca 1985 roku w zwi\u0105zku z posiadaniem du\u017cej ilo\u015bci ulotek sygnowanych przez podziemne struktury \u201eSolidarno\u015bci Krakowskiej\u201d oraz ulotek \u201eSolidarno\u015bci Walcz\u0105cej\u201d zosta\u0142 tymczasowo aresztowany. Od 29 marca do 24 maja 1985 roku [&hellip;]<\/p>\n","protected":false},"featured_media":1941,"template":"","meta":[],"_links":{"self":[{"href":"http:\/\/ludzie.fundacja-pih.pl\/index.php\/wp-json\/wp\/v2\/product\/1940"}],"collection":[{"href":"http:\/\/ludzie.fundacja-pih.pl\/index.php\/wp-json\/wp\/v2\/product"}],"about":[{"href":"http:\/\/ludzie.fundacja-pih.pl\/index.php\/wp-json\/wp\/v2\/types\/product"}],"wp:featuredmedia":[{"embeddable":true,"href":"http:\/\/ludzie.fundacja-pih.pl\/index.php\/wp-json\/wp\/v2\/media\/1941"}],"wp:attachment":[{"href":"http:\/\/ludzie.fundacja-pih.pl\/index.php\/wp-json\/wp\/v2\/media?parent=1940"}],"curies":[{"name":"wp","href":"https:\/\/api.w.org\/{rel}","templated":true}]}}

<p>Urodził się w 1964 roku w m. Wieluń</p>
<p>Będąc studentem I roku Uniwersytetu Wrocławskiego, był czynnie zaangażowany w pomoc podziemnym strukturom NSZZ „Solidarność”. 14 marca 1985 roku w związku z posiadaniem dużej ilości ulotek sygnowanych przez podziemne struktury „Solidarności Krakowskiej” oraz ulotek „Solidarności Walczącej” został tymczasowo aresztowany. Od 29 marca do 24 maja 1985 roku przebywał w Areszcie Śledczym we Wrocławiu. Sąd Rejonowy dla Wrocławia-Śródmieście wyrokiem z 24 maja 1985 roku skazał Romana Kowalczyka na karę 1 roku pozbawienia wolności z warunkowym zawieszeniem wykonania kary na okres 3 lat, wyznaczenie kuratora i przepadek dowodów rzeczowych. Sąd Wojewódzki we Wrocławiu wyrokiem z 23 września 1985 roku uchylił orzeczenie o warunkowym zawieszeniu kary, zmniejszając jednocześnie wysokość wymierzonej kary do 6 miesięcy pozbawienia wolności. Resztę kary, która pozostała Romanowi Kowalczykowi do odbycia, odroczono do 27 maja 1986 roku, a wyrokiem Sądu Najwyższego w Warszawie z 22 czerwca 1994 roku, uniewinniono go od popełnienia zarzucanego mu czynu. W 2015 roku na podstawie postanowienia Prezydenta RP – nr 356/2015 &#8211;  nadano mu Krzyż Wolności i Solidarności. </p>

<p>Urodził się w 1964 roku w m. Wieluń Będąc studentem I roku Uniwersytetu Wrocławskiego, był czynnie zaangażowany w pomoc podziemnym strukturom NSZZ „Solidarność”. 14 marca 1985 roku w związku z posiadaniem dużej ilości ulotek sygnowanych przez podziemne struktury „Solidarności Krakowskiej” oraz ulotek „Solidarności Walczącej” został tymczasowo aresztowany. Od 29 marca do 24 maja 1985 roku [&hellip;]</p>
