{"id":1942,"date":"2021-02-12T09:49:56","date_gmt":"2021-02-12T09:49:56","guid":{"rendered":"http:\/\/ludzie.fundacja-pih.pl\/?post_type=product&#038;p=1942"},"modified":"2025-05-16T14:15:51","modified_gmt":"2025-05-16T14:15:51","slug":"konieczny-franciszek","status":"publish","type":"product","link":"http:\/\/ludzie.fundacja-pih.pl\/index.php\/product\/konieczny-franciszek\/","title":{"rendered":"Konieczny Franciszek"},"content":{"rendered":"<p>Urodzi\u0142 si\u0119 w 1930 roku w Kluszkowce, zm. 1 kwietnia 1995 roku we Wroc\u0142awiu.<\/p>\n<p>W latach 1958 &#8211; 1964 dzia\u0142a\u0142 w nielegalnej organizacji o nazwie \u201eRewolucyjna Organizacja Armii Krajowej\u201d, kt\u00f3rej celem by\u0142a walka ustrojem PRL oraz jednostkami radzieckimi stacjonuj\u0105cymi w Brzegu. W latach 1981 &#8211; 1989 Franciszek Konieczny by\u0142 zaangazowanyw dzia\u0142ano\u015b\u0107 tzw. ,,Grupy Jelcza\u0144skiej\u201d na terenie Jelcza\u0144skich Zak\u0142ad\u00f3w Samochodowych. Grupa ta prowadzi\u0142a podziemn\u0105 dzia\u0142alno\u015b\u0107 zwi\u0105zkow\u0105, wsp\u00f3\u0142pracuj\u0105c m. in. z Regionalnym Komitetem Strajkowym NSZZ \u201eSolidarno\u015b\u0107\u201d Dolny \u015al\u0105sk i wroc\u0142awsk\u0105 \u201eSolidarno\u015bci\u0105 Walcz\u0105c\u0105\u201d. Franciszek Konieczny kolportowa\u0142 podziemne wydawnictwa, a w piwnicy swojego domu drukowa\u0142 niezale\u017cne pismo \u201eGross Rosen\u201d oraz ulotki. W zwi\u0105zku z dzia\u0142alno\u015bci\u0105 konspiracyjn\u0105 zosta\u0142 aresztowany i zwolniony z pracy. W 1982 roku by\u0142 rozpracowywany przez SB.<\/p>\n","protected":false},"excerpt":{"rendered":"<p>Urodzi\u0142 si\u0119 w 1930 roku w Kluszkowce, zm. 1 kwietnia 1995 roku we Wroc\u0142awiu. W latach 1958 &#8211; 1964 dzia\u0142a\u0142 w nielegalnej organizacji o nazwie \u201eRewolucyjna Organizacja Armii Krajowej\u201d, kt\u00f3rej celem by\u0142a walka ustrojem PRL oraz jednostkami radzieckimi stacjonuj\u0105cymi w Brzegu. W latach 1981 &#8211; 1989 Franciszek Konieczny by\u0142 zaangazowanyw dzia\u0142ano\u015b\u0107 tzw. ,,Grupy Jelcza\u0144skiej\u201d na [&hellip;]<\/p>\n","protected":false},"featured_media":906,"template":"","meta":[],"_links":{"self":[{"href":"http:\/\/ludzie.fundacja-pih.pl\/index.php\/wp-json\/wp\/v2\/product\/1942"}],"collection":[{"href":"http:\/\/ludzie.fundacja-pih.pl\/index.php\/wp-json\/wp\/v2\/product"}],"about":[{"href":"http:\/\/ludzie.fundacja-pih.pl\/index.php\/wp-json\/wp\/v2\/types\/product"}],"wp:featuredmedia":[{"embeddable":true,"href":"http:\/\/ludzie.fundacja-pih.pl\/index.php\/wp-json\/wp\/v2\/media\/906"}],"wp:attachment":[{"href":"http:\/\/ludzie.fundacja-pih.pl\/index.php\/wp-json\/wp\/v2\/media?parent=1942"}],"curies":[{"name":"wp","href":"https:\/\/api.w.org\/{rel}","templated":true}]}}

<p>Urodził się w 1930 roku w Kluszkowce, zm. 1 kwietnia 1995 roku we Wrocławiu.</p>
<p>W latach 1958 &#8211; 1964 działał w nielegalnej organizacji o nazwie „Rewolucyjna Organizacja Armii Krajowej”, której celem była walka ustrojem PRL oraz jednostkami radzieckimi stacjonującymi w Brzegu. W latach 1981 &#8211; 1989 Franciszek Konieczny był zaangazowanyw działaność tzw. ,,Grupy Jelczańskiej” na terenie Jelczańskich Zakładów Samochodowych. Grupa ta prowadziła podziemną działalność związkową, współpracując m. in. z Regionalnym Komitetem Strajkowym NSZZ „Solidarność” Dolny Śląsk i wrocławską „Solidarnością Walczącą”. Franciszek Konieczny kolportował podziemne wydawnictwa, a w piwnicy swojego domu drukował niezależne pismo „Gross Rosen” oraz ulotki. W związku z działalnością konspiracyjną został aresztowany i zwolniony z pracy. W 1982 roku był rozpracowywany przez SB.</p>

<p>Urodził się w 1930 roku w Kluszkowce, zm. 1 kwietnia 1995 roku we Wrocławiu. W latach 1958 &#8211; 1964 działał w nielegalnej organizacji o nazwie „Rewolucyjna Organizacja Armii Krajowej”, której celem była walka ustrojem PRL oraz jednostkami radzieckimi stacjonującymi w Brzegu. W latach 1981 &#8211; 1989 Franciszek Konieczny był zaangazowanyw działaność tzw. ,,Grupy Jelczańskiej” na [&hellip;]</p>
