{"id":1944,"date":"2021-02-12T13:27:34","date_gmt":"2021-02-12T13:27:34","guid":{"rendered":"http:\/\/ludzie.fundacja-pih.pl\/?post_type=product&#038;p=1944"},"modified":"2025-05-16T14:15:51","modified_gmt":"2025-05-16T14:15:51","slug":"ruta-solarska-elzbieta-maria","status":"publish","type":"product","link":"http:\/\/ludzie.fundacja-pih.pl\/index.php\/product\/ruta-solarska-elzbieta-maria\/","title":{"rendered":"Ruta-Solarska El\u017cbieta Maria"},"content":{"rendered":"<p>Urodzi\u0142 si\u0119 w 1959 roku w m. Pozna\u0144<\/p>\n<p>W latach 1980 \u2013 1982 by\u0142a zaanga\u017cowana w niezale\u017cny ruch studencki. W ramach tej dzia\u0142alno\u015bci zajmowa\u0142a si\u0119 m.in. kolporta\u017cem wydawnictw niezale\u017cnych, a p\u00f3\u017aniej podziemnych. Kolportowa\u0142a m.in. czasopismo \u201eSolidarno\u015b\u0107 Walcz\u0105ca\u201d. W latach 1984 &#8211; 1985 kolportowa\u0142a, a od roku 1987 roku by\u0142a wsp\u00f3\u0142redaktork\u0105 \u201eHipolita\u201d \u2013 pisma wydawanego przez NSZZ \u201eSolidarno\u015b\u0107\u201d HCP w Poznaniu. By\u0142a zatrzymywana w zwi\u0105zku z kolporta\u017cem nielegalnych wydawnictw. Od 1985 roku nale\u017ca\u0142a do Duszpasterstwa Ludzi Pracy przy ko\u015bciele Matki Boskiej Bolesnej w Poznaniu. Wsp\u00f3\u0142organizowa\u0142a pomoc dla wi\u0119\u017ani\u00f3w politycznych, os\u00f3b represjonowanych i ich rodzin. Uczestniczy\u0142a w antyre\u017cimowych manifestacjach i protestach. Od 1988 roku by\u0142a cz\u0142onkiem Komitetu Okr\u0119gowego Polskiej Partii Socjalistycznej w Poznaniu, a od kwietnia 1989 roku tak\u017ce Rady Naczelnej PPS. W 1988 roku bra\u0142a udzia\u0142 w Strajkowym Porozumieniu Grup Opozycyjnych w Poznaniu, kt\u00f3re wydawa\u0142o m.in. \u201ePozna\u0144ski Biuletyn Strajkowy\u201d. Wspiera\u0142a strajk w HCP. W latach 1987 \u2013 1989 wsp\u00f3\u0142organizowa\u0142a i uczestniczy\u0142a w protestach przeciwko budowie elektrowni atomowej w Klempiczu. W 2011 roku zosta\u0142a odznaczona Krzy\u017cem Solidarno\u015bci Walcz\u0105cej. W 2019 roku  na podstawie postanowienia Prezydenta RP \u2013 nr 488\/2019 &#8211;  nadano jej Krzy\u017c Wolno\u015bci i Solidarno\u015bci.<\/p>\n","protected":false},"excerpt":{"rendered":"<p>Urodzi\u0142 si\u0119 w 1959 roku w m. Pozna\u0144 W latach 1980 \u2013 1982 by\u0142a zaanga\u017cowana w niezale\u017cny ruch studencki. W ramach tej dzia\u0142alno\u015bci zajmowa\u0142a si\u0119 m.in. kolporta\u017cem wydawnictw niezale\u017cnych, a p\u00f3\u017aniej podziemnych. Kolportowa\u0142a m.in. czasopismo \u201eSolidarno\u015b\u0107 Walcz\u0105ca\u201d. W latach 1984 &#8211; 1985 kolportowa\u0142a, a od roku 1987 roku by\u0142a wsp\u00f3\u0142redaktork\u0105 \u201eHipolita\u201d \u2013 pisma wydawanego przez [&hellip;]<\/p>\n","protected":false},"featured_media":3222,"template":"","meta":[],"_links":{"self":[{"href":"http:\/\/ludzie.fundacja-pih.pl\/index.php\/wp-json\/wp\/v2\/product\/1944"}],"collection":[{"href":"http:\/\/ludzie.fundacja-pih.pl\/index.php\/wp-json\/wp\/v2\/product"}],"about":[{"href":"http:\/\/ludzie.fundacja-pih.pl\/index.php\/wp-json\/wp\/v2\/types\/product"}],"wp:featuredmedia":[{"embeddable":true,"href":"http:\/\/ludzie.fundacja-pih.pl\/index.php\/wp-json\/wp\/v2\/media\/3222"}],"wp:attachment":[{"href":"http:\/\/ludzie.fundacja-pih.pl\/index.php\/wp-json\/wp\/v2\/media?parent=1944"}],"curies":[{"name":"wp","href":"https:\/\/api.w.org\/{rel}","templated":true}]}}

Ruta-Solarska Elżbieta Maria

<p>Urodził się w 1959 roku w m. Poznań</p>
<p>W latach 1980 – 1982 była zaangażowana w niezależny ruch studencki. W ramach tej działalności zajmowała się m.in. kolportażem wydawnictw niezależnych, a później podziemnych. Kolportowała m.in. czasopismo „Solidarność Walcząca”. W latach 1984 &#8211; 1985 kolportowała, a od roku 1987 roku była współredaktorką „Hipolita” – pisma wydawanego przez NSZZ „Solidarność” HCP w Poznaniu. Była zatrzymywana w związku z kolportażem nielegalnych wydawnictw. Od 1985 roku należała do Duszpasterstwa Ludzi Pracy przy kościele Matki Boskiej Bolesnej w Poznaniu. Współorganizowała pomoc dla więźniów politycznych, osób represjonowanych i ich rodzin. Uczestniczyła w antyreżimowych manifestacjach i protestach. Od 1988 roku była członkiem Komitetu Okręgowego Polskiej Partii Socjalistycznej w Poznaniu, a od kwietnia 1989 roku także Rady Naczelnej PPS. W 1988 roku brała udział w Strajkowym Porozumieniu Grup Opozycyjnych w Poznaniu, które wydawało m.in. „Poznański Biuletyn Strajkowy”. Wspierała strajk w HCP. W latach 1987 – 1989 współorganizowała i uczestniczyła w protestach przeciwko budowie elektrowni atomowej w Klempiczu. W 2011 roku została odznaczona Krzyżem Solidarności Walczącej. W 2019 roku  na podstawie postanowienia Prezydenta RP – nr 488/2019 &#8211;  nadano jej Krzyż Wolności i Solidarności.</p>

<p>Urodził się w 1959 roku w m. Poznań W latach 1980 – 1982 była zaangażowana w niezależny ruch studencki. W ramach tej działalności zajmowała się m.in. kolportażem wydawnictw niezależnych, a później podziemnych. Kolportowała m.in. czasopismo „Solidarność Walcząca”. W latach 1984 &#8211; 1985 kolportowała, a od roku 1987 roku była współredaktorką „Hipolita” – pisma wydawanego przez [&hellip;]</p>
