{"id":1965,"date":"2021-02-15T08:53:32","date_gmt":"2021-02-15T08:53:32","guid":{"rendered":"http:\/\/ludzie.fundacja-pih.pl\/?post_type=product&#038;p=1965"},"modified":"2025-05-16T14:15:57","modified_gmt":"2025-05-16T14:15:57","slug":"lapa-miroslaw-jozef-kepno","status":"publish","type":"product","link":"http:\/\/ludzie.fundacja-pih.pl\/index.php\/product\/lapa-miroslaw-jozef-kepno\/","title":{"rendered":"\u0141apa Miros\u0142aw J\u00f3zef (K\u0119pno)"},"content":{"rendered":"<p>ur. w 1964 roku w m. K\u0119pno<\/p>\n<p>Odznaczenie KWiS zosta\u0142o nadane postanowieniem Prezydenta RP nr\u00a0275\/2020<\/p>\n<h3>Biogram<\/h3>\n<p>Pan Miros\u0142aw \u0141apa jako ucze\u0144 Liceum Mechanicznego w K\u0119pnie, pe\u0142ni\u0105cy funkcj\u0119 przewodnicz\u0105cego ko\u0142a Zwi\u0105zku M\u0142odzie\u017cy Demokratycznej, po og\u0142oszeniu stanu wojennego by\u0142 podejrzewany o wykonywanie i kolporta\u017c ulotek (20.121981 r. przeprowadzono z nim rozmow\u0119 profilaktyczno-ostrzegawcz\u0105). Od jesieni 1982 r. do marca 1984 r. w ramach k\u0119pi\u0144skiej grupy Solidarno\u015bci Walcz\u0105cej \u201eHarpun\u201d zajmowa\u0142 si\u0119 rozpowszechnianiem nielegalnych wydawnictw, broszur i ulotek, kt\u00f3re r\u00f3wnie\u017c osobi\u015bcie przywozi\u0142 z Wroc\u0142awia oraz ksi\u0105\u017cek wydawanych w drugim obiegu. 3.05.1983 r. i 11.11.1983 r. koordynowa\u0142 w K\u0119pnie du\u017ce akcje kolporta\u017cowe. W latach 1988\u20131989 w Krakowie drukowa\u0142 ulotki i rozprowadza\u0142 je w \u015brodowisku studenckim.<\/p>\n<h3>Biogram opracowano na podstawie:<\/h3>\n<p>materia\u0142\u00f3w archiwalnych Instytutu Pami\u0119ci Narodowej<\/p>\n<p>o\u015bwiadcze\u0144 \u015bwiadk\u00f3w<\/p>\n<p>publikacji:<\/p>\n<ul>\n<li><em> Kowalski, \u201eDzieje K\u0119pna. Od pocz\u0105tku istnienia do 2015 r.\u201d, K\u0119pno 2018<\/em><\/li>\n<li><em> Schlender, \u201eGrupa Harpun w K\u0119pnie\u201d [w] \u201eEncyklopedia Solidarno\u015bci. Opozycja w PRL 1976\u20131989\u201d, t. 1, Warszawa 2010;<\/em><\/li>\n<li><em> Schlender, \u201e\u00bbHarpun\u00ab &#8211; Solidarno\u015b\u0107 Walcz\u0105ca w K\u0119pnie\u201d, \u201eTygodnik K\u0119pi\u0144ski\u201d 2008, nr 50<\/em><\/li>\n<li><em> Schlender, \u201eNSZZ \u00bbSolidarno\u015b\u0107\u00ab w wojew\u00f3dztwie kaliskim w latach 1980-1990\u201d, Kalisz 2006<\/em><\/li>\n<li>&#8220;Miros\u0142aw \u0141apa\u201d [w:] S\u0142ownik \u201eNiezale\u017cni dla kultury 1976-1989\u201d http:\/\/www.slownik-niezaleznidlakultury.pl<\/li>\n<\/ul>\n","protected":false},"excerpt":{"rendered":"<p>ur. w 1964 roku w m. K\u0119pno Odznaczenie KWiS zosta\u0142o nadane postanowieniem Prezydenta RP nr\u00a0275\/2020 Biogram Pan Miros\u0142aw \u0141apa jako ucze\u0144 Liceum Mechanicznego w K\u0119pnie, pe\u0142ni\u0105cy funkcj\u0119 przewodnicz\u0105cego ko\u0142a Zwi\u0105zku M\u0142odzie\u017cy Demokratycznej, po og\u0142oszeniu stanu wojennego by\u0142 podejrzewany o wykonywanie i kolporta\u017c ulotek (20.121981 r. przeprowadzono z nim rozmow\u0119 profilaktyczno-ostrzegawcz\u0105). Od jesieni 1982 r. do [&hellip;]<\/p>\n","protected":false},"featured_media":1966,"template":"","meta":[],"_links":{"self":[{"href":"http:\/\/ludzie.fundacja-pih.pl\/index.php\/wp-json\/wp\/v2\/product\/1965"}],"collection":[{"href":"http:\/\/ludzie.fundacja-pih.pl\/index.php\/wp-json\/wp\/v2\/product"}],"about":[{"href":"http:\/\/ludzie.fundacja-pih.pl\/index.php\/wp-json\/wp\/v2\/types\/product"}],"wp:featuredmedia":[{"embeddable":true,"href":"http:\/\/ludzie.fundacja-pih.pl\/index.php\/wp-json\/wp\/v2\/media\/1966"}],"wp:attachment":[{"href":"http:\/\/ludzie.fundacja-pih.pl\/index.php\/wp-json\/wp\/v2\/media?parent=1965"}],"curies":[{"name":"wp","href":"https:\/\/api.w.org\/{rel}","templated":true}]}}

Łapa Mirosław Józef (Kępno)

<p>ur. w 1964 roku w m. Kępno</p>
<p>Odznaczenie KWiS zostało nadane postanowieniem Prezydenta RP nr 275/2020</p>
<h3>Biogram</h3>
<p>Pan Mirosław Łapa jako uczeń Liceum Mechanicznego w Kępnie, pełniący funkcję przewodniczącego koła Związku Młodzieży Demokratycznej, po ogłoszeniu stanu wojennego był podejrzewany o wykonywanie i kolportaż ulotek (20.121981 r. przeprowadzono z nim rozmowę profilaktyczno-ostrzegawczą). Od jesieni 1982 r. do marca 1984 r. w ramach kępińskiej grupy Solidarności Walczącej „Harpun” zajmował się rozpowszechnianiem nielegalnych wydawnictw, broszur i ulotek, które również osobiście przywoził z Wrocławia oraz książek wydawanych w drugim obiegu. 3.05.1983 r. i 11.11.1983 r. koordynował w Kępnie duże akcje kolportażowe. W latach 1988–1989 w Krakowie drukował ulotki i rozprowadzał je w środowisku studenckim.</p>
<h3>Biogram opracowano na podstawie:</h3>
<p>materiałów archiwalnych Instytutu Pamięci Narodowej</p>
<p>oświadczeń świadków</p>
<p>publikacji:</p>
<ul>
<li><em> Kowalski, „Dzieje Kępna. Od początku istnienia do 2015 r.”, Kępno 2018</em></li>
<li><em> Schlender, „Grupa Harpun w Kępnie” [w] „Encyklopedia Solidarności. Opozycja w PRL 1976–1989”, t. 1, Warszawa 2010;</em></li>
<li><em> Schlender, „»Harpun« &#8211; Solidarność Walcząca w Kępnie”, „Tygodnik Kępiński” 2008, nr 50</em></li>
<li><em> Schlender, „NSZZ »Solidarność« w województwie kaliskim w latach 1980-1990”, Kalisz 2006</em></li>
<li>&#8220;Mirosław Łapa” [w:] Słownik „Niezależni dla kultury 1976-1989” http://www.slownik-niezaleznidlakultury.pl</li>
</ul>

<p>ur. w 1964 roku w m. Kępno Odznaczenie KWiS zostało nadane postanowieniem Prezydenta RP nr 275/2020 Biogram Pan Mirosław Łapa jako uczeń Liceum Mechanicznego w Kępnie, pełniący funkcję przewodniczącego koła Związku Młodzieży Demokratycznej, po ogłoszeniu stanu wojennego był podejrzewany o wykonywanie i kolportaż ulotek (20.121981 r. przeprowadzono z nim rozmowę profilaktyczno-ostrzegawczą). Od jesieni 1982 r. do [&hellip;]</p>
