{"id":1991,"date":"2021-02-15T09:22:01","date_gmt":"2021-02-15T09:22:01","guid":{"rendered":"http:\/\/ludzie.fundacja-pih.pl\/?post_type=product&#038;p=1991"},"modified":"2025-05-16T14:16:05","modified_gmt":"2025-05-16T14:16:05","slug":"lyjak-albert","status":"publish","type":"product","link":"http:\/\/ludzie.fundacja-pih.pl\/index.php\/product\/lyjak-albert\/","title":{"rendered":"\u0141yjak Albert"},"content":{"rendered":"<p>Urodzi\u0142 si\u0119 20 stycznia 1960 roku we Wroc\u0142awiu.<\/p>\n<p>Uko\u0144czy\u0142 wroc\u0142awskie Technikum Chemiczne. By\u0142 cz\u0142onkiem NSZZ \u201eSolidarno\u015b\u0107\u201d we wroc\u0142awskich zak\u0142adach Polaru. Po wprowadzeniu stanu wojennego, 13 grudnia 1981 roku, Alberta \u0141yjaka internowano i osadzono w O\u015brodku Odosobnienia w Nysie. Przebywa\u0142 tam do marca 1982 roku. Wkr\u00f3tce zasili\u0142 szeregi \u201eSolidarno\u015bci Walcz\u0105cej\u201d. W ramach dzia\u0142alno\u015bci w strukturach SW zajmowa\u0142 si\u0119 drukiem i kolporta\u017cem. By\u0142 wsp\u00f3\u0142pracownikiem Barbary Sarapuk zwanej \u201ekr\u00f3low\u0105 podziemnego druku\u201d. Jesieni\u0105 1982 roku zosta\u0142 powo\u0142any do wojska, do karnej kompanii. Po zako\u0144czeniu s\u0142u\u017cby wr\u00f3ci\u0142 do dzia\u0142alno\u015bci w SW. Nadal zajmowa\u0142 si\u0119 drukiem, zak\u0142ada\u0142 nowe podziemne drukarnie, szkoli\u0142 tak\u017ce drukarzy. W 1989 roku by\u0142 przeciwnikiem porozumie\u0144 Okr\u0105g\u0142ego Sto\u0142u. Po przemianach w Polsce wycofa\u0142 si\u0119 z \u017cycia spo\u0142eczno-politycznego. W 2011 roku wr\u00f3ci\u0142 do \u015brodowiska dawnej \u201eSolidarno\u015bci Walcz\u0105cej\u201d i wszed\u0142 w sk\u0142ad redakcji \u201eGazety Obywatelskiej\u201d.<\/p>\n","protected":false},"excerpt":{"rendered":"<p>Urodzi\u0142 si\u0119 20 stycznia 1960 roku we Wroc\u0142awiu. Uko\u0144czy\u0142 wroc\u0142awskie Technikum Chemiczne. By\u0142 cz\u0142onkiem NSZZ \u201eSolidarno\u015b\u0107\u201d we wroc\u0142awskich zak\u0142adach Polaru. Po wprowadzeniu stanu wojennego, 13 grudnia 1981 roku, Alberta \u0141yjaka internowano i osadzono w O\u015brodku Odosobnienia w Nysie. Przebywa\u0142 tam do marca 1982 roku. Wkr\u00f3tce zasili\u0142 szeregi \u201eSolidarno\u015bci Walcz\u0105cej\u201d. W ramach dzia\u0142alno\u015bci w strukturach SW [&hellip;]<\/p>\n","protected":false},"featured_media":3656,"template":"","meta":[],"_links":{"self":[{"href":"http:\/\/ludzie.fundacja-pih.pl\/index.php\/wp-json\/wp\/v2\/product\/1991"}],"collection":[{"href":"http:\/\/ludzie.fundacja-pih.pl\/index.php\/wp-json\/wp\/v2\/product"}],"about":[{"href":"http:\/\/ludzie.fundacja-pih.pl\/index.php\/wp-json\/wp\/v2\/types\/product"}],"wp:featuredmedia":[{"embeddable":true,"href":"http:\/\/ludzie.fundacja-pih.pl\/index.php\/wp-json\/wp\/v2\/media\/3656"}],"wp:attachment":[{"href":"http:\/\/ludzie.fundacja-pih.pl\/index.php\/wp-json\/wp\/v2\/media?parent=1991"}],"curies":[{"name":"wp","href":"https:\/\/api.w.org\/{rel}","templated":true}]}}