{"id":1999,"date":"2021-02-15T18:44:17","date_gmt":"2021-02-15T18:44:17","guid":{"rendered":"http:\/\/ludzie.fundacja-pih.pl\/?post_type=product&#038;p=1999"},"modified":"2025-05-16T14:16:06","modified_gmt":"2025-05-16T14:16:06","slug":"nejman-jerzy-jan","status":"publish","type":"product","link":"http:\/\/ludzie.fundacja-pih.pl\/index.php\/product\/nejman-jerzy-jan\/","title":{"rendered":"Nejman Jerzy Jan"},"content":{"rendered":"<p>Urodzi\u0142 si\u0119 w 1950 roku w m. Kamocka Wola<\/p>\n<p>We wrze\u015bniu 1980 roku wsp\u00f3\u0142tworzy\u0142 struktury NSZZ \u201eSolidarno\u015b\u0107\u201d w \u0142\u00f3dzkim oddziale Powszechnego Zak\u0142adu Ubezpiecze\u0144, gdzie przewodniczy\u0142 Komitetowi Za\u0142o\u017cycielskiemu, a nast\u0119pnie Komisji Zak\u0142adowej. W latach 1982 &#8211; 1988 dzia\u0142a\u0142 w Mi\u0119dzyzak\u0142adowej Komisji Koordynacyjnej \u201eSolidarno\u015b\u0107\u201d. W 1985 roku podj\u0105\u0142 wsp\u00f3\u0142prac\u0119 z \u0142\u00f3dzkim oddzia\u0142em \u201eSolidarno\u015bci Walcz\u0105cej\u201d. By\u0142 jej zaprzysi\u0119\u017conym cz\u0142onkiem. Do 1989 roku, w swoim mieszkaniu  prowadzi\u0142, wsp\u00f3lnie z \u017con\u0105 Kristin\u0105, najwi\u0119kszy w \u0141odzi punkt kolporta\u017cowy MKK i SW. Za jego po\u015brednictwem, do zak\u0142ad\u00f3w pracy w \u0141odzi, \u0141asku, Zdu\u0144skiej Woli, Pabianicach i Tomaszowie Mazowieckim trafia\u0142y m.in. publikacje wydawnictw Kr\u0105g, NOWa, CDN oraz pisma podziemne takie jak: \u201eTygodnik Mazowsze\u201d, \u201eBiuletyn \u0141\u00f3dzki\u201d, \u201eGotowo\u015b\u0107 \u00bbSolidarno\u015bci\u00ab\u201d, \u201eSolidarno\u015b\u0107 Walcz\u0105ca\u201d, \u201eJedno\u015b\u0107\u201d, \u201eGoniec Ma\u0142opolski\u201d, paryska \u201eKultura\u201d, \u201eKonfrontacje\u201d, \u201ePrzegl\u0105d Wiadomo\u015bci Agencyjnych\u201d, \u201eWolno\u015b\u0107\u201d. Mieszkanie Jerzego Jana i Kristiny Nejman\u00f3w by\u0142o miejscem konspiracyjnych spotka\u0144 dzia\u0142aczy MKK i SW, pe\u0142ni\u0142o r\u00f3wnie\u017c funkcj\u0119 tzw. punktu kontaktowego struktur \u201eSolidarno\u015bci Walcz\u0105cej\u201d z oddzia\u0142\u00f3w na ca\u0142ym obszarze kraju. W roku 2020 na podstawie postanowienia Prezydenta RP \u2013 nr 209\/2020 &#8211; nadano mu Krzy\u017c Wolno\u015bci i Solidarno\u015bci. <\/p>\n","protected":false},"excerpt":{"rendered":"<p>Urodzi\u0142 si\u0119 w 1950 roku w m. Kamocka Wola We wrze\u015bniu 1980 roku wsp\u00f3\u0142tworzy\u0142 struktury NSZZ \u201eSolidarno\u015b\u0107\u201d w \u0142\u00f3dzkim oddziale Powszechnego Zak\u0142adu Ubezpiecze\u0144, gdzie przewodniczy\u0142 Komitetowi Za\u0142o\u017cycielskiemu, a nast\u0119pnie Komisji Zak\u0142adowej. W latach 1982 &#8211; 1988 dzia\u0142a\u0142 w Mi\u0119dzyzak\u0142adowej Komisji Koordynacyjnej \u201eSolidarno\u015b\u0107\u201d. W 1985 roku podj\u0105\u0142 wsp\u00f3\u0142prac\u0119 z \u0142\u00f3dzkim oddzia\u0142em \u201eSolidarno\u015bci Walcz\u0105cej\u201d. By\u0142 jej zaprzysi\u0119\u017conym [&hellip;]<\/p>\n","protected":false},"featured_media":2000,"template":"","meta":[],"_links":{"self":[{"href":"http:\/\/ludzie.fundacja-pih.pl\/index.php\/wp-json\/wp\/v2\/product\/1999"}],"collection":[{"href":"http:\/\/ludzie.fundacja-pih.pl\/index.php\/wp-json\/wp\/v2\/product"}],"about":[{"href":"http:\/\/ludzie.fundacja-pih.pl\/index.php\/wp-json\/wp\/v2\/types\/product"}],"wp:featuredmedia":[{"embeddable":true,"href":"http:\/\/ludzie.fundacja-pih.pl\/index.php\/wp-json\/wp\/v2\/media\/2000"}],"wp:attachment":[{"href":"http:\/\/ludzie.fundacja-pih.pl\/index.php\/wp-json\/wp\/v2\/media?parent=1999"}],"curies":[{"name":"wp","href":"https:\/\/api.w.org\/{rel}","templated":true}]}}