{"id":2012,"date":"2021-02-16T08:05:05","date_gmt":"2021-02-16T08:05:05","guid":{"rendered":"http:\/\/ludzie.fundacja-pih.pl\/?post_type=product&#038;p=2012"},"modified":"2025-05-16T14:16:10","modified_gmt":"2025-05-16T14:16:10","slug":"olszewski-krzysztof","status":"publish","type":"product","link":"http:\/\/ludzie.fundacja-pih.pl\/index.php\/product\/olszewski-krzysztof\/","title":{"rendered":"Olszewski Krzysztof"},"content":{"rendered":"<p>Urodzi\u0142 si\u0119 4 lutego 1961 roku w \u015awieciu.<\/p>\n<p>W latach 1980 &#8211; 1981, jako student Wy\u017cszej Szko\u0142y Morskiej w Gdyni, dzia\u0142a\u0142 w istniej\u0105cym na tej uczelni Niezale\u017cnym Zrzeszeniu Student\u00f3w. Jego dzia\u0142alno\u015b\u0107 w tym okresie koncentrowa\u0142a si\u0119 na druku i kolporta\u017cu Biuletynu NZS WSM pn. \u201eLatarnia\u201d. Po wprowadzeniu stanu wojennego zosta\u0142 relegowany z uczelni. W 1982 roku nawi\u0105za\u0142 kontakt z Bogdanem Borusewiczem i rozpocz\u0105\u0142 dzia\u0142alno\u015b\u0107 w ramach Regionalnej Komisji Koordynacyjnej \u201eSolidarno\u015bci\u201d. W 1984 roku zorganizowa\u0142 podziemn\u0105 drukarni\u0119, kt\u00f3ra p\u00f3\u017aniej przekszta\u0142ci\u0142a si\u0119 w niezale\u017cne wydawnictwo Oficyna \u201eKszta\u0142t\u201d. Poza wydawnictwami historycznymi w drukarni prowadzonej przez Krzysztofa Olszewskiego, powstawa\u0142y egzemplarze r\u00f3\u017cnych biuletyn\u00f3w opozycyjnych, m.in. \u201ePortowca\u201d, \u201eTygodnika Solidarno\u015b\u0107\u201d czy \u201eTygodnika Mazowsze\u201d oraz wydawnictwa dla gda\u0144skiego oddzia\u0142u \u201eSolidarno\u015bci Walcz\u0105cej\u201d i RKK.<\/p>\n","protected":false},"excerpt":{"rendered":"<p>Urodzi\u0142 si\u0119 4 lutego 1961 roku w \u015awieciu. W latach 1980 &#8211; 1981, jako student Wy\u017cszej Szko\u0142y Morskiej w Gdyni, dzia\u0142a\u0142 w istniej\u0105cym na tej uczelni Niezale\u017cnym Zrzeszeniu Student\u00f3w. Jego dzia\u0142alno\u015b\u0107 w tym okresie koncentrowa\u0142a si\u0119 na druku i kolporta\u017cu Biuletynu NZS WSM pn. \u201eLatarnia\u201d. Po wprowadzeniu stanu wojennego zosta\u0142 relegowany z uczelni. W 1982 [&hellip;]<\/p>\n","protected":false},"featured_media":2013,"template":"","meta":[],"_links":{"self":[{"href":"http:\/\/ludzie.fundacja-pih.pl\/index.php\/wp-json\/wp\/v2\/product\/2012"}],"collection":[{"href":"http:\/\/ludzie.fundacja-pih.pl\/index.php\/wp-json\/wp\/v2\/product"}],"about":[{"href":"http:\/\/ludzie.fundacja-pih.pl\/index.php\/wp-json\/wp\/v2\/types\/product"}],"wp:featuredmedia":[{"embeddable":true,"href":"http:\/\/ludzie.fundacja-pih.pl\/index.php\/wp-json\/wp\/v2\/media\/2013"}],"wp:attachment":[{"href":"http:\/\/ludzie.fundacja-pih.pl\/index.php\/wp-json\/wp\/v2\/media?parent=2012"}],"curies":[{"name":"wp","href":"https:\/\/api.w.org\/{rel}","templated":true}]}}

<p>Urodził się 4 lutego 1961 roku w Świeciu.</p>
<p>W latach 1980 &#8211; 1981, jako student Wyższej Szkoły Morskiej w Gdyni, działał w istniejącym na tej uczelni Niezależnym Zrzeszeniu Studentów. Jego działalność w tym okresie koncentrowała się na druku i kolportażu Biuletynu NZS WSM pn. „Latarnia”. Po wprowadzeniu stanu wojennego został relegowany z uczelni. W 1982 roku nawiązał kontakt z Bogdanem Borusewiczem i rozpoczął działalność w ramach Regionalnej Komisji Koordynacyjnej „Solidarności”. W 1984 roku zorganizował podziemną drukarnię, która później przekształciła się w niezależne wydawnictwo Oficyna „Kształt”. Poza wydawnictwami historycznymi w drukarni prowadzonej przez Krzysztofa Olszewskiego, powstawały egzemplarze różnych biuletynów opozycyjnych, m.in. „Portowca”, „Tygodnika Solidarność” czy „Tygodnika Mazowsze” oraz wydawnictwa dla gdańskiego oddziału „Solidarności Walczącej” i RKK.</p>

<p>Urodził się 4 lutego 1961 roku w Świeciu. W latach 1980 &#8211; 1981, jako student Wyższej Szkoły Morskiej w Gdyni, działał w istniejącym na tej uczelni Niezależnym Zrzeszeniu Studentów. Jego działalność w tym okresie koncentrowała się na druku i kolportażu Biuletynu NZS WSM pn. „Latarnia”. Po wprowadzeniu stanu wojennego został relegowany z uczelni. W 1982 [&hellip;]</p>
