{"id":2034,"date":"2021-02-22T08:00:41","date_gmt":"2021-02-22T08:00:41","guid":{"rendered":"http:\/\/ludzie.fundacja-pih.pl\/?post_type=product&#038;p=2034"},"modified":"2025-05-16T14:16:14","modified_gmt":"2025-05-16T14:16:14","slug":"popiel-magdalena-maria","status":"publish","type":"product","link":"http:\/\/ludzie.fundacja-pih.pl\/index.php\/product\/popiel-magdalena-maria\/","title":{"rendered":"Popiel Magdalena Maria"},"content":{"rendered":"<p>Urodzi\u0142a si\u0119 w 1968 roku w m. Warszawa<\/p>\n<p>W latach 1984 &#8211; 1989 nale\u017ca\u0142a do Ruchu M\u0142odzie\u017cy Niezale\u017cnej w Gorzowie Wielkopolskim. W ramach RMN by\u0142a zaanga\u017cowana w kolporta\u017c prasy podziemnej w tym m.in. tytu\u0142\u00f3w takich jak: \u201eFeniks\u201d, \u201eSzaniec\u201d, a tak\u017ce wydawnictw tzw. drugiego obiegu na terenie Gorzowa Wielkopolskiego, a p\u00f3\u017aniej na pozna\u0144skich uczelniach. By\u0142a \u0142\u0105czniczk\u0105 mi\u0119dzy strukturami gorzowskimi i pozna\u0144skimi Ruchu M\u0142odzie\u017cy Niezale\u017cnej i innych \u015brodowisk opozycyjnych takich jak \u201eSolidarno\u015b\u0107 Walcz\u0105ca\u201d czy pozna\u0144skie \u015brodowisko G\u0142osu SKOS-\u00f3w. Jako kurier zajmowa\u0142a si\u0119 przewo\u017ceniem antykomunistycznej prasy i wydawnictw podziemnych na trasie Gorz\u00f3w-Pozna\u0144 oraz Pozna\u0144-Warszawa. W 1988 roku b\u0119d\u0105c studentk\u0105 Uniwersytetu Adama Mickiewicza w Poznaniu, aktywnie w\u0142\u0105czy\u0142a si\u0119 w dzia\u0142alno\u015b\u0107 odradzaj\u0105cego si\u0119 w tamtym czasie Niezale\u017cnego Zrzeszenia Student\u00f3w. W roku 2019 na podstawie postanowienia Prezydenta RP \u2013 nr 203\/2019 &#8211; nadano mu Krzy\u017c Wolno\u015bci i Solidarno\u015bci. <\/p>\n","protected":false},"excerpt":{"rendered":"<p>Urodzi\u0142a si\u0119 w 1968 roku w m. Warszawa W latach 1984 &#8211; 1989 nale\u017ca\u0142a do Ruchu M\u0142odzie\u017cy Niezale\u017cnej w Gorzowie Wielkopolskim. W ramach RMN by\u0142a zaanga\u017cowana w kolporta\u017c prasy podziemnej w tym m.in. tytu\u0142\u00f3w takich jak: \u201eFeniks\u201d, \u201eSzaniec\u201d, a tak\u017ce wydawnictw tzw. drugiego obiegu na terenie Gorzowa Wielkopolskiego, a p\u00f3\u017aniej na pozna\u0144skich uczelniach. By\u0142a \u0142\u0105czniczk\u0105 [&hellip;]<\/p>\n","protected":false},"featured_media":906,"template":"","meta":[],"_links":{"self":[{"href":"http:\/\/ludzie.fundacja-pih.pl\/index.php\/wp-json\/wp\/v2\/product\/2034"}],"collection":[{"href":"http:\/\/ludzie.fundacja-pih.pl\/index.php\/wp-json\/wp\/v2\/product"}],"about":[{"href":"http:\/\/ludzie.fundacja-pih.pl\/index.php\/wp-json\/wp\/v2\/types\/product"}],"wp:featuredmedia":[{"embeddable":true,"href":"http:\/\/ludzie.fundacja-pih.pl\/index.php\/wp-json\/wp\/v2\/media\/906"}],"wp:attachment":[{"href":"http:\/\/ludzie.fundacja-pih.pl\/index.php\/wp-json\/wp\/v2\/media?parent=2034"}],"curies":[{"name":"wp","href":"https:\/\/api.w.org\/{rel}","templated":true}]}}

<p>Urodziła się w 1968 roku w m. Warszawa</p>
<p>W latach 1984 &#8211; 1989 należała do Ruchu Młodzieży Niezależnej w Gorzowie Wielkopolskim. W ramach RMN była zaangażowana w kolportaż prasy podziemnej w tym m.in. tytułów takich jak: „Feniks”, „Szaniec”, a także wydawnictw tzw. drugiego obiegu na terenie Gorzowa Wielkopolskiego, a później na poznańskich uczelniach. Była łączniczką między strukturami gorzowskimi i poznańskimi Ruchu Młodzieży Niezależnej i innych środowisk opozycyjnych takich jak „Solidarność Walcząca” czy poznańskie środowisko Głosu SKOS-ów. Jako kurier zajmowała się przewożeniem antykomunistycznej prasy i wydawnictw podziemnych na trasie Gorzów-Poznań oraz Poznań-Warszawa. W 1988 roku będąc studentką Uniwersytetu Adama Mickiewicza w Poznaniu, aktywnie włączyła się w działalność odradzającego się w tamtym czasie Niezależnego Zrzeszenia Studentów. W roku 2019 na podstawie postanowienia Prezydenta RP – nr 203/2019 &#8211; nadano mu Krzyż Wolności i Solidarności. </p>

<p>Urodziła się w 1968 roku w m. Warszawa W latach 1984 &#8211; 1989 należała do Ruchu Młodzieży Niezależnej w Gorzowie Wielkopolskim. W ramach RMN była zaangażowana w kolportaż prasy podziemnej w tym m.in. tytułów takich jak: „Feniks”, „Szaniec”, a także wydawnictw tzw. drugiego obiegu na terenie Gorzowa Wielkopolskiego, a później na poznańskich uczelniach. Była łączniczką [&hellip;]</p>
