{"id":2049,"date":"2021-03-16T12:49:38","date_gmt":"2021-03-16T12:49:38","guid":{"rendered":"http:\/\/ludzie.fundacja-pih.pl\/?post_type=product&#038;p=2049"},"modified":"2025-05-16T14:16:19","modified_gmt":"2025-05-16T14:16:19","slug":"kozuch-ryszard","status":"publish","type":"product","link":"http:\/\/ludzie.fundacja-pih.pl\/index.php\/product\/kozuch-ryszard\/","title":{"rendered":"Ko\u017cuch Ryszard"},"content":{"rendered":"<p>Urodzi\u0142 si\u0119 w 1936 roku w J\u00f3zef\u00f3wce.<\/p>\n<p>Dzia\u0142a\u0142 pod pseudonimami \u201eI 23\u201d oraz \u201eKloss\u201d. By\u0142 zaanga\u017cowany w tworzenie struktur \u201eSolidarno\u015bci\u201d w \u015brodowisku wroc\u0142awskich architekt\u00f3w. Po wprowadzeniu stanu wojennego, dzia\u0142a\u0142 w strukturach kolporta\u017cowych podziemnego czasopisma \u201eZ Dnia na Dzie\u0144\u201d. Pomaga\u0142 finansowo, przekazywa\u0142 informacje. Od po\u0142owy 1982 roku, \u015bci\u015ble wsp\u00f3\u0142pracowa\u0142 z \u201eSolidarno\u015bci\u0105 Walcz\u0105c\u0105\u201d, zw\u0142aszcza z grup\u0105 Zofii Maciejewskiej. W 1984 roku zosta\u0142 aresztowany. Po wyj\u015bciu na wolno\u015b\u0107 wr\u00f3ci\u0142 do aktywnej dzia\u0142alno\u015bci konspiracyjnej. Zosta\u0142 cz\u0142onkiem \u201eSolidarno\u015bci Walcz\u0105cej\u201d. By\u0142 rozpracowywany przez SB w operacji o kryptonimie \u201eKu\u0142ag-Pacierz\u201d.<\/p>\n","protected":false},"excerpt":{"rendered":"<p>Urodzi\u0142 si\u0119 w 1936 roku w J\u00f3zef\u00f3wce. Dzia\u0142a\u0142 pod pseudonimami \u201eI 23\u201d oraz \u201eKloss\u201d. By\u0142 zaanga\u017cowany w tworzenie struktur \u201eSolidarno\u015bci\u201d w \u015brodowisku wroc\u0142awskich architekt\u00f3w. Po wprowadzeniu stanu wojennego, dzia\u0142a\u0142 w strukturach kolporta\u017cowych podziemnego czasopisma \u201eZ Dnia na Dzie\u0144\u201d. Pomaga\u0142 finansowo, przekazywa\u0142 informacje. Od po\u0142owy 1982 roku, \u015bci\u015ble wsp\u00f3\u0142pracowa\u0142 z \u201eSolidarno\u015bci\u0105 Walcz\u0105c\u0105\u201d, zw\u0142aszcza z grup\u0105 Zofii [&hellip;]<\/p>\n","protected":false},"featured_media":2760,"template":"","meta":[],"_links":{"self":[{"href":"http:\/\/ludzie.fundacja-pih.pl\/index.php\/wp-json\/wp\/v2\/product\/2049"}],"collection":[{"href":"http:\/\/ludzie.fundacja-pih.pl\/index.php\/wp-json\/wp\/v2\/product"}],"about":[{"href":"http:\/\/ludzie.fundacja-pih.pl\/index.php\/wp-json\/wp\/v2\/types\/product"}],"wp:featuredmedia":[{"embeddable":true,"href":"http:\/\/ludzie.fundacja-pih.pl\/index.php\/wp-json\/wp\/v2\/media\/2760"}],"wp:attachment":[{"href":"http:\/\/ludzie.fundacja-pih.pl\/index.php\/wp-json\/wp\/v2\/media?parent=2049"}],"curies":[{"name":"wp","href":"https:\/\/api.w.org\/{rel}","templated":true}]}}

Kożuch Ryszard

<p>Urodził się w 1936 roku w Józefówce.</p>
<p>Działał pod pseudonimami „I 23” oraz „Kloss”. Był zaangażowany w tworzenie struktur „Solidarności” w środowisku wrocławskich architektów. Po wprowadzeniu stanu wojennego, działał w strukturach kolportażowych podziemnego czasopisma „Z Dnia na Dzień”. Pomagał finansowo, przekazywał informacje. Od połowy 1982 roku, ściśle współpracował z „Solidarnością Walczącą”, zwłaszcza z grupą Zofii Maciejewskiej. W 1984 roku został aresztowany. Po wyjściu na wolność wrócił do aktywnej działalności konspiracyjnej. Został członkiem „Solidarności Walczącej”. Był rozpracowywany przez SB w operacji o kryptonimie „Kułag-Pacierz”.</p>

<p>Urodził się w 1936 roku w Józefówce. Działał pod pseudonimami „I 23” oraz „Kloss”. Był zaangażowany w tworzenie struktur „Solidarności” w środowisku wrocławskich architektów. Po wprowadzeniu stanu wojennego, działał w strukturach kolportażowych podziemnego czasopisma „Z Dnia na Dzień”. Pomagał finansowo, przekazywał informacje. Od połowy 1982 roku, ściśle współpracował z „Solidarnością Walczącą”, zwłaszcza z grupą Zofii [&hellip;]</p>
