{"id":2050,"date":"2021-03-16T12:52:50","date_gmt":"2021-03-16T12:52:50","guid":{"rendered":"http:\/\/ludzie.fundacja-pih.pl\/?post_type=product&#038;p=2050"},"modified":"2025-05-16T14:16:20","modified_gmt":"2025-05-16T14:16:20","slug":"kondratowicz-iwona","status":"publish","type":"product","link":"http:\/\/ludzie.fundacja-pih.pl\/index.php\/product\/kondratowicz-iwona\/","title":{"rendered":"Kondratowicz Iwona"},"content":{"rendered":"<p>Urodzi\u0142 si\u0119 15 stycznia 1965 roku we Wroc\u0142awiu.<\/p>\n<p>W 1980 roku &#8211; jako pracownik m\u0142odociany, uczennica przyzak\u0142adowej szko\u0142y zawodowej &#8211; wst\u0105pi\u0142a do Niezale\u017cnego Samorz\u0105dnego Zwi\u0105zku Zawodowego \u201eSolidarno\u015b\u0107\u201d. W czerwcu 1982 roku zosta\u0142a cz\u0142onkiem \u201eSolidarno\u015bci Walcz\u0105cej\u201d i przesz\u0142a tajne szkolenie w zakresie ma\u0142ej poligrafii. Pracowa\u0142a jako drukarz podziemnych wydawnictw. Jednocze\u015bnie kolportowa\u0142a ulotki i niezale\u017cne pisma w tym m.in. \u201eZ Dnia na Dzie\u0144\u201d, \u201eBiuletyn Dolno\u015bl\u0105ski\u201d. Drukowala i kolportowala pismo \u201eSolidarno\u015b\u0107 Walcz\u0105ca\u201d. Bra\u0142a udzia\u0142 w wi\u0119kszo\u015bci wroc\u0142awskich protest\u00f3w ulicznych, dwukrotnie by\u0142a zatrzymywana na 48 godzin i przes\u0142uchiwana. Uczestniczy\u0142a w 24-godzinnej g\u0142od\u00f3wce w ko\u015bciele \u015bw. Klemensa Dworzaka we Wroc\u0142awiu. W 1985 roku wzi\u0119\u0142a udzia\u0142  w rotacyjnej g\u0142od\u00f3wce w Ko\u015bciele Narodzenia Naj\u015bwi\u0119tszej Marii Panny w Krakowie-Bie\u017canowie. Po 1990 roku by\u0142a cz\u0142onkiem Partii Wolno\u015bci, wzi\u0119\u0142a tak\u017ce udzia\u0142 we wszystkich kampaniach wyborczych Kornela Morawieckiego. Iwona Kondratowicz zosta\u0142a odznaczona:<br \/>\nKrzy\u017cem Solidarno\u015bci Walcz\u0105cej, Krzy\u017cem Wolno\u015bci i Solidarno\u015bci (nr 280\/2016), Krzy\u017cem Honorowym Os\u00f3b Internetowych i Wi\u0119\u017ani\u00f3w Politycznych, Krzy\u017cem Semper Fidelis, Z\u0142otym Krzy\u017cem Zas\u0142ugi,<br \/>\nKrzy\u017cem Za Zas\u0142ugi dla Niepodleg\u0142o\u015bci oraz Medalem \u201eNiez\u0142omni\u201d.<\/p>\n","protected":false},"excerpt":{"rendered":"<p>Urodzi\u0142 si\u0119 15 stycznia 1965 roku we Wroc\u0142awiu. W 1980 roku &#8211; jako pracownik m\u0142odociany, uczennica przyzak\u0142adowej szko\u0142y zawodowej &#8211; wst\u0105pi\u0142a do Niezale\u017cnego Samorz\u0105dnego Zwi\u0105zku Zawodowego \u201eSolidarno\u015b\u0107\u201d. W czerwcu 1982 roku zosta\u0142a cz\u0142onkiem \u201eSolidarno\u015bci Walcz\u0105cej\u201d i przesz\u0142a tajne szkolenie w zakresie ma\u0142ej poligrafii. Pracowa\u0142a jako drukarz podziemnych wydawnictw. Jednocze\u015bnie kolportowa\u0142a ulotki i niezale\u017cne pisma w [&hellip;]<\/p>\n","protected":false},"featured_media":2747,"template":"","meta":[],"_links":{"self":[{"href":"http:\/\/ludzie.fundacja-pih.pl\/index.php\/wp-json\/wp\/v2\/product\/2050"}],"collection":[{"href":"http:\/\/ludzie.fundacja-pih.pl\/index.php\/wp-json\/wp\/v2\/product"}],"about":[{"href":"http:\/\/ludzie.fundacja-pih.pl\/index.php\/wp-json\/wp\/v2\/types\/product"}],"wp:featuredmedia":[{"embeddable":true,"href":"http:\/\/ludzie.fundacja-pih.pl\/index.php\/wp-json\/wp\/v2\/media\/2747"}],"wp:attachment":[{"href":"http:\/\/ludzie.fundacja-pih.pl\/index.php\/wp-json\/wp\/v2\/media?parent=2050"}],"curies":[{"name":"wp","href":"https:\/\/api.w.org\/{rel}","templated":true}]}}

<p>Urodził się 15 stycznia 1965 roku we Wrocławiu.</p>
<p>W 1980 roku &#8211; jako pracownik młodociany, uczennica przyzakładowej szkoły zawodowej &#8211; wstąpiła do Niezależnego Samorządnego Związku Zawodowego „Solidarność”. W czerwcu 1982 roku została członkiem „Solidarności Walczącej” i przeszła tajne szkolenie w zakresie małej poligrafii. Pracowała jako drukarz podziemnych wydawnictw. Jednocześnie kolportowała ulotki i niezależne pisma w tym m.in. „Z Dnia na Dzień”, „Biuletyn Dolnośląski”. Drukowala i kolportowala pismo „Solidarność Walcząca”. Brała udział w większości wrocławskich protestów ulicznych, dwukrotnie była zatrzymywana na 48 godzin i przesłuchiwana. Uczestniczyła w 24-godzinnej głodówce w kościele św. Klemensa Dworzaka we Wrocławiu. W 1985 roku wzięła udział  w rotacyjnej głodówce w Kościele Narodzenia Najświętszej Marii Panny w Krakowie-Bieżanowie. Po 1990 roku była członkiem Partii Wolności, wzięła także udział we wszystkich kampaniach wyborczych Kornela Morawieckiego. Iwona Kondratowicz została odznaczona:<br />
Krzyżem Solidarności Walczącej, Krzyżem Wolności i Solidarności (nr 280/2016), Krzyżem Honorowym Osób Internetowych i Więźniów Politycznych, Krzyżem Semper Fidelis, Złotym Krzyżem Zasługi,<br />
Krzyżem Za Zasługi dla Niepodległości oraz Medalem „Niezłomni”.</p>

<p>Urodził się 15 stycznia 1965 roku we Wrocławiu. W 1980 roku &#8211; jako pracownik młodociany, uczennica przyzakładowej szkoły zawodowej &#8211; wstąpiła do Niezależnego Samorządnego Związku Zawodowego „Solidarność”. W czerwcu 1982 roku została członkiem „Solidarności Walczącej” i przeszła tajne szkolenie w zakresie małej poligrafii. Pracowała jako drukarz podziemnych wydawnictw. Jednocześnie kolportowała ulotki i niezależne pisma w [&hellip;]</p>
