{"id":2051,"date":"2021-03-16T12:54:16","date_gmt":"2021-03-16T12:54:16","guid":{"rendered":"http:\/\/ludzie.fundacja-pih.pl\/?post_type=product&#038;p=2051"},"modified":"2025-05-16T14:16:20","modified_gmt":"2025-05-16T14:16:20","slug":"wawrzen-janina","status":"publish","type":"product","link":"http:\/\/ludzie.fundacja-pih.pl\/index.php\/product\/wawrzen-janina\/","title":{"rendered":"Wawrze\u0144 Janina"},"content":{"rendered":"<p>Urodzi\u0142a si\u0119 w 1928 r. we Lwowie<\/p>\n<p>Wsp\u00f3lnie z synem Andrzejem, udost\u0119pnia\u0142a mieszkanie do dzia\u0142alno\u015bci konspiracyjnej. Pe\u0142ni\u0142o ono funkcj\u0119 tzw. punktu kontaktowego i kolporta\u017cowego. Janina Wawrze\u0144 by\u0142a zaanga\u017cowana w druk i sk\u0142adanie gazetki zak\u0142adowej, a tak\u017ce wydawnictw zwi\u0105zkowych takich jak: \u201eZ Dnia na Dzie\u0144\u201d i \u201eSolidarno\u015b\u0107 Walcz\u0105ca\u201d. Uczestniczy\u0142a pi\u0119ciokrotnie w specjalnej misji przerzutu na teren Ukrainy, g\u0142\u00f3wnie do Lwowa, cz\u0119\u015bci do nadajnik\u00f3w na UKF, kt\u00f3re odbierali od niej emisariusze  \u201eSolidarno\u015bci Walcz\u0105cej\u201d (Roman Zaleski, Wojciech Stando) przekazuj\u0105cy je organizuj\u0105cemu si\u0119 antykomunistycznemu podziemiu ukrai\u0144skiemu. <\/p>\n","protected":false},"excerpt":{"rendered":"<p>Urodzi\u0142a si\u0119 w 1928 r. we Lwowie Wsp\u00f3lnie z synem Andrzejem, udost\u0119pnia\u0142a mieszkanie do dzia\u0142alno\u015bci konspiracyjnej. Pe\u0142ni\u0142o ono funkcj\u0119 tzw. punktu kontaktowego i kolporta\u017cowego. Janina Wawrze\u0144 by\u0142a zaanga\u017cowana w druk i sk\u0142adanie gazetki zak\u0142adowej, a tak\u017ce wydawnictw zwi\u0105zkowych takich jak: \u201eZ Dnia na Dzie\u0144\u201d i \u201eSolidarno\u015b\u0107 Walcz\u0105ca\u201d. Uczestniczy\u0142a pi\u0119ciokrotnie w specjalnej misji przerzutu na teren [&hellip;]<\/p>\n","protected":false},"featured_media":906,"template":"","meta":[],"_links":{"self":[{"href":"http:\/\/ludzie.fundacja-pih.pl\/index.php\/wp-json\/wp\/v2\/product\/2051"}],"collection":[{"href":"http:\/\/ludzie.fundacja-pih.pl\/index.php\/wp-json\/wp\/v2\/product"}],"about":[{"href":"http:\/\/ludzie.fundacja-pih.pl\/index.php\/wp-json\/wp\/v2\/types\/product"}],"wp:featuredmedia":[{"embeddable":true,"href":"http:\/\/ludzie.fundacja-pih.pl\/index.php\/wp-json\/wp\/v2\/media\/906"}],"wp:attachment":[{"href":"http:\/\/ludzie.fundacja-pih.pl\/index.php\/wp-json\/wp\/v2\/media?parent=2051"}],"curies":[{"name":"wp","href":"https:\/\/api.w.org\/{rel}","templated":true}]}}