{"id":2053,"date":"2021-03-16T12:57:50","date_gmt":"2021-03-16T12:57:50","guid":{"rendered":"http:\/\/ludzie.fundacja-pih.pl\/?post_type=product&#038;p=2053"},"modified":"2025-05-16T14:16:21","modified_gmt":"2025-05-16T14:16:21","slug":"korona-witold","status":"publish","type":"product","link":"http:\/\/ludzie.fundacja-pih.pl\/index.php\/product\/korona-witold\/","title":{"rendered":"Korona Witold (Cz\u0119stochowa &#8211; Kluczbork)"},"content":{"rendered":"<p>Urodzi\u0142 si\u0119 w 1965 r. w m. Blachownia<\/p>\n<p>Pan Witold Korona w latach 1985 &#8211; 1989 dzia\u0142a\u0142 w strukturach podziemnych Niezale\u017cnego Zrzeszenia Student\u00f3w oraz \u201eSolidarno\u015bci\u201d. Zajmowa\u0142 si\u0119 kolporta\u017cem nielegalnej literatury.<br \/>\nW lutym 1987 r. zosta\u0142 zatrzymany na dworcu w Warszawie, posiada\u0142 przy sobie maszynopis nielegalnego wydawnictwa. Po zatrzymaniu przeprowadzono w jego mieszkaniu przeszukania, podczas kt\u00f3rego znaleziono wydawnictwa bezdebitowe, kasety, ulotki i znaczki \u201eSolidarno\u015bci\u201d. Spraw\u0119 skierowano do kolegium. Pan Witold Korona zosta\u0142 skazany na kar\u0119 grzywny w wysoko\u015bci 50 tys. z\u0142.<br \/>\nW maju 1987 r. Rzecznik ds. Student\u00f3w wszcz\u0105\u0142 post\u0119powanie wyja\u015bniaj\u0105ce w zwi\u0105zku z na\u0142o\u017con\u0105 na Witolda Koron\u0119 kara grzywny i ci\u0105\u017c\u0105cymi na nim zarzutami. Ostatecznie zosta\u0142 skre\u015blony z listy student\u00f3w.<\/p>\n","protected":false},"excerpt":{"rendered":"<p>Urodzi\u0142 si\u0119 w 1965 r. w m. Blachownia Pan Witold Korona w latach 1985 &#8211; 1989 dzia\u0142a\u0142 w strukturach podziemnych Niezale\u017cnego Zrzeszenia Student\u00f3w oraz \u201eSolidarno\u015bci\u201d. Zajmowa\u0142 si\u0119 kolporta\u017cem nielegalnej literatury. W lutym 1987 r. zosta\u0142 zatrzymany na dworcu w Warszawie, posiada\u0142 przy sobie maszynopis nielegalnego wydawnictwa. Po zatrzymaniu przeprowadzono w jego mieszkaniu przeszukania, podczas kt\u00f3rego [&hellip;]<\/p>\n","protected":false},"featured_media":3557,"template":"","meta":[],"_links":{"self":[{"href":"http:\/\/ludzie.fundacja-pih.pl\/index.php\/wp-json\/wp\/v2\/product\/2053"}],"collection":[{"href":"http:\/\/ludzie.fundacja-pih.pl\/index.php\/wp-json\/wp\/v2\/product"}],"about":[{"href":"http:\/\/ludzie.fundacja-pih.pl\/index.php\/wp-json\/wp\/v2\/types\/product"}],"wp:featuredmedia":[{"embeddable":true,"href":"http:\/\/ludzie.fundacja-pih.pl\/index.php\/wp-json\/wp\/v2\/media\/3557"}],"wp:attachment":[{"href":"http:\/\/ludzie.fundacja-pih.pl\/index.php\/wp-json\/wp\/v2\/media?parent=2053"}],"curies":[{"name":"wp","href":"https:\/\/api.w.org\/{rel}","templated":true}]}}