{"id":2056,"date":"2021-03-16T13:02:23","date_gmt":"2021-03-16T13:02:23","guid":{"rendered":"http:\/\/ludzie.fundacja-pih.pl\/?post_type=product&#038;p=2056"},"modified":"2025-05-16T14:16:23","modified_gmt":"2025-05-16T14:16:23","slug":"zymanczyk-zofia","status":"publish","type":"product","link":"http:\/\/ludzie.fundacja-pih.pl\/index.php\/product\/zymanczyk-zofia\/","title":{"rendered":"\u017byma\u0144czyk Zofia"},"content":{"rendered":"<p>Urodzi\u0142a si\u0119 w 1935 r. m. \u015awidowa (pow. Czortik\u00f3w)<\/p>\n<p>Dzia\u0142a\u0142a pod pseudonimem \u201eNauczycielka\u201d. By\u0142a organizatork\u0105 grupy konspiracyjnej nauczycieli i uczni\u00f3w w Technikum Kolejowym we Wroc\u0142awiu. Do dzia\u0142alno\u015bci konspiracyjnej wprowadzi\u0142a bardzo wiele cennych os\u00f3b z kr\u0119g\u00f3w swej rodziny, uczni\u00f3w i znajomych. Odda\u0142a swoje dokumenty osobie ukrywaj\u0105cej si\u0119 i poszukiwanej oficjalnie opublikowanym listem go\u0144czym. Jej mieszkanie s\u0142u\u017cy\u0142o jako kryj\u00f3wka dla os\u00f3b poszukiwanych w zwi\u0105zku z ich dzia\u0142alno\u015bci\u0105 opozycyjn\u0105 oraz jako lokal do spotka\u0144 konspiracyjnych w tym m.in. do spotkania Kornela Morawieckiego z prof. Romualdem Kuko\u0142owiczem. Zofia \u017byma\u0144czyk, a tak\u017ce osoby z ni\u0105 zwi\u0105zane by\u0142y rozpracowywane przez SB jako podstruktura \u201eSolidarno\u015bci Walcz\u0105cej\u201d oznaczona kryptonimem \u201cKapiszon\u201d. <\/p>\n","protected":false},"excerpt":{"rendered":"<p>Urodzi\u0142a si\u0119 w 1935 r. m. \u015awidowa (pow. Czortik\u00f3w) Dzia\u0142a\u0142a pod pseudonimem \u201eNauczycielka\u201d. By\u0142a organizatork\u0105 grupy konspiracyjnej nauczycieli i uczni\u00f3w w Technikum Kolejowym we Wroc\u0142awiu. Do dzia\u0142alno\u015bci konspiracyjnej wprowadzi\u0142a bardzo wiele cennych os\u00f3b z kr\u0119g\u00f3w swej rodziny, uczni\u00f3w i znajomych. Odda\u0142a swoje dokumenty osobie ukrywaj\u0105cej si\u0119 i poszukiwanej oficjalnie opublikowanym listem go\u0144czym. Jej mieszkanie s\u0142u\u017cy\u0142o [&hellip;]<\/p>\n","protected":false},"featured_media":906,"template":"","meta":[],"_links":{"self":[{"href":"http:\/\/ludzie.fundacja-pih.pl\/index.php\/wp-json\/wp\/v2\/product\/2056"}],"collection":[{"href":"http:\/\/ludzie.fundacja-pih.pl\/index.php\/wp-json\/wp\/v2\/product"}],"about":[{"href":"http:\/\/ludzie.fundacja-pih.pl\/index.php\/wp-json\/wp\/v2\/types\/product"}],"wp:featuredmedia":[{"embeddable":true,"href":"http:\/\/ludzie.fundacja-pih.pl\/index.php\/wp-json\/wp\/v2\/media\/906"}],"wp:attachment":[{"href":"http:\/\/ludzie.fundacja-pih.pl\/index.php\/wp-json\/wp\/v2\/media?parent=2056"}],"curies":[{"name":"wp","href":"https:\/\/api.w.org\/{rel}","templated":true}]}}