{"id":2058,"date":"2021-03-16T13:04:41","date_gmt":"2021-03-16T13:04:41","guid":{"rendered":"http:\/\/ludzie.fundacja-pih.pl\/?post_type=product&#038;p=2058"},"modified":"2025-05-16T14:16:24","modified_gmt":"2025-05-16T14:16:24","slug":"tomkiewicz-jaroslaw","status":"publish","type":"product","link":"http:\/\/ludzie.fundacja-pih.pl\/index.php\/product\/tomkiewicz-jaroslaw\/","title":{"rendered":"Tomkiewicz Jaros\u0142aw"},"content":{"rendered":"<p>Urodzi\u0142 si\u0119 we Wroc\u0142awiu 25 maja 1964 r. <\/p>\n<p>Uko\u0144czy\u0142 Technikum Kolejowe we Wroc\u0142awiu.<br \/>\nJesieni\u0105 1984 roku przy\u0142\u0105czy\u0142 si\u0119 do wroc\u0142awskich struktur \u201eSolidarno\u015bci Walcz\u0105cej\u201d. By\u0142 jej zaprzysi\u0119\u017conym cz\u0142onkiem. Od 1985 roku do 1987 roku dzia\u0142a\u0142 jako kurier. Kolportowa\u0142 wydawnictwa podziemne na terenie Wroc\u0142awia, a potem r\u00f3wnie\u017c w Warszawie i w Szczecinie. Po 1990 roku zosta\u0142 przedsi\u0119biorc\u0105.<\/p>\n","protected":false},"excerpt":{"rendered":"<p>Urodzi\u0142 si\u0119 we Wroc\u0142awiu 25 maja 1964 r. Uko\u0144czy\u0142 Technikum Kolejowe we Wroc\u0142awiu. Jesieni\u0105 1984 roku przy\u0142\u0105czy\u0142 si\u0119 do wroc\u0142awskich struktur \u201eSolidarno\u015bci Walcz\u0105cej\u201d. By\u0142 jej zaprzysi\u0119\u017conym cz\u0142onkiem. Od 1985 roku do 1987 roku dzia\u0142a\u0142 jako kurier. Kolportowa\u0142 wydawnictwa podziemne na terenie Wroc\u0142awia, a potem r\u00f3wnie\u017c w Warszawie i w Szczecinie. Po 1990 roku zosta\u0142 przedsi\u0119biorc\u0105.<\/p>\n","protected":false},"featured_media":3370,"template":"","meta":[],"_links":{"self":[{"href":"http:\/\/ludzie.fundacja-pih.pl\/index.php\/wp-json\/wp\/v2\/product\/2058"}],"collection":[{"href":"http:\/\/ludzie.fundacja-pih.pl\/index.php\/wp-json\/wp\/v2\/product"}],"about":[{"href":"http:\/\/ludzie.fundacja-pih.pl\/index.php\/wp-json\/wp\/v2\/types\/product"}],"wp:featuredmedia":[{"embeddable":true,"href":"http:\/\/ludzie.fundacja-pih.pl\/index.php\/wp-json\/wp\/v2\/media\/3370"}],"wp:attachment":[{"href":"http:\/\/ludzie.fundacja-pih.pl\/index.php\/wp-json\/wp\/v2\/media?parent=2058"}],"curies":[{"name":"wp","href":"https:\/\/api.w.org\/{rel}","templated":true}]}}