{"id":2068,"date":"2021-03-16T13:25:00","date_gmt":"2021-03-16T13:25:00","guid":{"rendered":"http:\/\/ludzie.fundacja-pih.pl\/?post_type=product&#038;p=2068"},"modified":"2025-05-16T14:16:30","modified_gmt":"2025-05-16T14:16:30","slug":"zwierz-krzysztof","status":"publish","type":"product","link":"http:\/\/ludzie.fundacja-pih.pl\/index.php\/product\/zwierz-krzysztof\/","title":{"rendered":"Zwierz Krzysztof"},"content":{"rendered":"<p>Urodzi\u0142 si\u0119 20 grudnia 1959 roku we Wroc\u0142awiu.<\/p>\n<p>By\u0142 zatrudniony w ambulansach pocztowych PKP. Wkr\u00f3tce po og\u0142oszeniu stanu wojennego, w zwi\u0105zku z wykonywan\u0105 prac\u0105, znalaz\u0142 si\u0119 w Gda\u0144sku, gdzie wzi\u0105\u0142 udzia\u0142 w demonstracji i starciach z ZOMO. Na prze\u0142omie 1981 roku i 1982 roku znalaz\u0142 si\u0119 w kr\u0119gu konspirator\u00f3w kontynuuj\u0105cych dzia\u0142alno\u015b\u0107 NZS, a nast\u0119pnie w \u015brodowisku tworz\u0105cym organizacj\u0119 o nazwie \u201eLechia\u201d budowan\u0105 g\u0142\u00f3wnie przez Antoniego Ferenca i Krzysztofa B\u0142ahuta. Od 1982 roku zajmowa\u0142 si\u0119 kolporta\u017cem, rozwieszaniem transparent\u00f3w, akcjami ulotkowymi, uczestniczy\u0142 w demonstracjach. Przez kilka lat zwi\u0105zany by\u0142 z ruchem oazowym \u201e\u015awiat\u0142o \u2013 \u017bycie\u201d. Wraz z Maciejem Dziubi\u0144skim i Antonim Ferencem na prze\u0142omie 1982 i 1983 roku znalaz\u0142 si\u0119 w strukturach \u201eSolidarno\u015bci Walcz\u0105cej\u201d. Od 1983 roku by\u0142 drukarzem pracuj\u0105cym g\u0142\u00f3wnie na powielaczu b\u0119bnowym. Od po\u0142owy lat osiemdziesi\u0105tych nale\u017ca\u0142 do grupy SW z\u0142o\u017conej g\u0142\u00f3wnie z nast\u0119puj\u0105cych os\u00f3b: Antoni Ferenc, Krzysztof Zwierz, Maciej Dziubi\u0144ski, Andrzej Sztyler, Artur Adamski. Grupa ta stanowi\u0142a jeden z punkt\u00f3w sitodrukowych i przez d\u0142u\u017cszy czas obs\u0142ugiwa\u0142a kontakty g\u0142\u00f3wnie z Tr\u00f3jmiastem (wyjazdowi \u2013 ludzie grupy do Tr\u00f3jmiasta je\u017adzili) i Katowicami (do Krzysztofa katowiczanie przyje\u017cd\u017cali). Przez pewien czas Krzysztof Zwierz koordynowa\u0142 dzia\u0142alno\u015b\u0107 jednej z m\u0142odzie\u017cowych grup wykonawczych. Bra\u0142 udzia\u0142 w zak\u0142adaniu punkt\u00f3w poligraficznych, szkoli\u0142 w zakresie druku. Bra\u0142 udzia\u0142 w sprowadzaniu sprz\u0119tu poligraficznego z Wybrze\u017ca do Wroc\u0142awia. Uczestniczy\u0142 w tworzeniu Niezale\u017cnej Oficyny Studenckiej i drukowaniu w tej oficynie. Od 1986 roku lub 1987 roku by\u0142 dysponentem samochodu nale\u017c\u0105cego do \u201eSolidarno\u015bci Walcz\u0105cej\u201d. Wielokrotnie przewozi\u0142 du\u017ce ilo\u015bci wydruku, materia\u0142\u00f3w poligraficznych, czasem tak\u017ce powielacze. Od 1987 roku by\u0142 zatrzymywany przez SB.<\/p>\n","protected":false},"excerpt":{"rendered":"<p>Urodzi\u0142 si\u0119 20 grudnia 1959 roku we Wroc\u0142awiu. By\u0142 zatrudniony w ambulansach pocztowych PKP. Wkr\u00f3tce po og\u0142oszeniu stanu wojennego, w zwi\u0105zku z wykonywan\u0105 prac\u0105, znalaz\u0142 si\u0119 w Gda\u0144sku, gdzie wzi\u0105\u0142 udzia\u0142 w demonstracji i starciach z ZOMO. Na prze\u0142omie 1981 roku i 1982 roku znalaz\u0142 si\u0119 w kr\u0119gu konspirator\u00f3w kontynuuj\u0105cych dzia\u0142alno\u015b\u0107 NZS, a nast\u0119pnie w [&hellip;]<\/p>\n","protected":false},"featured_media":3101,"template":"","meta":[],"_links":{"self":[{"href":"http:\/\/ludzie.fundacja-pih.pl\/index.php\/wp-json\/wp\/v2\/product\/2068"}],"collection":[{"href":"http:\/\/ludzie.fundacja-pih.pl\/index.php\/wp-json\/wp\/v2\/product"}],"about":[{"href":"http:\/\/ludzie.fundacja-pih.pl\/index.php\/wp-json\/wp\/v2\/types\/product"}],"wp:featuredmedia":[{"embeddable":true,"href":"http:\/\/ludzie.fundacja-pih.pl\/index.php\/wp-json\/wp\/v2\/media\/3101"}],"wp:attachment":[{"href":"http:\/\/ludzie.fundacja-pih.pl\/index.php\/wp-json\/wp\/v2\/media?parent=2068"}],"curies":[{"name":"wp","href":"https:\/\/api.w.org\/{rel}","templated":true}]}}