{"id":2071,"date":"2021-03-16T13:29:38","date_gmt":"2021-03-16T13:29:38","guid":{"rendered":"http:\/\/ludzie.fundacja-pih.pl\/?post_type=product&#038;p=2071"},"modified":"2025-05-16T14:16:32","modified_gmt":"2025-05-16T14:16:32","slug":"knakiewicz-henryk","status":"publish","type":"product","link":"http:\/\/ludzie.fundacja-pih.pl\/index.php\/product\/knakiewicz-henryk\/","title":{"rendered":"Knakiewicz Henryk"},"content":{"rendered":"<p>Urodzi\u0142 si\u0119 w 1951 r. we Wroc\u0142awiu<\/p>\n<p>By\u0142 wsp\u00f3\u0142pracownikiem wroc\u0142awskiego KPN-u. Prowadzi\u0142 kolporta\u017c wydawnictw podziemnych na terenie szpitala kolejowego we Wroc\u0142awiu. Przewozi\u0142 samochodem lider\u00f3w konspiracji zwi\u0105zkowej m.in. W\u0142adys\u0142awa Frasyniuka i Kornela Morawieckiego. Od po\u0142owy lat osiemdziesi\u0105tych by\u0142 bliskim wsp\u00f3\u0142pracownikiem \u201eSolidarno\u015bci Walcz\u0105cej\u201d, a nast\u0119pnie jej cz\u0142onkiem. Jego mieszkanie przy ul. Kwiskiej we Wroc\u0142awiu, w\u0142\u0105czone by\u0142o w sie\u0107 4 s\u0105siedzkich mieszka\u0144 obs\u0142uguj\u0105cych ukrywaj\u0105cego si\u0119 Kornela Morawieckiego i \u0142\u0105czno\u015b\u0107 z nim. Henryk Knakiewicz zabezpiecza\u0142 r\u00f3wnie\u017c  odpoczynek wakacyjny Kornela Morawieckieckiego. W szpitalu klinicznym we Wroc\u0142awiu przy ul. Cha\u0142ubi\u0144skiego obs\u0142ugiwa\u0142 tzw. skrzynk\u0119 kontaktow\u0105 SW. <\/p>\n","protected":false},"excerpt":{"rendered":"<p>Urodzi\u0142 si\u0119 w 1951 r. we Wroc\u0142awiu By\u0142 wsp\u00f3\u0142pracownikiem wroc\u0142awskiego KPN-u. Prowadzi\u0142 kolporta\u017c wydawnictw podziemnych na terenie szpitala kolejowego we Wroc\u0142awiu. Przewozi\u0142 samochodem lider\u00f3w konspiracji zwi\u0105zkowej m.in. W\u0142adys\u0142awa Frasyniuka i Kornela Morawieckiego. Od po\u0142owy lat osiemdziesi\u0105tych by\u0142 bliskim wsp\u00f3\u0142pracownikiem \u201eSolidarno\u015bci Walcz\u0105cej\u201d, a nast\u0119pnie jej cz\u0142onkiem. Jego mieszkanie przy ul. Kwiskiej we Wroc\u0142awiu, w\u0142\u0105czone by\u0142o w [&hellip;]<\/p>\n","protected":false},"featured_media":3624,"template":"","meta":[],"_links":{"self":[{"href":"http:\/\/ludzie.fundacja-pih.pl\/index.php\/wp-json\/wp\/v2\/product\/2071"}],"collection":[{"href":"http:\/\/ludzie.fundacja-pih.pl\/index.php\/wp-json\/wp\/v2\/product"}],"about":[{"href":"http:\/\/ludzie.fundacja-pih.pl\/index.php\/wp-json\/wp\/v2\/types\/product"}],"wp:featuredmedia":[{"embeddable":true,"href":"http:\/\/ludzie.fundacja-pih.pl\/index.php\/wp-json\/wp\/v2\/media\/3624"}],"wp:attachment":[{"href":"http:\/\/ludzie.fundacja-pih.pl\/index.php\/wp-json\/wp\/v2\/media?parent=2071"}],"curies":[{"name":"wp","href":"https:\/\/api.w.org\/{rel}","templated":true}]}}

<p>Urodził się w 1951 r. we Wrocławiu</p>
<p>Był współpracownikiem wrocławskiego KPN-u. Prowadził kolportaż wydawnictw podziemnych na terenie szpitala kolejowego we Wrocławiu. Przewoził samochodem liderów konspiracji związkowej m.in. Władysława Frasyniuka i Kornela Morawieckiego. Od połowy lat osiemdziesiątych był bliskim współpracownikiem „Solidarności Walczącej”, a następnie jej członkiem. Jego mieszkanie przy ul. Kwiskiej we Wrocławiu, włączone było w sieć 4 sąsiedzkich mieszkań obsługujących ukrywającego się Kornela Morawieckiego i łączność z nim. Henryk Knakiewicz zabezpieczał również  odpoczynek wakacyjny Kornela Morawieckieckiego. W szpitalu klinicznym we Wrocławiu przy ul. Chałubińskiego obsługiwał tzw. skrzynkę kontaktową SW. </p>

<p>Urodził się w 1951 r. we Wrocławiu Był współpracownikiem wrocławskiego KPN-u. Prowadził kolportaż wydawnictw podziemnych na terenie szpitala kolejowego we Wrocławiu. Przewoził samochodem liderów konspiracji związkowej m.in. Władysława Frasyniuka i Kornela Morawieckiego. Od połowy lat osiemdziesiątych był bliskim współpracownikiem „Solidarności Walczącej”, a następnie jej członkiem. Jego mieszkanie przy ul. Kwiskiej we Wrocławiu, włączone było w [&hellip;]</p>
