{"id":2075,"date":"2021-03-16T13:36:03","date_gmt":"2021-03-16T13:36:03","guid":{"rendered":"http:\/\/ludzie.fundacja-pih.pl\/?post_type=product&#038;p=2075"},"modified":"2025-05-16T14:16:33","modified_gmt":"2025-05-16T14:16:33","slug":"kuzma-michal","status":"publish","type":"product","link":"http:\/\/ludzie.fundacja-pih.pl\/index.php\/product\/kuzma-michal\/","title":{"rendered":"Ku\u017ama Micha\u0142"},"content":{"rendered":"<p>Urodzi\u0142 si\u0119 16 maja 1965 roku we Wroc\u0142awiu.<\/p>\n<p>Po wprowadzeniu stanu wojennego zajmowa\u0142 si\u0119 kolporta\u017cem podziemnych wydawnictw, a w tym m.in. \u201eSolidarno\u015bci Walcz\u0105cej\u201d, \u201eSolidarno\u015bci Dolno\u015bl\u0105skiej\u201d, \u201eZ Dnia na Dzie\u0144\u201d, \u201eWiadomo\u015bci Bie\u017c\u0105cych\u201d oraz ulotek, plakat\u00f3w i ksi\u0105\u017cek. Od 1985 roku, w ramach struktur \u201eSolidarno\u015bci Walcz\u0105cej\u201d, odpowiada\u0142 za emisje podziemnych audycji radiowych. By\u0142 r\u00f3wie\u017c \u0142\u0105cznikiem i kurierem. Dzia\u0142alno\u015b\u0107 t\u0105 prowadzi\u0142  do roku 1989. W latach 1985 &#8211; 1989 by\u0142 kilkakrotnie zatrzymywany i szykanowany przez SB.<\/p>\n","protected":false},"excerpt":{"rendered":"<p>Urodzi\u0142 si\u0119 16 maja 1965 roku we Wroc\u0142awiu. Po wprowadzeniu stanu wojennego zajmowa\u0142 si\u0119 kolporta\u017cem podziemnych wydawnictw, a w tym m.in. \u201eSolidarno\u015bci Walcz\u0105cej\u201d, \u201eSolidarno\u015bci Dolno\u015bl\u0105skiej\u201d, \u201eZ Dnia na Dzie\u0144\u201d, \u201eWiadomo\u015bci Bie\u017c\u0105cych\u201d oraz ulotek, plakat\u00f3w i ksi\u0105\u017cek. Od 1985 roku, w ramach struktur \u201eSolidarno\u015bci Walcz\u0105cej\u201d, odpowiada\u0142 za emisje podziemnych audycji radiowych. By\u0142 r\u00f3wie\u017c \u0142\u0105cznikiem i kurierem. [&hellip;]<\/p>\n","protected":false},"featured_media":3173,"template":"","meta":[],"_links":{"self":[{"href":"http:\/\/ludzie.fundacja-pih.pl\/index.php\/wp-json\/wp\/v2\/product\/2075"}],"collection":[{"href":"http:\/\/ludzie.fundacja-pih.pl\/index.php\/wp-json\/wp\/v2\/product"}],"about":[{"href":"http:\/\/ludzie.fundacja-pih.pl\/index.php\/wp-json\/wp\/v2\/types\/product"}],"wp:featuredmedia":[{"embeddable":true,"href":"http:\/\/ludzie.fundacja-pih.pl\/index.php\/wp-json\/wp\/v2\/media\/3173"}],"wp:attachment":[{"href":"http:\/\/ludzie.fundacja-pih.pl\/index.php\/wp-json\/wp\/v2\/media?parent=2075"}],"curies":[{"name":"wp","href":"https:\/\/api.w.org\/{rel}","templated":true}]}}

Kuźma Michał

<p>Urodził się 16 maja 1965 roku we Wrocławiu.</p>
<p>Po wprowadzeniu stanu wojennego zajmował się kolportażem podziemnych wydawnictw, a w tym m.in. „Solidarności Walczącej”, „Solidarności Dolnośląskiej”, „Z Dnia na Dzień”, „Wiadomości Bieżących” oraz ulotek, plakatów i książek. Od 1985 roku, w ramach struktur „Solidarności Walczącej”, odpowiadał za emisje podziemnych audycji radiowych. Był rówież łącznikiem i kurierem. Działalność tą prowadził  do roku 1989. W latach 1985 &#8211; 1989 był kilkakrotnie zatrzymywany i szykanowany przez SB.</p>

<p>Urodził się 16 maja 1965 roku we Wrocławiu. Po wprowadzeniu stanu wojennego zajmował się kolportażem podziemnych wydawnictw, a w tym m.in. „Solidarności Walczącej”, „Solidarności Dolnośląskiej”, „Z Dnia na Dzień”, „Wiadomości Bieżących” oraz ulotek, plakatów i książek. Od 1985 roku, w ramach struktur „Solidarności Walczącej”, odpowiadał za emisje podziemnych audycji radiowych. Był rówież łącznikiem i kurierem. [&hellip;]</p>
