{"id":2083,"date":"2021-03-16T13:49:14","date_gmt":"2021-03-16T13:49:14","guid":{"rendered":"http:\/\/ludzie.fundacja-pih.pl\/?post_type=product&#038;p=2083"},"modified":"2025-05-16T14:16:38","modified_gmt":"2025-05-16T14:16:38","slug":"dominczyk-miroslaw","status":"publish","type":"product","link":"http:\/\/ludzie.fundacja-pih.pl\/index.php\/product\/dominczyk-miroslaw\/","title":{"rendered":"Domi\u0144czyk Miros\u0142aw"},"content":{"rendered":"<p>Urodzi\u0142 si\u0119 6 grudnia 1953 roku w Krakowie.<\/p>\n<p>Za\u0142o\u017cyciel \u201eSolidarno\u015bci\u201d w Kielcach i ca\u0142ym regionie \u015bwi\u0119tokrzyskim. 20 sierpnia 1980 roku zorganizowa\u0142 strajki w kieleckich zak\u0142adach pracy. Pojecha\u0142 do Stoczni Gda\u0144skiej w celu nawi\u0105zania \u0142\u0105czno\u015bci z MKS-em. By\u0142 cz\u0142onkiem Krajowej Komisji Porozumiewawczej NSZZ \u201eSolidarno\u015b\u0107\u201d, pierwszym przewodnicz\u0105cym i organizatorem Regionu \u015awi\u0119tokrzyskiego. Po wprowadzeniu stanu wojennego 13 grudnia 1981 roku zosta\u0142 internowany. Szanta\u017cem i gro\u017abami zmuszono go do wyjazdu z kraju. W Stanach Zjednoczonych podj\u0105\u0142 blisk\u0105 wsp\u00f3\u0142prac\u0119 z ameryka\u0144skim ruchem zwi\u0105zkowym, z central\u0105 ALFL-CIO. Pracowa\u0142 z tak znacz\u0105cymi osobami jak Tom Khannszef departamentu zagranicznego zwi\u0105zku oraz Adrian Karatnycki i Nadia Diuk. By\u0142 jednym z najbardziej aktywnych cz\u0142onk\u00f3w komitetu pomocy \u201eSolidarno\u015bci\u201d w Nowym Jorku. Organizowa\u0142 transport urz\u0105dze\u0144 poligraficznych i r\u00f3\u017cnorakich wydawnictw do Polski, w tym tak\u017ce dla \u201eSolidarno\u015bci Walcz\u0105cej\u201d. Korzysta\u0142 z po\u015brednictwa Biura Zagranicznego \u201eSolidarno\u015bci Walcz\u0105cej\u201d w Brukseli oraz  z w\u0142asnych kana\u0142\u00f3w przerzutowych, kt\u00f3re organizowa\u0142 m.in. w Wielkiej Brytanii, Francji i Szwajcarii. Wsp\u00f3\u0142pracowa\u0142 z Jakubem Karpi\u0144skim i Iren\u0105 Lasot\u0105. W latach 80-tych by\u0142 niezwykle ofiarnie i bezinteresownie zaanga\u017cowany w pomoc dla ruchu niepodleg\u0142o\u015bciowego w Polsce.<\/p>\n","protected":false},"excerpt":{"rendered":"<p>Urodzi\u0142 si\u0119 6 grudnia 1953 roku w Krakowie. Za\u0142o\u017cyciel \u201eSolidarno\u015bci\u201d w Kielcach i ca\u0142ym regionie \u015bwi\u0119tokrzyskim. 20 sierpnia 1980 roku zorganizowa\u0142 strajki w kieleckich zak\u0142adach pracy. Pojecha\u0142 do Stoczni Gda\u0144skiej w celu nawi\u0105zania \u0142\u0105czno\u015bci z MKS-em. By\u0142 cz\u0142onkiem Krajowej Komisji Porozumiewawczej NSZZ \u201eSolidarno\u015b\u0107\u201d, pierwszym przewodnicz\u0105cym i organizatorem Regionu \u015awi\u0119tokrzyskiego. Po wprowadzeniu stanu wojennego 13 grudnia [&hellip;]<\/p>\n","protected":false},"featured_media":2853,"template":"","meta":[],"_links":{"self":[{"href":"http:\/\/ludzie.fundacja-pih.pl\/index.php\/wp-json\/wp\/v2\/product\/2083"}],"collection":[{"href":"http:\/\/ludzie.fundacja-pih.pl\/index.php\/wp-json\/wp\/v2\/product"}],"about":[{"href":"http:\/\/ludzie.fundacja-pih.pl\/index.php\/wp-json\/wp\/v2\/types\/product"}],"wp:featuredmedia":[{"embeddable":true,"href":"http:\/\/ludzie.fundacja-pih.pl\/index.php\/wp-json\/wp\/v2\/media\/2853"}],"wp:attachment":[{"href":"http:\/\/ludzie.fundacja-pih.pl\/index.php\/wp-json\/wp\/v2\/media?parent=2083"}],"curies":[{"name":"wp","href":"https:\/\/api.w.org\/{rel}","templated":true}]}}