{"id":2085,"date":"2021-03-16T13:52:33","date_gmt":"2021-03-16T13:52:33","guid":{"rendered":"http:\/\/ludzie.fundacja-pih.pl\/?post_type=product&#038;p=2085"},"modified":"2025-05-16T14:16:39","modified_gmt":"2025-05-16T14:16:39","slug":"perlak-mieczyslaw","status":"publish","type":"product","link":"http:\/\/ludzie.fundacja-pih.pl\/index.php\/product\/perlak-mieczyslaw\/","title":{"rendered":"Perlak Mieczys\u0142aw"},"content":{"rendered":"<p>Urodzi\u0142 si\u0119 w 1955 r. we Wroc\u0142awiu<\/p>\n<p>By\u0142 dzia\u0142aczem jawnej, a po wprowadzeniu stanu wojennego, konspiracyjnej \u201eSolidarno\u015bci\u201d we Wroc\u0142awskim Przedsi\u0119biorstwie Budownictwa Og\u00f3lnego. Aktywnie uczestniczy\u0142 w manifestacjach pod ko\u015bcio\u0142em przy Alei Pracy we Wroc\u0142awiu. Na r\u0119ce proboszcza parafii ks. Adama Wiktora przekazywa\u0142 wota dostarczane przez podziemne \u015brodowiska zak\u0142adowe. Zbiera\u0142  i przechowywa\u0142 sk\u0142adki zwi\u0105zkowe. Pracowa\u0142 w strukturach drukarskich grupy \u201eFeniks\u201d zorganizowanych przez Tadeusz Pi\u0105tka, a nast\u0119pnie \u015bci\u015ble wsp\u00f3\u0142pracuj\u0105c\u0105 z \u201eSolidarno\u015bci\u0105 Walcz\u0105c\u0105\u201d. Razem z innymi cz\u0142onkami grupy \u201eFeniks\u201d Mieczys\u0142aw Perlak drukowa\u0142 na linotypicznej maszynie w\u0142asnej produkcji: broszury, poezje i ulotki. Opr\u00f3cz ww. wydawnictw kolportowa\u0142 tak\u017ce podziemne czasopisma zak\u0142adowe i pras\u0119 sygnowan\u0105 przez SW. By\u0142 zaprzysi\u0119\u017conym cz\u0142onkiem \u201eSolidarno\u015bci Walcz\u0105cej\u201d. Nie by\u0142 rozpracowywany przez SB. Za swoj\u0105 dzia\u0142alno\u015b\u0107, decyzj\u0105 Prezydenta RP nr 295\/2016, otrzyma\u0142 Krzy\u017c Wolno\u015bci i Solidarno\u015bci.<\/p>\n","protected":false},"excerpt":{"rendered":"<p>Urodzi\u0142 si\u0119 w 1955 r. we Wroc\u0142awiu By\u0142 dzia\u0142aczem jawnej, a po wprowadzeniu stanu wojennego, konspiracyjnej \u201eSolidarno\u015bci\u201d we Wroc\u0142awskim Przedsi\u0119biorstwie Budownictwa Og\u00f3lnego. Aktywnie uczestniczy\u0142 w manifestacjach pod ko\u015bcio\u0142em przy Alei Pracy we Wroc\u0142awiu. Na r\u0119ce proboszcza parafii ks. Adama Wiktora przekazywa\u0142 wota dostarczane przez podziemne \u015brodowiska zak\u0142adowe. Zbiera\u0142 i przechowywa\u0142 sk\u0142adki zwi\u0105zkowe. Pracowa\u0142 w strukturach [&hellip;]<\/p>\n","protected":false},"featured_media":2945,"template":"","meta":[],"_links":{"self":[{"href":"http:\/\/ludzie.fundacja-pih.pl\/index.php\/wp-json\/wp\/v2\/product\/2085"}],"collection":[{"href":"http:\/\/ludzie.fundacja-pih.pl\/index.php\/wp-json\/wp\/v2\/product"}],"about":[{"href":"http:\/\/ludzie.fundacja-pih.pl\/index.php\/wp-json\/wp\/v2\/types\/product"}],"wp:featuredmedia":[{"embeddable":true,"href":"http:\/\/ludzie.fundacja-pih.pl\/index.php\/wp-json\/wp\/v2\/media\/2945"}],"wp:attachment":[{"href":"http:\/\/ludzie.fundacja-pih.pl\/index.php\/wp-json\/wp\/v2\/media?parent=2085"}],"curies":[{"name":"wp","href":"https:\/\/api.w.org\/{rel}","templated":true}]}}