{"id":2090,"date":"2021-03-16T14:01:17","date_gmt":"2021-03-16T14:01:17","guid":{"rendered":"http:\/\/ludzie.fundacja-pih.pl\/?post_type=product&#038;p=2090"},"modified":"2025-05-16T14:16:42","modified_gmt":"2025-05-16T14:16:42","slug":"morawiecki-stefan","status":"publish","type":"product","link":"http:\/\/ludzie.fundacja-pih.pl\/index.php\/product\/morawiecki-stefan\/","title":{"rendered":"Morawiecki Stefan"},"content":{"rendered":"<p>Urodzi\u0142 si\u0119 w 1929 roku w Daliowej, zm. 2020 we Wroc\u0142awiu.<\/p>\n<p>By\u0142 zaprzysi\u0119\u017conym cz\u0142onkiem \u201eSolidarno\u015bci Walcz\u0105cej\u201d i jej wys\u0142annikiem utrzymuj\u0105cym kontakty centrali wroc\u0142awskiej z wieloma miastami w Polsce w tym z Krakowem, Przemy\u015blem, Kielcami, Gda\u0144skiem. W Gda\u0144sku utrzymywa\u0142 \u0142\u0105czno\u015b\u0107 z przewodnicz\u0105cym Zarz\u0105du G\u0142\u00f3wnego Polskich Kombatant\u00f3w p\u0142k. Zbigniewem Mazurem. Jego mieszkanie s\u0142u\u017cy\u0142o za punkt kolporta\u017cu i wymiany informacji. Ukrywa\u0142 si\u0119 w nim szef Og\u00f3lnopolskiego Oporu Rolnik\u00f3w p\u0142k. J\u00f3zef Teliga. <\/p>\n","protected":false},"excerpt":{"rendered":"<p>Urodzi\u0142 si\u0119 w 1929 roku w Daliowej, zm. 2020 we Wroc\u0142awiu. By\u0142 zaprzysi\u0119\u017conym cz\u0142onkiem \u201eSolidarno\u015bci Walcz\u0105cej\u201d i jej wys\u0142annikiem utrzymuj\u0105cym kontakty centrali wroc\u0142awskiej z wieloma miastami w Polsce w tym z Krakowem, Przemy\u015blem, Kielcami, Gda\u0144skiem. W Gda\u0144sku utrzymywa\u0142 \u0142\u0105czno\u015b\u0107 z przewodnicz\u0105cym Zarz\u0105du G\u0142\u00f3wnego Polskich Kombatant\u00f3w p\u0142k. Zbigniewem Mazurem. Jego mieszkanie s\u0142u\u017cy\u0142o za punkt kolporta\u017cu i [&hellip;]<\/p>\n","protected":false},"featured_media":2799,"template":"","meta":[],"_links":{"self":[{"href":"http:\/\/ludzie.fundacja-pih.pl\/index.php\/wp-json\/wp\/v2\/product\/2090"}],"collection":[{"href":"http:\/\/ludzie.fundacja-pih.pl\/index.php\/wp-json\/wp\/v2\/product"}],"about":[{"href":"http:\/\/ludzie.fundacja-pih.pl\/index.php\/wp-json\/wp\/v2\/types\/product"}],"wp:featuredmedia":[{"embeddable":true,"href":"http:\/\/ludzie.fundacja-pih.pl\/index.php\/wp-json\/wp\/v2\/media\/2799"}],"wp:attachment":[{"href":"http:\/\/ludzie.fundacja-pih.pl\/index.php\/wp-json\/wp\/v2\/media?parent=2090"}],"curies":[{"name":"wp","href":"https:\/\/api.w.org\/{rel}","templated":true}]}}