{"id":2106,"date":"2021-03-17T09:11:59","date_gmt":"2021-03-17T09:11:59","guid":{"rendered":"http:\/\/ludzie.fundacja-pih.pl\/?post_type=product&#038;p=2106"},"modified":"2025-05-16T14:16:47","modified_gmt":"2025-05-16T14:16:47","slug":"izylowska-beata","status":"publish","type":"product","link":"http:\/\/ludzie.fundacja-pih.pl\/index.php\/product\/izylowska-beata\/","title":{"rendered":"I\u017cy\u0142owska Beata"},"content":{"rendered":"<p>Urodzi\u0142a si\u0119 14 stycznia 1960 roku w Gdyni.<\/p>\n<p>W sierpniu 1980 roku, wsp\u00f3lnie z ojcem, czynnie wspiera\u0142a strajkuj\u0105cych stoczniowc\u00f3w. Razem z nim \u2013 ojciec by\u0142 aktorem &#8211; organizowa\u0142a wyst\u0119py artystyczne  dla stoczniowc\u00f3w na terenie Stoczni im. Komuny Paryskiej w Gdyni. Po og\u0142oszeniu stanu wojennego bra\u0142a udzia\u0142 w demonstracjach \u201eSolidarno\u015bci\u201d organizowanych w Gdyni. Z ramienia Duszpasterstwa Akademickiego przy parafii NSPJ w Gdyni,  organizowa\u0142a pomoc w dostarczaniu paczek \u017cywno\u015bciowych rodzinom os\u00f3b internowanych, poszukiwanych  i innym potrzebuj\u0105cym. Wsp\u00f3\u0142pracowa\u0142a z Zofi\u0105 Pa\u0142owsk\u0105 przy pozyskiwaniu lokali na dzia\u0142alno\u015b\u0107 konspiracyjn\u0105. Z lokali tych korzystali poszukiwani przez SB dzia\u0142acze \u201eSolidarno\u015bci Walcz\u0105cej\u201d Andrzej Ko\u0142odziej i Roman Zwiercan. W 1988 roku wesz\u0142a w sk\u0142ad grupy os\u00f3b zorganizowanej przez Jerzego Kaniku\u0142\u0119, kt\u00f3re wykonywa\u0142y prace introligatorskie dla podziemnego wydawnictwa ksi\u0105\u017cek \u201eSolidarno\u015bci Walcz\u0105cej\u201d Petit.   <\/p>\n","protected":false},"excerpt":{"rendered":"<p>Urodzi\u0142a si\u0119 14 stycznia 1960 roku w Gdyni. W sierpniu 1980 roku, wsp\u00f3lnie z ojcem, czynnie wspiera\u0142a strajkuj\u0105cych stoczniowc\u00f3w. Razem z nim \u2013 ojciec by\u0142 aktorem &#8211; organizowa\u0142a wyst\u0119py artystyczne dla stoczniowc\u00f3w na terenie Stoczni im. Komuny Paryskiej w Gdyni. Po og\u0142oszeniu stanu wojennego bra\u0142a udzia\u0142 w demonstracjach \u201eSolidarno\u015bci\u201d organizowanych w Gdyni. Z ramienia Duszpasterstwa [&hellip;]<\/p>\n","protected":false},"featured_media":906,"template":"","meta":[],"_links":{"self":[{"href":"http:\/\/ludzie.fundacja-pih.pl\/index.php\/wp-json\/wp\/v2\/product\/2106"}],"collection":[{"href":"http:\/\/ludzie.fundacja-pih.pl\/index.php\/wp-json\/wp\/v2\/product"}],"about":[{"href":"http:\/\/ludzie.fundacja-pih.pl\/index.php\/wp-json\/wp\/v2\/types\/product"}],"wp:featuredmedia":[{"embeddable":true,"href":"http:\/\/ludzie.fundacja-pih.pl\/index.php\/wp-json\/wp\/v2\/media\/906"}],"wp:attachment":[{"href":"http:\/\/ludzie.fundacja-pih.pl\/index.php\/wp-json\/wp\/v2\/media?parent=2106"}],"curies":[{"name":"wp","href":"https:\/\/api.w.org\/{rel}","templated":true}]}}

Iżyłowska Beata

<p>Urodziła się 14 stycznia 1960 roku w Gdyni.</p>
<p>W sierpniu 1980 roku, wspólnie z ojcem, czynnie wspierała strajkujących stoczniowców. Razem z nim – ojciec był aktorem &#8211; organizowała występy artystyczne  dla stoczniowców na terenie Stoczni im. Komuny Paryskiej w Gdyni. Po ogłoszeniu stanu wojennego brała udział w demonstracjach „Solidarności” organizowanych w Gdyni. Z ramienia Duszpasterstwa Akademickiego przy parafii NSPJ w Gdyni,  organizowała pomoc w dostarczaniu paczek żywnościowych rodzinom osób internowanych, poszukiwanych  i innym potrzebującym. Współpracowała z Zofią Pałowską przy pozyskiwaniu lokali na działalność konspiracyjną. Z lokali tych korzystali poszukiwani przez SB działacze „Solidarności Walczącej” Andrzej Kołodziej i Roman Zwiercan. W 1988 roku weszła w skład grupy osób zorganizowanej przez Jerzego Kanikułę, które wykonywały prace introligatorskie dla podziemnego wydawnictwa książek „Solidarności Walczącej” Petit.   </p>

<p>Urodziła się 14 stycznia 1960 roku w Gdyni. W sierpniu 1980 roku, wspólnie z ojcem, czynnie wspierała strajkujących stoczniowców. Razem z nim – ojciec był aktorem &#8211; organizowała występy artystyczne dla stoczniowców na terenie Stoczni im. Komuny Paryskiej w Gdyni. Po ogłoszeniu stanu wojennego brała udział w demonstracjach „Solidarności” organizowanych w Gdyni. Z ramienia Duszpasterstwa [&hellip;]</p>
