{"id":2108,"date":"2021-03-17T09:16:20","date_gmt":"2021-03-17T09:16:20","guid":{"rendered":"http:\/\/ludzie.fundacja-pih.pl\/?post_type=product&#038;p=2108"},"modified":"2025-05-16T14:16:49","modified_gmt":"2025-05-16T14:16:49","slug":"kamecka-danuta","status":"publish","type":"product","link":"http:\/\/ludzie.fundacja-pih.pl\/index.php\/product\/kamecka-danuta\/","title":{"rendered":"Kamecka Danuta"},"content":{"rendered":"<p>Urodzi\u0142a si\u0119 w 1960 we Wroc\u0142awiu. <\/p>\n<p>W 1987 roku uko\u0144czy\u0142a studia geologiczne na Uniwersytecie Wroc\u0142awskim. Od ko\u0144ca roku 1980 cz\u0142onek NZS Uniwersytetu Wroc\u0142awskiego. Po wprowadzeniu stanu wojennego, 13 grudnia 1981 roku, przeprowadza\u0142a i nagrywa\u0142a wywiady z osobami internowanymi i aresztowanymi. By\u0142a zaanga\u017cowana w kolporta\u017c czasopism podziemnych w tym. m.in. \u201eRe\u017cim\u00f3wki\u201d, \u201eSolidarno\u015bci Dolnego \u015al\u0105ska\u201d, \u201eGazety D\u017awi\u0119kowej\u201d, \u201eKroniki Ma\u0142opolskiej\u201d, \u201eWoli\u201d, \u201eSolidarno\u015bci Walcz\u0105cej\u201d, \u201eBez Przemocy\u201d, innych pism podziemnych struktur zwi\u0105zkowych, studenckich i samorz\u0105dowych oraz ksi\u0105\u017cek r\u00f3\u017cnych oficyn podziemnych. Zajmowa\u0142a si\u0119  dystrybucj\u0105 i transportem ww. wydawnictw, papieru, powielaczy, urz\u0105dze\u0144 do sitodruku. Pe\u0142ni\u0142a te\u017c funkcj\u0119 \u0142\u0105cznika grupy z r\u00f3\u017cnymi organizacjami \u2013 NZS, RSS, SW. W roku 1988 rozpocz\u0119\u0142a prac\u0119 zawodow\u0105, pocz\u0105tkowo jako nauczyciel chemii w SP nr 17 we Wroc\u0142awiu, a od sierpnia tego samego roku w Pa\u0144stwowym Instytucie Geologicznym \u2013 Oddziale Dolno\u015bl\u0105skim.<\/p>\n","protected":false},"excerpt":{"rendered":"<p>Urodzi\u0142a si\u0119 w 1960 we Wroc\u0142awiu. W 1987 roku uko\u0144czy\u0142a studia geologiczne na Uniwersytecie Wroc\u0142awskim. Od ko\u0144ca roku 1980 cz\u0142onek NZS Uniwersytetu Wroc\u0142awskiego. Po wprowadzeniu stanu wojennego, 13 grudnia 1981 roku, przeprowadza\u0142a i nagrywa\u0142a wywiady z osobami internowanymi i aresztowanymi. By\u0142a zaanga\u017cowana w kolporta\u017c czasopism podziemnych w tym. m.in. \u201eRe\u017cim\u00f3wki\u201d, \u201eSolidarno\u015bci Dolnego \u015al\u0105ska\u201d, \u201eGazety D\u017awi\u0119kowej\u201d, [&hellip;]<\/p>\n","protected":false},"featured_media":906,"template":"","meta":[],"_links":{"self":[{"href":"http:\/\/ludzie.fundacja-pih.pl\/index.php\/wp-json\/wp\/v2\/product\/2108"}],"collection":[{"href":"http:\/\/ludzie.fundacja-pih.pl\/index.php\/wp-json\/wp\/v2\/product"}],"about":[{"href":"http:\/\/ludzie.fundacja-pih.pl\/index.php\/wp-json\/wp\/v2\/types\/product"}],"wp:featuredmedia":[{"embeddable":true,"href":"http:\/\/ludzie.fundacja-pih.pl\/index.php\/wp-json\/wp\/v2\/media\/906"}],"wp:attachment":[{"href":"http:\/\/ludzie.fundacja-pih.pl\/index.php\/wp-json\/wp\/v2\/media?parent=2108"}],"curies":[{"name":"wp","href":"https:\/\/api.w.org\/{rel}","templated":true}]}}

<p>Urodziła się w 1960 we Wrocławiu. </p>
<p>W 1987 roku ukończyła studia geologiczne na Uniwersytecie Wrocławskim. Od końca roku 1980 członek NZS Uniwersytetu Wrocławskiego. Po wprowadzeniu stanu wojennego, 13 grudnia 1981 roku, przeprowadzała i nagrywała wywiady z osobami internowanymi i aresztowanymi. Była zaangażowana w kolportaż czasopism podziemnych w tym. m.in. „Reżimówki”, „Solidarności Dolnego Śląska”, „Gazety Dźwiękowej”, „Kroniki Małopolskiej”, „Woli”, „Solidarności Walczącej”, „Bez Przemocy”, innych pism podziemnych struktur związkowych, studenckich i samorządowych oraz książek różnych oficyn podziemnych. Zajmowała się  dystrybucją i transportem ww. wydawnictw, papieru, powielaczy, urządzeń do sitodruku. Pełniła też funkcję łącznika grupy z różnymi organizacjami – NZS, RSS, SW. W roku 1988 rozpoczęła pracę zawodową, początkowo jako nauczyciel chemii w SP nr 17 we Wrocławiu, a od sierpnia tego samego roku w Państwowym Instytucie Geologicznym – Oddziale Dolnośląskim.</p>

<p>Urodziła się w 1960 we Wrocławiu. W 1987 roku ukończyła studia geologiczne na Uniwersytecie Wrocławskim. Od końca roku 1980 członek NZS Uniwersytetu Wrocławskiego. Po wprowadzeniu stanu wojennego, 13 grudnia 1981 roku, przeprowadzała i nagrywała wywiady z osobami internowanymi i aresztowanymi. Była zaangażowana w kolportaż czasopism podziemnych w tym. m.in. „Reżimówki”, „Solidarności Dolnego Śląska”, „Gazety Dźwiękowej”, [&hellip;]</p>
