{"id":2109,"date":"2021-03-17T09:19:08","date_gmt":"2021-03-17T09:19:08","guid":{"rendered":"http:\/\/ludzie.fundacja-pih.pl\/?post_type=product&#038;p=2109"},"modified":"2025-05-16T14:16:50","modified_gmt":"2025-05-16T14:16:50","slug":"kazmierczak-robert","status":"publish","type":"product","link":"http:\/\/ludzie.fundacja-pih.pl\/index.php\/product\/kazmierczak-robert\/","title":{"rendered":"Ka\u017amierczak Robert"},"content":{"rendered":"<p>Urodzi\u0142 si\u0119 w 1970 r. we Wroc\u0142awiu<\/p>\n<p>W latach 1984-1989 by\u0142 uczniem X LO we Wroc\u0142awiu oraz wroc\u0142awskiego Zespo\u0142u Szk\u00f3\u0142 Ekonomicznych nr 1. W tym okresie r\u00f3wnie\u017c dzia\u0142a\u0142 w konspiracji antykomunistycznej. Od 1984 roku kolportowa\u0142 pras\u0119 podziemn\u0105 w \u015brodowiskach m\u0142odzie\u017cowych. Od 1985 roku zajmowa\u0142 si\u0119 drukiem niezale\u017cnych wydawnictw, w tym, w szczeg\u00f3lno\u015bci ulotek, plakat\u00f3w oraz wydawnictw szkolnych. Pierwsze zatrzymanie mia\u0142o miejsce w sierpieniu 1985 roku w sprawie Solidarno\u015bci Walcz\u0105cej, z kt\u00f3r\u0105 wsp\u00f3\u0142pracowa\u0142 \u2013 kolporta\u017c du\u017cych ilo\u015bci prasy niezale\u017cnej. By\u0142 wielokrotnie zatrzymywany i karany przez kolegia ds. wykrocze\u0144. Robert Ka\u017amierczak dzia\u0142a\u0142 r\u00f3wnie\u017c w Mi\u0119dzyszkolnym Komitecie Oporu i nale\u017ca\u0142 do redakcji konspiracyjnego czasopisma \u201eSzko\u0142a\u201d. By\u0142 tak\u017ce wsp\u00f3\u0142organizatorem akcji: \u201eSobota w domu\u201d oraz tw\u00f3rc\u0105 gazetki szkolnej X LO we Wroc\u0142awiu  \u201eX\u201d. Aktywnie anga\u017cowa\u0142 si\u0119 w dzia\u0142alno\u015b\u0107 Pomara\u0144czowej Alternatywy, uczestniczy\u0142 w przygotowywaniu happening\u00f3w oraz druku plakat\u00f3w i ulotek AP. Dwukrotnie zosta\u0142 pobity przez ZOMO, r\u00f3wnie\u017c dwukrotnie uczestniczy\u0142 w strajkach g\u0142odowych zorganizowanych w sprawie uwolnienia wi\u0119\u017ani\u00f3w politycznych. Cz\u0142onek PPS.<\/p>\n","protected":false},"excerpt":{"rendered":"<p>Urodzi\u0142 si\u0119 w 1970 r. we Wroc\u0142awiu W latach 1984-1989 by\u0142 uczniem X LO we Wroc\u0142awiu oraz wroc\u0142awskiego Zespo\u0142u Szk\u00f3\u0142 Ekonomicznych nr 1. W tym okresie r\u00f3wnie\u017c dzia\u0142a\u0142 w konspiracji antykomunistycznej. Od 1984 roku kolportowa\u0142 pras\u0119 podziemn\u0105 w \u015brodowiskach m\u0142odzie\u017cowych. Od 1985 roku zajmowa\u0142 si\u0119 drukiem niezale\u017cnych wydawnictw, w tym, w szczeg\u00f3lno\u015bci ulotek, plakat\u00f3w oraz [&hellip;]<\/p>\n","protected":false},"featured_media":3659,"template":"","meta":[],"_links":{"self":[{"href":"http:\/\/ludzie.fundacja-pih.pl\/index.php\/wp-json\/wp\/v2\/product\/2109"}],"collection":[{"href":"http:\/\/ludzie.fundacja-pih.pl\/index.php\/wp-json\/wp\/v2\/product"}],"about":[{"href":"http:\/\/ludzie.fundacja-pih.pl\/index.php\/wp-json\/wp\/v2\/types\/product"}],"wp:featuredmedia":[{"embeddable":true,"href":"http:\/\/ludzie.fundacja-pih.pl\/index.php\/wp-json\/wp\/v2\/media\/3659"}],"wp:attachment":[{"href":"http:\/\/ludzie.fundacja-pih.pl\/index.php\/wp-json\/wp\/v2\/media?parent=2109"}],"curies":[{"name":"wp","href":"https:\/\/api.w.org\/{rel}","templated":true}]}}

Kaźmierczak Robert

<p>Urodził się w 1970 r. we Wrocławiu</p>
<p>W latach 1984-1989 był uczniem X LO we Wrocławiu oraz wrocławskiego Zespołu Szkół Ekonomicznych nr 1. W tym okresie również działał w konspiracji antykomunistycznej. Od 1984 roku kolportował prasę podziemną w środowiskach młodzieżowych. Od 1985 roku zajmował się drukiem niezależnych wydawnictw, w tym, w szczególności ulotek, plakatów oraz wydawnictw szkolnych. Pierwsze zatrzymanie miało miejsce w sierpieniu 1985 roku w sprawie Solidarności Walczącej, z którą współpracował – kolportaż dużych ilości prasy niezależnej. Był wielokrotnie zatrzymywany i karany przez kolegia ds. wykroczeń. Robert Kaźmierczak działał również w Międzyszkolnym Komitecie Oporu i należał do redakcji konspiracyjnego czasopisma „Szkoła”. Był także współorganizatorem akcji: „Sobota w domu” oraz twórcą gazetki szkolnej X LO we Wrocławiu  „X”. Aktywnie angażował się w działalność Pomarańczowej Alternatywy, uczestniczył w przygotowywaniu happeningów oraz druku plakatów i ulotek AP. Dwukrotnie został pobity przez ZOMO, również dwukrotnie uczestniczył w strajkach głodowych zorganizowanych w sprawie uwolnienia więźniów politycznych. Członek PPS.</p>

<p>Urodził się w 1970 r. we Wrocławiu W latach 1984-1989 był uczniem X LO we Wrocławiu oraz wrocławskiego Zespołu Szkół Ekonomicznych nr 1. W tym okresie również działał w konspiracji antykomunistycznej. Od 1984 roku kolportował prasę podziemną w środowiskach młodzieżowych. Od 1985 roku zajmował się drukiem niezależnych wydawnictw, w tym, w szczególności ulotek, plakatów oraz [&hellip;]</p>
