{"id":2110,"date":"2021-03-17T09:22:10","date_gmt":"2021-03-17T09:22:10","guid":{"rendered":"http:\/\/ludzie.fundacja-pih.pl\/?post_type=product&#038;p=2110"},"modified":"2025-05-16T14:16:50","modified_gmt":"2025-05-16T14:16:50","slug":"kosmalski-rafal","status":"publish","type":"product","link":"http:\/\/ludzie.fundacja-pih.pl\/index.php\/product\/kosmalski-rafal\/","title":{"rendered":"Kosmalski Rafa\u0142"},"content":{"rendered":"<p>Urodzi\u0142 si\u0119 w 1968 r w m. Strzelin<\/p>\n<p>W styczniu 1985 roku zosta\u0142 wsp\u00f3\u0142za\u0142o\u017cycielem Mi\u0119dzyszkolnego Komitetu Oporu. W latach 1985-1986 wsp\u00f3\u0142zak\u0142ada\u0142, szefowa\u0142, drukowa\u0142 i pisywa\u0142 do podziemnego pisma MKO \u201eSzko\u0142a Podziemna\u201d. Organizowa\u0142 r\u00f3wnie\u017c punkt kolporta\u017cu. W latach 1986 &#8211; 1987  nale\u017ca\u0142 do redakcji podziemnego czasopisma \u201eSzko\u0142a\u201d. W latach 1985 &#8211; 1988 bra\u0142 udzia\u0142 w wielu akcji ulotkowych, plakatowych, w manifestacjach MKO we Wroc\u0142awiu i happeningach Pomara\u0144czowej Alternatywy. Wsp\u00f3\u0142organizowa\u0142 Msze za Ojczyzn\u0119 w ko\u015bciele \u015bw. Klemensa Dworzaka we Wroc\u0142awiu. W latach 1986 &#8211; 1987, w zwi\u0105zku z dzia\u0142alno\u015bci\u0105 w MKO, by\u0142 kilkakrotnie zatrzymywany i przes\u0142uchiwany. R\u00f3wnie\u017c w latach 1986 &#8211; 1987 dzia\u0142a\u0142 w og\u00f3lnopolskiej Federacji M\u0142odzie\u017cy Walcz\u0105cej. Kolportowa\u0142 wydawnictwa podziemne wsp\u00f3\u0142pracuj\u0105c z Regionalnym Komitetem Strajkowym i \u201eSolidarno\u015bci\u0105 Walcz\u0105c\u0105\u201d. By\u0142 wsp\u00f3\u0142autorem audycji MKO wyemitowanej przez Radio SW. W 1988 roku zosta\u0142 wsp\u00f3\u0142za\u0142o\u017cycielem stowarzyszenia student\u00f3w Uniwersytetu Wroc\u0142awskiego \u201eBratniak\u201d, a tak\u017ce redaktorem naczelnym i  autorem w podziemnym miesi\u0119czniku \u201eWroc\u0142awski Student\u201d. W maju tego samego roku uczestniczy\u0142 w strajku NZS na Wydziale Filologii Polskiej Uniwersytetu Wroc\u0142awskiego. W latach 1988 &#8211; 1989 by\u0142 dziennikarzem tygodnika ZR Dolny \u015al\u0105sk \u201eRegion\u201d. W latach 1989 -1990 przewodniczy\u0142 Samorz\u0105dowi Studenckiemu na Uniwersytecie Wroc\u0142awskim. W 1989 roku wszed\u0142 w sk\u0142ad KO we Wroc\u0142awiu. By\u0142 asystentem prasowym Karola Modzelewskiego. <\/p>\n","protected":false},"excerpt":{"rendered":"<p>Urodzi\u0142 si\u0119 w 1968 r w m. Strzelin W styczniu 1985 roku zosta\u0142 wsp\u00f3\u0142za\u0142o\u017cycielem Mi\u0119dzyszkolnego Komitetu Oporu. W latach 1985-1986 wsp\u00f3\u0142zak\u0142ada\u0142, szefowa\u0142, drukowa\u0142 i pisywa\u0142 do podziemnego pisma MKO \u201eSzko\u0142a Podziemna\u201d. Organizowa\u0142 r\u00f3wnie\u017c punkt kolporta\u017cu. W latach 1986 &#8211; 1987 nale\u017ca\u0142 do redakcji podziemnego czasopisma \u201eSzko\u0142a\u201d. W latach 1985 &#8211; 1988 bra\u0142 udzia\u0142 w wielu [&hellip;]<\/p>\n","protected":false},"featured_media":3601,"template":"","meta":[],"_links":{"self":[{"href":"http:\/\/ludzie.fundacja-pih.pl\/index.php\/wp-json\/wp\/v2\/product\/2110"}],"collection":[{"href":"http:\/\/ludzie.fundacja-pih.pl\/index.php\/wp-json\/wp\/v2\/product"}],"about":[{"href":"http:\/\/ludzie.fundacja-pih.pl\/index.php\/wp-json\/wp\/v2\/types\/product"}],"wp:featuredmedia":[{"embeddable":true,"href":"http:\/\/ludzie.fundacja-pih.pl\/index.php\/wp-json\/wp\/v2\/media\/3601"}],"wp:attachment":[{"href":"http:\/\/ludzie.fundacja-pih.pl\/index.php\/wp-json\/wp\/v2\/media?parent=2110"}],"curies":[{"name":"wp","href":"https:\/\/api.w.org\/{rel}","templated":true}]}}

Kosmalski Rafał

<p>Urodził się w 1968 r w m. Strzelin</p>
<p>W styczniu 1985 roku został współzałożycielem Międzyszkolnego Komitetu Oporu. W latach 1985-1986 współzakładał, szefował, drukował i pisywał do podziemnego pisma MKO „Szkoła Podziemna”. Organizował również punkt kolportażu. W latach 1986 &#8211; 1987  należał do redakcji podziemnego czasopisma „Szkoła”. W latach 1985 &#8211; 1988 brał udział w wielu akcji ulotkowych, plakatowych, w manifestacjach MKO we Wrocławiu i happeningach Pomarańczowej Alternatywy. Współorganizował Msze za Ojczyznę w kościele św. Klemensa Dworzaka we Wrocławiu. W latach 1986 &#8211; 1987, w związku z działalnością w MKO, był kilkakrotnie zatrzymywany i przesłuchiwany. Również w latach 1986 &#8211; 1987 działał w ogólnopolskiej Federacji Młodzieży Walczącej. Kolportował wydawnictwa podziemne współpracując z Regionalnym Komitetem Strajkowym i „Solidarnością Walczącą”. Był współautorem audycji MKO wyemitowanej przez Radio SW. W 1988 roku został współzałożycielem stowarzyszenia studentów Uniwersytetu Wrocławskiego „Bratniak”, a także redaktorem naczelnym i  autorem w podziemnym miesięczniku „Wrocławski Student”. W maju tego samego roku uczestniczył w strajku NZS na Wydziale Filologii Polskiej Uniwersytetu Wrocławskiego. W latach 1988 &#8211; 1989 był dziennikarzem tygodnika ZR Dolny Śląsk „Region”. W latach 1989 -1990 przewodniczył Samorządowi Studenckiemu na Uniwersytecie Wrocławskim. W 1989 roku wszedł w skład KO we Wrocławiu. Był asystentem prasowym Karola Modzelewskiego. </p>

<p>Urodził się w 1968 r w m. Strzelin W styczniu 1985 roku został współzałożycielem Międzyszkolnego Komitetu Oporu. W latach 1985-1986 współzakładał, szefował, drukował i pisywał do podziemnego pisma MKO „Szkoła Podziemna”. Organizował również punkt kolportażu. W latach 1986 &#8211; 1987 należał do redakcji podziemnego czasopisma „Szkoła”. W latach 1985 &#8211; 1988 brał udział w wielu [&hellip;]</p>
