{"id":2111,"date":"2021-03-17T09:23:38","date_gmt":"2021-03-17T09:23:38","guid":{"rendered":"http:\/\/ludzie.fundacja-pih.pl\/?post_type=product&#038;p=2111"},"modified":"2025-05-16T14:16:51","modified_gmt":"2025-05-16T14:16:51","slug":"kowal-lucyna","status":"publish","type":"product","link":"http:\/\/ludzie.fundacja-pih.pl\/index.php\/product\/kowal-lucyna\/","title":{"rendered":"Kowal Lucyna"},"content":{"rendered":"<p>Urodzi\u0142a si\u0119 w 1958 r. w Zi\u0119bicach. <\/p>\n<p>AW 1996 roku uko\u0144czy\u0142a studia pedagogiczne na Uniwersytecie Wroc\u0142awskim. W 2000 roku, na tej samej uczelni uko\u0144czy\u0142a Podyplomowe Studia z zakresie rewalidacji. W latach 1979 &#8211; 1981 pracowa\u0142a w hotelu \u201cNowotel\u201d, w S\u0105dzie Rejonowym Wroc\u0142aw-Fabryczna i w Zespole Szk\u00f3\u0142 Gastronomicznych. Od listopada 1981 roku do grudnia 1982 roku przebywa\u0142a na emigracji w Austrii. Po powrocie do kraju, w latach 1983 &#8211; 1984 by\u0142a zatrudniona jako wychowawczyni w Domu Pomocy Spo\u0142ecznej we Wroc\u0142awiu. W latach 1984 &#8211; 2008 pracowa\u0142a z dzie\u0107mi niepe\u0142nosprawnymi intelektualnie w Specjalnym O\u015brodku Szkolno-Wychowawczym Nr 8 we Wroc\u0142awiu. W 1983 roku zwi\u0105za\u0142a si\u0119 z opozycj\u0105 antykomunistyczn\u0105. W latach 1983 &#8211; 1985 drukowa\u0142a i kolportowa\u0142a wydawnictwa \u201eSolidarno\u015bci Walcz\u0105cej\u201d. W latach 1985 \u2013 1989 by\u0142a \u0142\u0105czniczk\u0105 Solidarno\u015bci Dolnego \u015al\u0105ska (grupa Janusza Laski). Bra\u0142a udzia\u0142 w wielu manifestacjach antyre\u017cimowych organizowanych we Wroc\u0142awiu przez struktury podziemia.<\/p>\n","protected":false},"excerpt":{"rendered":"<p>Urodzi\u0142a si\u0119 w 1958 r. w Zi\u0119bicach. AW 1996 roku uko\u0144czy\u0142a studia pedagogiczne na Uniwersytecie Wroc\u0142awskim. W 2000 roku, na tej samej uczelni uko\u0144czy\u0142a Podyplomowe Studia z zakresie rewalidacji. W latach 1979 &#8211; 1981 pracowa\u0142a w hotelu \u201cNowotel\u201d, w S\u0105dzie Rejonowym Wroc\u0142aw-Fabryczna i w Zespole Szk\u00f3\u0142 Gastronomicznych. Od listopada 1981 roku do grudnia 1982 roku [&hellip;]<\/p>\n","protected":false},"featured_media":906,"template":"","meta":[],"_links":{"self":[{"href":"http:\/\/ludzie.fundacja-pih.pl\/index.php\/wp-json\/wp\/v2\/product\/2111"}],"collection":[{"href":"http:\/\/ludzie.fundacja-pih.pl\/index.php\/wp-json\/wp\/v2\/product"}],"about":[{"href":"http:\/\/ludzie.fundacja-pih.pl\/index.php\/wp-json\/wp\/v2\/types\/product"}],"wp:featuredmedia":[{"embeddable":true,"href":"http:\/\/ludzie.fundacja-pih.pl\/index.php\/wp-json\/wp\/v2\/media\/906"}],"wp:attachment":[{"href":"http:\/\/ludzie.fundacja-pih.pl\/index.php\/wp-json\/wp\/v2\/media?parent=2111"}],"curies":[{"name":"wp","href":"https:\/\/api.w.org\/{rel}","templated":true}]}}