{"id":2114,"date":"2021-03-17T09:28:56","date_gmt":"2021-03-17T09:28:56","guid":{"rendered":"http:\/\/ludzie.fundacja-pih.pl\/?post_type=product&#038;p=2114"},"modified":"2025-05-16T14:16:52","modified_gmt":"2025-05-16T14:16:52","slug":"kras-genowefa","status":"publish","type":"product","link":"http:\/\/ludzie.fundacja-pih.pl\/index.php\/product\/kras-genowefa\/","title":{"rendered":"Kras Genowefa"},"content":{"rendered":"<p>Urodzi\u0142a si\u0119 w 1942 r. w m. Chotcza Dolna. <\/p>\n<p>1 wrze\u015bnia 1980 roku wst\u0105pi\u0142a do NSZZ \u201eSolidarno\u015b\u0107\u201d w ZPO \u201cIntermoda\u201d we Wroc\u0142awiu. W latach 1981 &#8211; 1989 uczestniczy\u0142a w dzia\u0142alno\u015bci konspiracyjnej. Od 1981 roku wspomaga\u0142a osoby represjonowane, bra\u0142a tak\u017ce udzia\u0142 w antyre\u017cimowych demonstracjach ulicznych. W mieszkaniu Genowefy Kras drukowano ulotki i przechowywano pras\u0119 niezale\u017cn\u0105. W latach 1982 &#8211; 1984 w jej mieszkaniu drukowano m.in. pisma RKS,SW i ugrupowa\u0144 m\u0142odzie\u017cowych m.in. pismo \u201cM\u0142odzie\u017c\u201d i \u201cImpuls\u201d. W 1984 roku, po aresztowaniu jednego z drukarzy, drukowa\u0142a wraz z synem \u201eZ Dnia Na Dzie\u0144\u201d. Robi\u0142a to do 13 grudnia 1984 roku, kiedy to w jej mieszkaniu przeprowadzono rewizj\u0119 i aresztowano syna, Waldemara Krasa. Mieszkanie Genowefy Kras S\u0142u\u017cba Bezpiecze\u0144stwa nachodzi\u0142a wielokrotnie. Mimo tego, a\u017c do czerwca 1989 roku w mieszkaniu tym przepisywano matryce, opracowywano makiety do pism niezale\u017cnych i organizowano spotkania konspiracyjne. Genowefa Kras bra\u0142a udzia\u0142 w kampanii wyborczej w 1989 roku. Po 1990 roku pracowa\u0142a w ZPO \u201cIntermoda\u201d, a\u017c do dnia przej\u015bcia na emerytur\u0119.<\/p>\n","protected":false},"excerpt":{"rendered":"<p>Urodzi\u0142a si\u0119 w 1942 r. w m. Chotcza Dolna. 1 wrze\u015bnia 1980 roku wst\u0105pi\u0142a do NSZZ \u201eSolidarno\u015b\u0107\u201d w ZPO \u201cIntermoda\u201d we Wroc\u0142awiu. W latach 1981 &#8211; 1989 uczestniczy\u0142a w dzia\u0142alno\u015bci konspiracyjnej. Od 1981 roku wspomaga\u0142a osoby represjonowane, bra\u0142a tak\u017ce udzia\u0142 w antyre\u017cimowych demonstracjach ulicznych. W mieszkaniu Genowefy Kras drukowano ulotki i przechowywano pras\u0119 niezale\u017cn\u0105. W [&hellip;]<\/p>\n","protected":false},"featured_media":906,"template":"","meta":[],"_links":{"self":[{"href":"http:\/\/ludzie.fundacja-pih.pl\/index.php\/wp-json\/wp\/v2\/product\/2114"}],"collection":[{"href":"http:\/\/ludzie.fundacja-pih.pl\/index.php\/wp-json\/wp\/v2\/product"}],"about":[{"href":"http:\/\/ludzie.fundacja-pih.pl\/index.php\/wp-json\/wp\/v2\/types\/product"}],"wp:featuredmedia":[{"embeddable":true,"href":"http:\/\/ludzie.fundacja-pih.pl\/index.php\/wp-json\/wp\/v2\/media\/906"}],"wp:attachment":[{"href":"http:\/\/ludzie.fundacja-pih.pl\/index.php\/wp-json\/wp\/v2\/media?parent=2114"}],"curies":[{"name":"wp","href":"https:\/\/api.w.org\/{rel}","templated":true}]}}