{"id":2116,"date":"2021-03-17T09:32:32","date_gmt":"2021-03-17T09:32:32","guid":{"rendered":"http:\/\/ludzie.fundacja-pih.pl\/?post_type=product&#038;p=2116"},"modified":"2025-05-16T14:16:53","modified_gmt":"2025-05-16T14:16:53","slug":"kuchta-bozena","status":"publish","type":"product","link":"http:\/\/ludzie.fundacja-pih.pl\/index.php\/product\/kuchta-bozena\/","title":{"rendered":"Kuchta Bo\u017cena"},"content":{"rendered":"<p>Urodzi\u0142a si\u0119  w 1955 r. w Sopocie<\/p>\n<p>By\u0142a aktywnie zaanga\u017cowana w rozbudow\u0119 struktur \u201eSolidarno\u015bci Walcz\u0105cej\u201d. Pracowa\u0142a przy redakcji technicznej biuletynu \u201ePoza Uk\u0142adem\u201d wydawanego przez Joann\u0119 Gwiazd\u0119. Wsp\u00f3\u0142pracowa\u0142a i wchodzi\u0142a w sk\u0142ad redakcji podziemnego czasopisma \u201eSolidarno\u015b\u0107 Walcz\u0105ca Grupy Stoczni im. Komuny Paryskiej w Gdyni.\u201d By\u0142a \u0142\u0105czniczk\u0105 podziemnych struktur \u201eSolidarno\u015bci Walcz\u0105cej\u201d w Tr\u00f3jmie\u015bcie. Udziela\u0142a go\u015bciny ukrywaj\u0105cym si\u0119 dzia\u0142aczom SW.<\/p>\n","protected":false},"excerpt":{"rendered":"<p>Urodzi\u0142a si\u0119 w 1955 r. w Sopocie By\u0142a aktywnie zaanga\u017cowana w rozbudow\u0119 struktur \u201eSolidarno\u015bci Walcz\u0105cej\u201d. Pracowa\u0142a przy redakcji technicznej biuletynu \u201ePoza Uk\u0142adem\u201d wydawanego przez Joann\u0119 Gwiazd\u0119. Wsp\u00f3\u0142pracowa\u0142a i wchodzi\u0142a w sk\u0142ad redakcji podziemnego czasopisma \u201eSolidarno\u015b\u0107 Walcz\u0105ca Grupy Stoczni im. Komuny Paryskiej w Gdyni.\u201d By\u0142a \u0142\u0105czniczk\u0105 podziemnych struktur \u201eSolidarno\u015bci Walcz\u0105cej\u201d w Tr\u00f3jmie\u015bcie. Udziela\u0142a go\u015bciny ukrywaj\u0105cym si\u0119 [&hellip;]<\/p>\n","protected":false},"featured_media":906,"template":"","meta":[],"_links":{"self":[{"href":"http:\/\/ludzie.fundacja-pih.pl\/index.php\/wp-json\/wp\/v2\/product\/2116"}],"collection":[{"href":"http:\/\/ludzie.fundacja-pih.pl\/index.php\/wp-json\/wp\/v2\/product"}],"about":[{"href":"http:\/\/ludzie.fundacja-pih.pl\/index.php\/wp-json\/wp\/v2\/types\/product"}],"wp:featuredmedia":[{"embeddable":true,"href":"http:\/\/ludzie.fundacja-pih.pl\/index.php\/wp-json\/wp\/v2\/media\/906"}],"wp:attachment":[{"href":"http:\/\/ludzie.fundacja-pih.pl\/index.php\/wp-json\/wp\/v2\/media?parent=2116"}],"curies":[{"name":"wp","href":"https:\/\/api.w.org\/{rel}","templated":true}]}}

Kuchta Bożena

<p>Urodziła się  w 1955 r. w Sopocie</p>
<p>Była aktywnie zaangażowana w rozbudowę struktur „Solidarności Walczącej”. Pracowała przy redakcji technicznej biuletynu „Poza Układem” wydawanego przez Joannę Gwiazdę. Współpracowała i wchodziła w skład redakcji podziemnego czasopisma „Solidarność Walcząca Grupy Stoczni im. Komuny Paryskiej w Gdyni.” Była łączniczką podziemnych struktur „Solidarności Walczącej” w Trójmieście. Udzielała gościny ukrywającym się działaczom SW.</p>

<p>Urodziła się w 1955 r. w Sopocie Była aktywnie zaangażowana w rozbudowę struktur „Solidarności Walczącej”. Pracowała przy redakcji technicznej biuletynu „Poza Układem” wydawanego przez Joannę Gwiazdę. Współpracowała i wchodziła w skład redakcji podziemnego czasopisma „Solidarność Walcząca Grupy Stoczni im. Komuny Paryskiej w Gdyni.” Była łączniczką podziemnych struktur „Solidarności Walczącej” w Trójmieście. Udzielała gościny ukrywającym się [&hellip;]</p>
