{"id":2118,"date":"2021-03-17T09:37:07","date_gmt":"2021-03-17T09:37:07","guid":{"rendered":"http:\/\/ludzie.fundacja-pih.pl\/?post_type=product&#038;p=2118"},"modified":"2025-05-16T14:16:54","modified_gmt":"2025-05-16T14:16:54","slug":"kuna-beata","status":"publish","type":"product","link":"http:\/\/ludzie.fundacja-pih.pl\/index.php\/product\/kuna-beata\/","title":{"rendered":"Kuna Beata"},"content":{"rendered":"<p>By\u0142a uczestnikiem strajku na Uniwersytecie Gda\u0144skim w 1988 roku \u2013 czynnie zaanga\u017cowanym w jego funkcjonowanie i organizacj\u0119. Nast\u0119pnie  w\u0142\u0105czy\u0142a si\u0119 w dzia\u0142ania Solidarno\u015bci Walcz\u0105cej \u2013 przede wszystkim w dzia\u0142ania przeciwko budowie elektrowni atomowej w \u017barnowcu, ale i w dzia\u0142ania kontestuj\u0105ce umow\u0119 okr\u0105g\u0142ego sto\u0142u.<\/p>\n","protected":false},"excerpt":{"rendered":"<p>By\u0142a uczestnikiem strajku na Uniwersytecie Gda\u0144skim w 1988 roku \u2013 czynnie zaanga\u017cowanym w jego funkcjonowanie i organizacj\u0119. Nast\u0119pnie w\u0142\u0105czy\u0142a si\u0119 w dzia\u0142ania Solidarno\u015bci Walcz\u0105cej \u2013 przede wszystkim w dzia\u0142ania przeciwko budowie elektrowni atomowej w \u017barnowcu, ale i w dzia\u0142ania kontestuj\u0105ce umow\u0119 okr\u0105g\u0142ego sto\u0142u.<\/p>\n","protected":false},"featured_media":906,"template":"","meta":[],"_links":{"self":[{"href":"http:\/\/ludzie.fundacja-pih.pl\/index.php\/wp-json\/wp\/v2\/product\/2118"}],"collection":[{"href":"http:\/\/ludzie.fundacja-pih.pl\/index.php\/wp-json\/wp\/v2\/product"}],"about":[{"href":"http:\/\/ludzie.fundacja-pih.pl\/index.php\/wp-json\/wp\/v2\/types\/product"}],"wp:featuredmedia":[{"embeddable":true,"href":"http:\/\/ludzie.fundacja-pih.pl\/index.php\/wp-json\/wp\/v2\/media\/906"}],"wp:attachment":[{"href":"http:\/\/ludzie.fundacja-pih.pl\/index.php\/wp-json\/wp\/v2\/media?parent=2118"}],"curies":[{"name":"wp","href":"https:\/\/api.w.org\/{rel}","templated":true}]}}

<p>Była uczestnikiem strajku na Uniwersytecie Gdańskim w 1988 roku – czynnie zaangażowanym w jego funkcjonowanie i organizację. Następnie  włączyła się w działania Solidarności Walczącej – przede wszystkim w działania przeciwko budowie elektrowni atomowej w Żarnowcu, ale i w działania kontestujące umowę okrągłego stołu.</p>

<p>Była uczestnikiem strajku na Uniwersytecie Gdańskim w 1988 roku – czynnie zaangażowanym w jego funkcjonowanie i organizację. Następnie włączyła się w działania Solidarności Walczącej – przede wszystkim w działania przeciwko budowie elektrowni atomowej w Żarnowcu, ale i w działania kontestujące umowę okrągłego stołu.</p>
