{"id":2122,"date":"2021-03-17T09:48:18","date_gmt":"2021-03-17T09:48:18","guid":{"rendered":"http:\/\/ludzie.fundacja-pih.pl\/?post_type=product&#038;p=2122"},"modified":"2025-05-16T14:16:56","modified_gmt":"2025-05-16T14:16:56","slug":"malawski-piotr","status":"publish","type":"product","link":"http:\/\/ludzie.fundacja-pih.pl\/index.php\/product\/malawski-piotr\/","title":{"rendered":"Malawski Piotr"},"content":{"rendered":"<p>Urodzi\u0142 si\u0119 27 czerwca 1969 roku we Wroc\u0142awiu<\/p>\n<p>Od 1982 roku, jako ucze\u0144 SP, wielokrotnie bra\u0142 udzia\u0142 w antyre\u017cimowych demonstracjach i starciach z ZOMO. Od 1983 roku kolportowa\u0142 m\u0142odzie\u017cow\u0105 pras\u0119 podziemn\u0105 w tym m.in.: \u201eWyrostek\u201d, \u201eCo u nas\u201d, \u201eImpuls\u201d, \u201eM\u0142odzie\u017c\u201d, wydawnictwa RKS \u201eS\u201d w tym g\u0142\u00f3wnie \u201eZ Dnia na Dzie\u0144\u201d oraz pras\u0119 \u201eSolidarno\u015bci Walcz\u0105cej\u201d. W 1985 roku wsp\u00f3\u0142inicjowa\u0142 stworzenie we Wroc\u0142awiu struktury Federacji M\u0142odzie\u017cy Walcz\u0105cej. W tym samym roku przej\u015bciowo uda\u0142o si\u0119 zintegrowa\u0107 opozycyjne grupy m\u0142odzie\u017cowe Wroc\u0142awia z FMW Gda\u0144ska, Krakowa i Warszawy. W 1987 roku organizowa\u0142 demonstracj\u0119 wraz z 89 wroc\u0142awskimi radyka\u0142ami FMW. Od 1985 roku dzia\u0142a\u0142 w Mi\u0119dzyszkolnym Komitecie Oporu, wydawa\u0142 te\u017c pisma \u201eHej\u201d i \u201eSzko\u0142a\u201d. W latach 1986 &#8211; 1988 szefowa\u0142 konspiracyjnej strukturze, by\u0142 odpowiedzialny g\u0142\u00f3wnie za kolporta\u017c wydawnictw Mi\u0119dzyszkolnego Komitetu Oporu na terenie I LO we Wroc\u0142awiu. W 1986 roku wszed\u0142 w sk\u0142ad Grup Wykonawczych Solidarno\u015bci Walcz\u0105cej. Organizowa\u0142 akcje ulotkowe, akcje malowania antyre\u017cimowych hase\u0142 na murach i rozwieszania transparent\u00f3w. Bra\u0142 udzia\u0142 w niszczeniu komunistycznych napis\u00f3w propagandowych. Od 1986 uczestniczy\u0142 w demonstracjach i pikietach Ruchu WiP. By\u0142 kilkakrotnie pobity przez MO, zatrzymywany na 48 godzin, przes\u0142uchiwany przez SB. W 1987 roku zosta\u0142 wsp\u00f3\u0142inicjatorem dzia\u0142alno\u015bci \u201ePomara\u0144czowej Alternatywy\u201d. 1 maja 1988 roku, w czasie demonstracji we Wroc\u0142awiu, zosta\u0142 zatrzymany na 48 godzin i ci\u0119\u017cko pobity. We wrze\u015bniu 1988 roku wsp\u00f3\u0142organizowa\u0142 Ruch M\u0142odzie\u017cy Niezale\u017cnej. W latach 1986 \u2013 1989 podczas letnich pielgrzymek do Cz\u0119stochowy prowadzi\u0142 sprzeda\u017c podziemnych wydawnictw. W latach 1985 \u2013 1989 organizowa\u0142 akcje kolporta\u017cu podziemnych materia\u0142\u00f3w na Festiwalu Muzyki Rockowej w Jarocinie. <\/p>\n","protected":false},"excerpt":{"rendered":"<p>Urodzi\u0142 si\u0119 27 czerwca 1969 roku we Wroc\u0142awiu Od 1982 roku, jako ucze\u0144 SP, wielokrotnie bra\u0142 udzia\u0142 w antyre\u017cimowych demonstracjach i starciach z ZOMO. Od 1983 roku kolportowa\u0142 m\u0142odzie\u017cow\u0105 pras\u0119 podziemn\u0105 w tym m.in.: \u201eWyrostek\u201d, \u201eCo u nas\u201d, \u201eImpuls\u201d, \u201eM\u0142odzie\u017c\u201d, wydawnictwa RKS \u201eS\u201d w tym g\u0142\u00f3wnie \u201eZ Dnia na Dzie\u0144\u201d oraz pras\u0119 \u201eSolidarno\u015bci Walcz\u0105cej\u201d. W [&hellip;]<\/p>\n","protected":false},"featured_media":3660,"template":"","meta":[],"_links":{"self":[{"href":"http:\/\/ludzie.fundacja-pih.pl\/index.php\/wp-json\/wp\/v2\/product\/2122"}],"collection":[{"href":"http:\/\/ludzie.fundacja-pih.pl\/index.php\/wp-json\/wp\/v2\/product"}],"about":[{"href":"http:\/\/ludzie.fundacja-pih.pl\/index.php\/wp-json\/wp\/v2\/types\/product"}],"wp:featuredmedia":[{"embeddable":true,"href":"http:\/\/ludzie.fundacja-pih.pl\/index.php\/wp-json\/wp\/v2\/media\/3660"}],"wp:attachment":[{"href":"http:\/\/ludzie.fundacja-pih.pl\/index.php\/wp-json\/wp\/v2\/media?parent=2122"}],"curies":[{"name":"wp","href":"https:\/\/api.w.org\/{rel}","templated":true}]}}