{"id":2145,"date":"2021-03-17T10:39:47","date_gmt":"2021-03-17T10:39:47","guid":{"rendered":"http:\/\/ludzie.fundacja-pih.pl\/?post_type=product&#038;p=2145"},"modified":"2025-05-16T14:17:03","modified_gmt":"2025-05-16T14:17:03","slug":"wisniewski-tomasz","status":"publish","type":"product","link":"http:\/\/ludzie.fundacja-pih.pl\/index.php\/product\/wisniewski-tomasz\/","title":{"rendered":"Wi\u015bniewski Tomasz"},"content":{"rendered":"<p>Urodzi\u0142 si\u0119 w 1971 r. we Wroc\u0142awiu.<\/p>\n<p>W latach 1986 &#8211; 1989 by\u0142 uczniem VI LO we Wroc\u0142awiu. W latach  1987 \u2013 1989 dzia\u0142a\u0142 w opozycji niepodleg\u0142o\u015bciowej. Od 1987 roku by\u0142 zaanga\u017cowany w kolporta\u017c podziemnej prasy, w tym tytu\u0142\u00f3w takich jak: \u201eSzko\u0142a\u201d, \u201eZ Dnia na Dzie\u0144\u201d, \u201eRegion\u201d, \u201eSolidarno\u015b\u0107 Walcz\u0105ca\u201d, \u201eTygodnik Mazowsze\u201d. Przeprowadza\u0142 akcje malowania antyre\u017cimowych hase\u0142 na murach, rozrzuca\u0142 ulotki w miejscach publicznych. Organizowa\u0142 na terenie w\u0142asnej szko\u0142y tzw. ciche przerwy w rocznice wprowadzenia stanu wojennego oraz akcje upami\u0119tnienia innych wydarze\u0144 z historii Polski. 13 czerwca 1987 roku zosta\u0142 zatrzymany podczas wizyty Jana Paw\u0142a II w \u0141odzi. 1 maja 1989 roku zatrzymano go podczas demonstracji \u201eSolidarno\u015bci Walcz\u0105cej\u201d we Wroc\u0142awiu, a nast\u0119pnie postawiono w stan oskar\u017cenia. W tym samym roku zosta\u0142 obj\u0119ty abolicj\u0105 sejmow\u0105. Dzia\u0142a\u0142 w Mi\u0119dzyszkolnym Komitecie Oporu i w Federacji M\u0142odzie\u017cy Walcz\u0105cej. Po roku 1989 kontynuowa\u0142 nauk\u0119 w  og\u00f3lnokszta\u0142c\u0105cym, a nast\u0119pnie podj\u0105\u0142 studia na  Uniwersytecie Wroc\u0142awskim. Obecnie prowadzi dzia\u0142alno\u015b\u0107 gospodarcz\u0105.<\/p>\n","protected":false},"excerpt":{"rendered":"<p>Urodzi\u0142 si\u0119 w 1971 r. we Wroc\u0142awiu. W latach 1986 &#8211; 1989 by\u0142 uczniem VI LO we Wroc\u0142awiu. W latach 1987 \u2013 1989 dzia\u0142a\u0142 w opozycji niepodleg\u0142o\u015bciowej. Od 1987 roku by\u0142 zaanga\u017cowany w kolporta\u017c podziemnej prasy, w tym tytu\u0142\u00f3w takich jak: \u201eSzko\u0142a\u201d, \u201eZ Dnia na Dzie\u0144\u201d, \u201eRegion\u201d, \u201eSolidarno\u015b\u0107 Walcz\u0105ca\u201d, \u201eTygodnik Mazowsze\u201d. Przeprowadza\u0142 akcje malowania antyre\u017cimowych [&hellip;]<\/p>\n","protected":false},"featured_media":3612,"template":"","meta":[],"_links":{"self":[{"href":"http:\/\/ludzie.fundacja-pih.pl\/index.php\/wp-json\/wp\/v2\/product\/2145"}],"collection":[{"href":"http:\/\/ludzie.fundacja-pih.pl\/index.php\/wp-json\/wp\/v2\/product"}],"about":[{"href":"http:\/\/ludzie.fundacja-pih.pl\/index.php\/wp-json\/wp\/v2\/types\/product"}],"wp:featuredmedia":[{"embeddable":true,"href":"http:\/\/ludzie.fundacja-pih.pl\/index.php\/wp-json\/wp\/v2\/media\/3612"}],"wp:attachment":[{"href":"http:\/\/ludzie.fundacja-pih.pl\/index.php\/wp-json\/wp\/v2\/media?parent=2145"}],"curies":[{"name":"wp","href":"https:\/\/api.w.org\/{rel}","templated":true}]}}