{"id":2155,"date":"2021-03-17T11:03:21","date_gmt":"2021-03-17T11:03:21","guid":{"rendered":"http:\/\/ludzie.fundacja-pih.pl\/?post_type=product&#038;p=2155"},"modified":"2025-05-16T14:17:07","modified_gmt":"2025-05-16T14:17:07","slug":"jaranowski-leszek","status":"publish","type":"product","link":"http:\/\/ludzie.fundacja-pih.pl\/index.php\/product\/jaranowski-leszek\/","title":{"rendered":"Jaranowski Leszek"},"content":{"rendered":"<p>Urodzi\u0142 si\u0119 25 marca 1958 roku w Krakowie.<\/p>\n<p>W latach 1979 &#8211; 1980 wsp\u00f3\u0142pracowa\u0142 z WZZ. We wrze\u015bniu 1980 roku wst\u0105pi\u0142 do NSZZ \u201eSolidarno\u015b\u0107\u201d. Do grudnia 1981 roku przewodniczy\u0142 Komisji Wydzia\u0142owej Centrum Obr\u00f3bczego WSK-PZL, a tak\u017ce nale\u017ca\u0142 do KZ. Po wprowadzeniu stanu wojennego, w dniach 13 &#8211; 14 grudnia 1981 roku, bra\u0142 udzia\u0142 w strajku w WSK-PZL i przewodniczy\u0142  KS. W latach 1982 &#8211; 1989 by\u0142 cz\u0142onkiem TKZ w ww. zak\u0142adzie pracy, wsp\u00f3\u0142pracowa\u0142 z MKS Nowa Huta oraz z RKW\/RKS Ma\u0142opolska. Od 1982 roku by\u0142 zaanga\u017cowany w niezale\u017cn\u0105 dzia\u0142alno\u015b\u0107 wydawnicz\u0105 jako redaktor, autor tekst\u00f3w, organizator transportu i lokali, drukarz oraz dostawca sprz\u0119tu poligraficznego. W 1982 roku zosta\u0142 wsp\u00f3\u0142za\u0142o\u017cycielem pisma \u201eJeste\u015bmy, b\u0119dziemy\u2026\u201d, za\u0142o\u017cy\u0142 r\u00f3wnie\u017c czasopismo \u201eMiscellanea\u201d. W latach 1982 &#8211; 1983 wsp\u00f3\u0142pracowa\u0142 z \u201eSerwisem Informacyjnym RKW\/RKS\u201d oraz \u201eAktualno\u015bciami RKW\/RKS\u201d. Od 1983 roku by\u0142 wsp\u00f3\u0142pracownikiem \u201eHutnika\u201d. W 1982 roku zosta\u0142 kolporterem i organizatorem sieci kolporta\u017cu takich czasopism jak m.in.: \u201eSerwis Informacyjny RKW\/RKS\u201d, \u201eAktualno\u015bci RKW\/RKS\u201d, \u201eHutnik\u201d, \u201eSolidarno\u015b\u0107 Grzeg\u00f3rzecka\u201d, \u201eMa\u0142a Polska\u201d, \u201eSolidarno\u015b\u0107 Hutnik\u00f3w\u201d, \u201eParagraf\u201d, \u201eBez dekretu\u201d, \u201eTygodnik Mazowsze\u201d, \u201eArka\u201d oraz ksi\u0105\u017cek NOW-ej i Biblioteki Obserwatora Wojennego. W tym samym roku za\u0142o\u017cy\u0142, zorganizow\u0105 i zacz\u0105\u0142 prowadzi\u0107 biblioteki wydawnictw niezale\u017cnych, w tym m.in.: w latach 1982 &#8211; 1983 biblioteki TKZ w WSK-PZL; w latach 1985 &#8211; 1989 w PAN; w tym samym okresie w Konfraterni Robotniczej w Krakowie-Mistrzejowicach. 5 listopada 1982 roku zosta\u0142 powo\u0142any do s\u0142u\u017cby wojskowej w Wojskowym Obozie Specjalnym w Czerwonym Borze, gdzie przebywa\u0142 do ko\u0144ca lutego 1983 roku. W latach 1982 &#8211; 1985 by\u0142 wielokrotnie zatrzymywany i przes\u0142uchiwany przez SB. W latach 1985 &#8211; 1986 wsp\u00f3\u0142pracowa\u0142 z Porozumieniem Prasowym \u201eSolidarno\u015b\u0107 Zwyci\u0119\u017cy\u201d i Pomara\u0144czow\u0105 Alternatyw\u0105. W latach 1987 &#8211; 1989 by\u0142 wsp\u00f3\u0142pracownikiem Federacji M\u0142odzie\u017cy Walcz\u0105cej i \u201eSolidarno\u015bci Walcz\u0105cej\u201d. W 1988 roku w czasie strajku w Hucie im. Lenina w Krakowie-Nowej Hucie by\u0142 redaktorem, wydawc\u0105, drukarzem i kolporterem \u201eHutnika\u201d. W 1989 roku uczestniczy\u0142 w przygotowaniach do wybor\u00f3w 4 czerwca, w ramach kt\u00f3rych drukowa\u0142 ulotki wyborcze i zajmowa\u0142 si\u0119 plakatowaniem. By\u0142 zaanga\u017cowany w prac\u0119 Sekcji Informacji ZR Ma\u0142opolska \u201eS\u201d, w 1990, dzia\u0142ania Sekcji Informacji Komisji Robotniczej Hutnik\u00f3w \u201eS\u201d, w latach 1990 &#8211; 1991 dzia\u0142a\u0142 w Sekcji Informacji KZ Krakowskich Zak\u0142ad\u00f3w Przemys\u0142u Tytoniowego. Za swoj\u0105 dzia\u0142alno\u015b\u0107 zosta\u0142 odznaczony w 2009 roku Krzy\u017cem Oficerskim Orderu Odrodzenia Polski.<\/p>\n","protected":false},"excerpt":{"rendered":"<p>Urodzi\u0142 si\u0119 25 marca 1958 roku w Krakowie. W latach 1979 &#8211; 1980 wsp\u00f3\u0142pracowa\u0142 z WZZ. We wrze\u015bniu 1980 roku wst\u0105pi\u0142 do NSZZ \u201eSolidarno\u015b\u0107\u201d. Do grudnia 1981 roku przewodniczy\u0142 Komisji Wydzia\u0142owej Centrum Obr\u00f3bczego WSK-PZL, a tak\u017ce nale\u017ca\u0142 do KZ. Po wprowadzeniu stanu wojennego, w dniach 13 &#8211; 14 grudnia 1981 roku, bra\u0142 udzia\u0142 w strajku [&hellip;]<\/p>\n","protected":false},"featured_media":2894,"template":"","meta":[],"_links":{"self":[{"href":"http:\/\/ludzie.fundacja-pih.pl\/index.php\/wp-json\/wp\/v2\/product\/2155"}],"collection":[{"href":"http:\/\/ludzie.fundacja-pih.pl\/index.php\/wp-json\/wp\/v2\/product"}],"about":[{"href":"http:\/\/ludzie.fundacja-pih.pl\/index.php\/wp-json\/wp\/v2\/types\/product"}],"wp:featuredmedia":[{"embeddable":true,"href":"http:\/\/ludzie.fundacja-pih.pl\/index.php\/wp-json\/wp\/v2\/media\/2894"}],"wp:attachment":[{"href":"http:\/\/ludzie.fundacja-pih.pl\/index.php\/wp-json\/wp\/v2\/media?parent=2155"}],"curies":[{"name":"wp","href":"https:\/\/api.w.org\/{rel}","templated":true}]}}

<p>Urodził się 25 marca 1958 roku w Krakowie.</p>
<p>W latach 1979 &#8211; 1980 współpracował z WZZ. We wrześniu 1980 roku wstąpił do NSZZ „Solidarność”. Do grudnia 1981 roku przewodniczył Komisji Wydziałowej Centrum Obróbczego WSK-PZL, a także należał do KZ. Po wprowadzeniu stanu wojennego, w dniach 13 &#8211; 14 grudnia 1981 roku, brał udział w strajku w WSK-PZL i przewodniczył  KS. W latach 1982 &#8211; 1989 był członkiem TKZ w ww. zakładzie pracy, współpracował z MKS Nowa Huta oraz z RKW/RKS Małopolska. Od 1982 roku był zaangażowany w niezależną działalność wydawniczą jako redaktor, autor tekstów, organizator transportu i lokali, drukarz oraz dostawca sprzętu poligraficznego. W 1982 roku został współzałożycielem pisma „Jesteśmy, będziemy…”, założył również czasopismo „Miscellanea”. W latach 1982 &#8211; 1983 współpracował z „Serwisem Informacyjnym RKW/RKS” oraz „Aktualnościami RKW/RKS”. Od 1983 roku był współpracownikiem „Hutnika”. W 1982 roku został kolporterem i organizatorem sieci kolportażu takich czasopism jak m.in.: „Serwis Informacyjny RKW/RKS”, „Aktualności RKW/RKS”, „Hutnik”, „Solidarność Grzegórzecka”, „Mała Polska”, „Solidarność Hutników”, „Paragraf”, „Bez dekretu”, „Tygodnik Mazowsze”, „Arka” oraz książek NOW-ej i Biblioteki Obserwatora Wojennego. W tym samym roku założył, zorganizową i zaczął prowadzić biblioteki wydawnictw niezależnych, w tym m.in.: w latach 1982 &#8211; 1983 biblioteki TKZ w WSK-PZL; w latach 1985 &#8211; 1989 w PAN; w tym samym okresie w Konfraterni Robotniczej w Krakowie-Mistrzejowicach. 5 listopada 1982 roku został powołany do służby wojskowej w Wojskowym Obozie Specjalnym w Czerwonym Borze, gdzie przebywał do końca lutego 1983 roku. W latach 1982 &#8211; 1985 był wielokrotnie zatrzymywany i przesłuchiwany przez SB. W latach 1985 &#8211; 1986 współpracował z Porozumieniem Prasowym „Solidarność Zwycięży” i Pomarańczową Alternatywą. W latach 1987 &#8211; 1989 był współpracownikiem Federacji Młodzieży Walczącej i „Solidarności Walczącej”. W 1988 roku w czasie strajku w Hucie im. Lenina w Krakowie-Nowej Hucie był redaktorem, wydawcą, drukarzem i kolporterem „Hutnika”. W 1989 roku uczestniczył w przygotowaniach do wyborów 4 czerwca, w ramach których drukował ulotki wyborcze i zajmował się plakatowaniem. Był zaangażowany w pracę Sekcji Informacji ZR Małopolska „S”, w 1990, działania Sekcji Informacji Komisji Robotniczej Hutników „S”, w latach 1990 &#8211; 1991 działał w Sekcji Informacji KZ Krakowskich Zakładów Przemysłu Tytoniowego. Za swoją działalność został odznaczony w 2009 roku Krzyżem Oficerskim Orderu Odrodzenia Polski.</p>

<p>Urodził się 25 marca 1958 roku w Krakowie. W latach 1979 &#8211; 1980 współpracował z WZZ. We wrześniu 1980 roku wstąpił do NSZZ „Solidarność”. Do grudnia 1981 roku przewodniczył Komisji Wydziałowej Centrum Obróbczego WSK-PZL, a także należał do KZ. Po wprowadzeniu stanu wojennego, w dniach 13 &#8211; 14 grudnia 1981 roku, brał udział w strajku [&hellip;]</p>
