{"id":2161,"date":"2021-03-17T11:34:42","date_gmt":"2021-03-17T11:34:42","guid":{"rendered":"http:\/\/ludzie.fundacja-pih.pl\/?post_type=product&#038;p=2161"},"modified":"2025-05-16T14:17:09","modified_gmt":"2025-05-16T14:17:09","slug":"lemanski-jerzy","status":"publish","type":"product","link":"http:\/\/ludzie.fundacja-pih.pl\/index.php\/product\/lemanski-jerzy\/","title":{"rendered":"Lema\u0144ski Jerzy"},"content":{"rendered":"<p>Urodzi\u0142 si\u0119 w 1956 r. we Wroc\u0142awiu<\/p>\n<p>Po wprowadzeniu stanu wojennego zaanga\u017cowa\u0142 si\u0119 w prac\u0119 konspiracyjn\u0105. W ramach tej dzia\u0142alno\u015bci drukowa\u0142 ulotki, pras\u0119 podziemnej, zajmowa\u0142 si\u0119 koporta\u017cem, organizowa\u0142 miejsca druku druku, go\u015bci\u0142 r\u00f3wnie\u017c w swoim mieszkaniu dysydent\u00f3w z \u00f3wczesnego ZSRR udzielaj\u0105c im schronienia i organizuj\u0105c spotkania z dzia\u0142aczami \u201eSolidarno\u015bci Walcz\u0105cej\u201d. W 1985 roku przy\u0142\u0105czy\u0142 si\u0119 do struktur wroc\u0142awskiej \u201eSolidarno\u015bci Walcz\u0105cej\u201d i zosta\u0142 jej zaprzysi\u0119\u017conym cz\u0142onkiem. Wsp\u00f3\u0142pracowa\u0142 r\u00f3wnie\u017c z Porozumieniem Prasowym \u201cSolidarno\u015b\u0107 Zwyci\u0119\u017cy\u201d. W swoim mieszkaniu przyjmowa\u0142 dziennikarzy z Norwegii, Litwy oraz innych kraj\u00f3w i organizowa\u0142 im spotkania prasowe. Mieszkanie Jerzego i Aurelii Lema\u0144skich by\u0142o wa\u017cnym lokalem kontaktowym  dla \u201eSW\u201d Oddzia\u0142u Krakowskiego (przynajmniej raz w miesi\u0105cu przyje\u017cd\u017ca\u0142 tu kurier z Krakowa na kontakt z kierownictwem \u201eSolidarno\u015bci Walcz\u0105cej\u201d). Do mieszkania Lema\u0144skich przywo\u017cono te\u017c du\u017ce ilo\u015bci prasy podziemnej z Ma\u0142opolski, Podkarpacia i G\u00f3rnego \u015al\u0105ska. W 1988 roku Jerzy Lema\u0144ski wsp\u00f3\u0142zak\u0142ada\u0142 niezale\u017cne czasopismo \u201cVade Mecum\u201d, nast\u0119pnie bra\u0142 udzia\u0142 w jego redagowaniu i w organizacji druku. Zajmowa\u0142 si\u0119 tak\u017ce organizacj\u0105 sprz\u0119tu poligraficznego, papieru, matryc bia\u0142kowych, a w p\u00f3\u017aniejszym czasie blach offsetowych. Z mieszkania Jerzego i Aureli korzysta\u0142 poszukiwany przez SB Kornel Morawiecki po nielegalnym powrocie z deportacji do Polski w 1988 roku.<\/p>\n","protected":false},"excerpt":{"rendered":"<p>Urodzi\u0142 si\u0119 w 1956 r. we Wroc\u0142awiu Po wprowadzeniu stanu wojennego zaanga\u017cowa\u0142 si\u0119 w prac\u0119 konspiracyjn\u0105. W ramach tej dzia\u0142alno\u015bci drukowa\u0142 ulotki, pras\u0119 podziemnej, zajmowa\u0142 si\u0119 koporta\u017cem, organizowa\u0142 miejsca druku druku, go\u015bci\u0142 r\u00f3wnie\u017c w swoim mieszkaniu dysydent\u00f3w z \u00f3wczesnego ZSRR udzielaj\u0105c im schronienia i organizuj\u0105c spotkania z dzia\u0142aczami \u201eSolidarno\u015bci Walcz\u0105cej\u201d. W 1985 roku przy\u0142\u0105czy\u0142 si\u0119 [&hellip;]<\/p>\n","protected":false},"featured_media":2765,"template":"","meta":[],"_links":{"self":[{"href":"http:\/\/ludzie.fundacja-pih.pl\/index.php\/wp-json\/wp\/v2\/product\/2161"}],"collection":[{"href":"http:\/\/ludzie.fundacja-pih.pl\/index.php\/wp-json\/wp\/v2\/product"}],"about":[{"href":"http:\/\/ludzie.fundacja-pih.pl\/index.php\/wp-json\/wp\/v2\/types\/product"}],"wp:featuredmedia":[{"embeddable":true,"href":"http:\/\/ludzie.fundacja-pih.pl\/index.php\/wp-json\/wp\/v2\/media\/2765"}],"wp:attachment":[{"href":"http:\/\/ludzie.fundacja-pih.pl\/index.php\/wp-json\/wp\/v2\/media?parent=2161"}],"curies":[{"name":"wp","href":"https:\/\/api.w.org\/{rel}","templated":true}]}}