{"id":2164,"date":"2021-03-17T11:41:52","date_gmt":"2021-03-17T11:41:52","guid":{"rendered":"http:\/\/ludzie.fundacja-pih.pl\/?post_type=product&#038;p=2164"},"modified":"2025-05-16T14:17:10","modified_gmt":"2025-05-16T14:17:10","slug":"parek-lagle-estonia","status":"publish","type":"product","link":"http:\/\/ludzie.fundacja-pih.pl\/index.php\/product\/parek-lagle-estonia\/","title":{"rendered":"Parek Lagle (Estonia)"},"content":{"rendered":"<p>Urodzi\u0142a si\u0119 14 kwietnia 1941 roku, w P\u00e4rnu, Estonia.<\/p>\n<p>W roku 1949 zosta\u0142 zes\u0142ana do obwodu Nowosybirskiego na Syberii jako cz\u0142onek rodziny bur\u017cuazyjnego nacjonalisty. Od 1975 roku nale\u017ca\u0142a do Esto\u0144skiego Ruchu Sprzeciwu Wobec Sowieckiej W\u0142adzy. W 1983 roku zosta\u0142a aresztowana i skazana na kar\u0119 sze\u015bciu lat \u0142agr\u00f3w o zaostrzonym re\u017cimie, oraz na 3 lata zsy\u0142ki. Jednym z punkt\u00f3w oskar\u017cenia by\u0142a \u201ewsp\u00f3\u0142praca z polsk\u0105 \u201eSolidarno\u015bci\u0105\u201d. Lagle Parek od samego pocz\u0105tku istnienia \u201eSolidarno\u015bci\u201d wyra\u017ca\u0142a jawn\u0105 sympati\u0119 z tym ruchem. W latach 1988 \u2013 1993 przewodniczy\u0142a partii Narodowa Niepodleg\u0142o\u015b\u0107 Estonii. Lagle Parek do dzi\u015b jest cz\u0142onkiem tej partii. Pod koniec lat osiemdziesi\u0105tych XX wieku wesz\u0142a w sk\u0142ad  Kongresu Estonii i Komitetu Esto\u0144skiego (organ wykonawczy Kongresu Estonii). W pierwszym rz\u0105dzie niepodleg\u0142ej ju\u017c Estonii, Lagle Parek piastowa\u0142a stanowisko Ministra Spraw Wewn\u0119trznych. W 1990 roku rozpocz\u0119\u0142a wsp\u00f3\u0142prac\u0119 z \u201eSolidarno\u015bci\u0105 Walcz\u0105c\u0105\u201d. By\u0142a cz\u0142onkiem-za\u0142o\u017cycielem powo\u0142anego w Warszawie \u201eCentrum Koordynacyjnego Warszawa \u201990\u201d (organizacja niepodleg\u0142o\u015bciowych ruch\u00f3w i partii z terytorium ZSRR, oraz m. in. z  Polski, Czechos\u0142owacji, Bu\u0142garii, Laosu). Lagle Parek w 2007 roku zosta\u0142a wybrana \u201eObywatelem Roku\u201d w Estonii. W 2001 roku pa\u0144stwo watyka\u0144skie uhonorowa\u0142o j\u0105 orderem  \u201cDe Equestri Ordine S.Gregorii Magni, Classis Civilis\u201d. W 2009 otrzyma\u0142a Order Zas\u0142ugi RP.<\/p>\n","protected":false},"excerpt":{"rendered":"<p>Urodzi\u0142a si\u0119 14 kwietnia 1941 roku, w P\u00e4rnu, Estonia. W roku 1949 zosta\u0142 zes\u0142ana do obwodu Nowosybirskiego na Syberii jako cz\u0142onek rodziny bur\u017cuazyjnego nacjonalisty. Od 1975 roku nale\u017ca\u0142a do Esto\u0144skiego Ruchu Sprzeciwu Wobec Sowieckiej W\u0142adzy. W 1983 roku zosta\u0142a aresztowana i skazana na kar\u0119 sze\u015bciu lat \u0142agr\u00f3w o zaostrzonym re\u017cimie, oraz na 3 lata zsy\u0142ki. [&hellip;]<\/p>\n","protected":false},"featured_media":2938,"template":"","meta":[],"_links":{"self":[{"href":"http:\/\/ludzie.fundacja-pih.pl\/index.php\/wp-json\/wp\/v2\/product\/2164"}],"collection":[{"href":"http:\/\/ludzie.fundacja-pih.pl\/index.php\/wp-json\/wp\/v2\/product"}],"about":[{"href":"http:\/\/ludzie.fundacja-pih.pl\/index.php\/wp-json\/wp\/v2\/types\/product"}],"wp:featuredmedia":[{"embeddable":true,"href":"http:\/\/ludzie.fundacja-pih.pl\/index.php\/wp-json\/wp\/v2\/media\/2938"}],"wp:attachment":[{"href":"http:\/\/ludzie.fundacja-pih.pl\/index.php\/wp-json\/wp\/v2\/media?parent=2164"}],"curies":[{"name":"wp","href":"https:\/\/api.w.org\/{rel}","templated":true}]}}

<p>Urodziła się 14 kwietnia 1941 roku, w Pärnu, Estonia.</p>
<p>W roku 1949 został zesłana do obwodu Nowosybirskiego na Syberii jako członek rodziny burżuazyjnego nacjonalisty. Od 1975 roku należała do Estońskiego Ruchu Sprzeciwu Wobec Sowieckiej Władzy. W 1983 roku została aresztowana i skazana na karę sześciu lat łagrów o zaostrzonym reżimie, oraz na 3 lata zsyłki. Jednym z punktów oskarżenia była „współpraca z polską „Solidarnością”. Lagle Parek od samego początku istnienia „Solidarności” wyrażała jawną sympatię z tym ruchem. W latach 1988 – 1993 przewodniczyła partii Narodowa Niepodległość Estonii. Lagle Parek do dziś jest członkiem tej partii. Pod koniec lat osiemdziesiątych XX wieku weszła w skład  Kongresu Estonii i Komitetu Estońskiego (organ wykonawczy Kongresu Estonii). W pierwszym rządzie niepodległej już Estonii, Lagle Parek piastowała stanowisko Ministra Spraw Wewnętrznych. W 1990 roku rozpoczęła współpracę z „Solidarnością Walczącą”. Była członkiem-założycielem powołanego w Warszawie „Centrum Koordynacyjnego Warszawa ’90” (organizacja niepodległościowych ruchów i partii z terytorium ZSRR, oraz m. in. z  Polski, Czechosłowacji, Bułgarii, Laosu). Lagle Parek w 2007 roku została wybrana „Obywatelem Roku” w Estonii. W 2001 roku państwo watykańskie uhonorowało ją orderem  “De Equestri Ordine S.Gregorii Magni, Classis Civilis”. W 2009 otrzymała Order Zasługi RP.</p>

<p>Urodziła się 14 kwietnia 1941 roku, w Pärnu, Estonia. W roku 1949 został zesłana do obwodu Nowosybirskiego na Syberii jako członek rodziny burżuazyjnego nacjonalisty. Od 1975 roku należała do Estońskiego Ruchu Sprzeciwu Wobec Sowieckiej Władzy. W 1983 roku została aresztowana i skazana na karę sześciu lat łagrów o zaostrzonym reżimie, oraz na 3 lata zsyłki. [&hellip;]</p>
