{"id":2168,"date":"2021-03-17T11:53:36","date_gmt":"2021-03-17T11:53:36","guid":{"rendered":"http:\/\/ludzie.fundacja-pih.pl\/?post_type=product&#038;p=2168"},"modified":"2025-05-16T14:17:12","modified_gmt":"2025-05-16T14:17:12","slug":"sakaliene-genovaite-litwa","status":"publish","type":"product","link":"http:\/\/ludzie.fundacja-pih.pl\/index.php\/product\/sakaliene-genovaite-litwa\/","title":{"rendered":"\u0160akalien\u0117 Genovait\u0117 (Litwa)"},"content":{"rendered":"<p>Wieloletnia dzia\u0142aczka Ligi Wolno\u015bci Litwy, \u017cona jednego z lider\u00f3w LWL, Vladasa \u0160akalysa, kt\u00f3ry uciekaj\u0105c przed kolejnym aresztowaniem, przekroczy\u0142 granic\u0119 sowiecko-fi\u0144sk\u0105 i na piechot\u0119 przemierzy\u0142 ca\u0142\u0105 Finlandi\u0119, by przedosta\u0107 si\u0119 do Szwecji. Od pocz\u0105tku 1990 roku zwi\u0105zana z \u201eSolidarno\u015bci\u0105 Walcz\u0105c\u0105\u201d. Zapewnia\u0142a wy\u017cywienie i zakwaterowanie dzia\u0142aczom \u201eSolidarno\u015bci Walcz\u0105cej\u201d i innych ugrupowa\u0144 z Polski podczas ich pobytu na Litwie. Jej mieszkanie by\u0142o tzw. punktem kontaktowym oraz s\u0142u\u017cy\u0142o jako g\u0142\u00f3wna baza wypadowa \u201eSW\u201d do dalekich podr\u00f3\u017cy wschodnich. Pomaga\u0142a w zakupie bilet\u00f3w lotniczych, kolejowych, dawa\u0142a kontakty adresowe dysydent\u00f3w antykomunistycznych, do kt\u00f3rych nale\u017ca\u0142o si\u0119 zwr\u00f3ci\u0107 po przyje\u017adzie. W 1990 roku Gienute Sakaliene przyst\u0105pi\u0142a do utworzonej w Warszawie organizacji \u201cCentrum Koordynacyjne Warszawa \u201990\u201d, kt\u00f3ra skupia\u0142a wi\u0119kszo\u015b\u0107 organizacji niepodleg\u0142o\u015bciowych z ZSSR oraz z Polski, Czechos\u0142owacji, Bu\u0142garii, Laosu. Organizacja dzia\u0142a\u0142a  ponad 2 lata, a rezultatem dzia\u0142alno\u015bci by\u0142a wsp\u00f3\u0142praca informacyjna i polityczna, wsp\u00f3lne konferencje w Polsce i w republikach \u00f3wczesnego ZSSR, szkolenie poligraficzne, przerzut sprz\u0119tu poligraficznego, literatury i \u015brodk\u00f3w \u0142\u0105czno\u015bci z Polski na Wsch\u00f3d. Bra\u0142a udzia\u0142 w licznych konferencjach mi\u0119dzynarodowych w ramach Centrum Koordynacyjnego Warszawa \u201990\u201d. Uczestniczy\u0142a w wymianie informacyjnej pomi\u0119dzy Litw\u0105 i Polsk\u0105. W ca\u0142ym roku 1990 oraz w czasie Wydarze\u0144 Wile\u0144skich w styczniu 1991 roku uczestniczy\u0142a w koordynacji przerzutu transport\u00f3w ze sprz\u0119tem poligraficznym i \u015brodkami \u0142\u0105czno\u015bci z Warszawy do Wilna. W 2009 zosta\u0142a odznaczona Orderem Zas\u0142ugi RP.<\/p>\n","protected":false},"excerpt":{"rendered":"<p>Wieloletnia dzia\u0142aczka Ligi Wolno\u015bci Litwy, \u017cona jednego z lider\u00f3w LWL, Vladasa \u0160akalysa, kt\u00f3ry uciekaj\u0105c przed kolejnym aresztowaniem, przekroczy\u0142 granic\u0119 sowiecko-fi\u0144sk\u0105 i na piechot\u0119 przemierzy\u0142 ca\u0142\u0105 Finlandi\u0119, by przedosta\u0107 si\u0119 do Szwecji. Od pocz\u0105tku 1990 roku zwi\u0105zana z \u201eSolidarno\u015bci\u0105 Walcz\u0105c\u0105\u201d. Zapewnia\u0142a wy\u017cywienie i zakwaterowanie dzia\u0142aczom \u201eSolidarno\u015bci Walcz\u0105cej\u201d i innych ugrupowa\u0144 z Polski podczas ich pobytu na [&hellip;]<\/p>\n","protected":false},"featured_media":2967,"template":"","meta":[],"_links":{"self":[{"href":"http:\/\/ludzie.fundacja-pih.pl\/index.php\/wp-json\/wp\/v2\/product\/2168"}],"collection":[{"href":"http:\/\/ludzie.fundacja-pih.pl\/index.php\/wp-json\/wp\/v2\/product"}],"about":[{"href":"http:\/\/ludzie.fundacja-pih.pl\/index.php\/wp-json\/wp\/v2\/types\/product"}],"wp:featuredmedia":[{"embeddable":true,"href":"http:\/\/ludzie.fundacja-pih.pl\/index.php\/wp-json\/wp\/v2\/media\/2967"}],"wp:attachment":[{"href":"http:\/\/ludzie.fundacja-pih.pl\/index.php\/wp-json\/wp\/v2\/media?parent=2168"}],"curies":[{"name":"wp","href":"https:\/\/api.w.org\/{rel}","templated":true}]}}

Šakalienė Genovaitė (Litwa)

<p>Wieloletnia działaczka Ligi Wolności Litwy, żona jednego z liderów LWL, Vladasa Šakalysa, który uciekając przed kolejnym aresztowaniem, przekroczył granicę sowiecko-fińską i na piechotę przemierzył całą Finlandię, by przedostać się do Szwecji. Od początku 1990 roku związana z „Solidarnością Walczącą”. Zapewniała wyżywienie i zakwaterowanie działaczom „Solidarności Walczącej” i innych ugrupowań z Polski podczas ich pobytu na Litwie. Jej mieszkanie było tzw. punktem kontaktowym oraz służyło jako główna baza wypadowa „SW” do dalekich podróży wschodnich. Pomagała w zakupie biletów lotniczych, kolejowych, dawała kontakty adresowe dysydentów antykomunistycznych, do których należało się zwrócić po przyjeździe. W 1990 roku Gienute Sakaliene przystąpiła do utworzonej w Warszawie organizacji “Centrum Koordynacyjne Warszawa ’90”, która skupiała większość organizacji niepodległościowych z ZSSR oraz z Polski, Czechosłowacji, Bułgarii, Laosu. Organizacja działała  ponad 2 lata, a rezultatem działalności była współpraca informacyjna i polityczna, wspólne konferencje w Polsce i w republikach ówczesnego ZSSR, szkolenie poligraficzne, przerzut sprzętu poligraficznego, literatury i środków łączności z Polski na Wschód. Brała udział w licznych konferencjach międzynarodowych w ramach Centrum Koordynacyjnego Warszawa ’90”. Uczestniczyła w wymianie informacyjnej pomiędzy Litwą i Polską. W całym roku 1990 oraz w czasie Wydarzeń Wileńskich w styczniu 1991 roku uczestniczyła w koordynacji przerzutu transportów ze sprzętem poligraficznym i środkami łączności z Warszawy do Wilna. W 2009 została odznaczona Orderem Zasługi RP.</p>

<p>Wieloletnia działaczka Ligi Wolności Litwy, żona jednego z liderów LWL, Vladasa Šakalysa, który uciekając przed kolejnym aresztowaniem, przekroczył granicę sowiecko-fińską i na piechotę przemierzył całą Finlandię, by przedostać się do Szwecji. Od początku 1990 roku związana z „Solidarnością Walczącą”. Zapewniała wyżywienie i zakwaterowanie działaczom „Solidarności Walczącej” i innych ugrupowań z Polski podczas ich pobytu na [&hellip;]</p>
