{"id":2175,"date":"2021-03-17T12:10:07","date_gmt":"2021-03-17T12:10:07","guid":{"rendered":"http:\/\/ludzie.fundacja-pih.pl\/?post_type=product&#038;p=2175"},"modified":"2025-05-16T14:17:15","modified_gmt":"2025-05-16T14:17:15","slug":"terleckiene-elena","status":"publish","type":"product","link":"http:\/\/ludzie.fundacja-pih.pl\/index.php\/product\/terleckiene-elena\/","title":{"rendered":"Terleckien\u0117 Elena (Litwa)"},"content":{"rendered":"<p>Urodzi\u0142a si\u0119 1 maja 1925, zmar\u0142a w 2010 roku.<\/p>\n<p>By\u0142a \u017con\u0105 przyw\u00f3dcy Ligi Wolno\u015bci Litwy Antanasa Terleckasa. Przepisywa\u0142a teksty do wydawnictw podziemnych, opiekowa\u0142a si\u0119 m\u0119\u017cem oraz innymi wi\u0119\u017aniami politycznymi. Udziela\u0142a go\u015bciny i pomocy przebywaj\u0105cym na Litwie dzia\u0142aczom \u201eSolidarno\u015bci Walcz\u0105cej\u201d i innych ugrupowa\u0144 politycznych. Jej dom s\u0142u\u017cy\u0142 jako tzw. skrzynka kontaktowa mi\u0119dzy dzia\u0142aczami \u201eSolidarno\u015bci Walcz\u0105cej\u201d a dzia\u0142aczami Litewskiej opozycji. Elena Terleckien\u0117 zabezpiecza\u0142a r\u00f3wnie\u017c materia\u0142y i sprz\u0119t, przywiezione z Polski, przed organami KGB. W 2009 zosta\u0142a odznaczona Order Zas\u0142ugi RP. <\/p>\n","protected":false},"excerpt":{"rendered":"<p>Urodzi\u0142a si\u0119 1 maja 1925, zmar\u0142a w 2010 roku. By\u0142a \u017con\u0105 przyw\u00f3dcy Ligi Wolno\u015bci Litwy Antanasa Terleckasa. Przepisywa\u0142a teksty do wydawnictw podziemnych, opiekowa\u0142a si\u0119 m\u0119\u017cem oraz innymi wi\u0119\u017aniami politycznymi. Udziela\u0142a go\u015bciny i pomocy przebywaj\u0105cym na Litwie dzia\u0142aczom \u201eSolidarno\u015bci Walcz\u0105cej\u201d i innych ugrupowa\u0144 politycznych. Jej dom s\u0142u\u017cy\u0142 jako tzw. skrzynka kontaktowa mi\u0119dzy dzia\u0142aczami \u201eSolidarno\u015bci Walcz\u0105cej\u201d a [&hellip;]<\/p>\n","protected":false},"featured_media":3122,"template":"","meta":[],"_links":{"self":[{"href":"http:\/\/ludzie.fundacja-pih.pl\/index.php\/wp-json\/wp\/v2\/product\/2175"}],"collection":[{"href":"http:\/\/ludzie.fundacja-pih.pl\/index.php\/wp-json\/wp\/v2\/product"}],"about":[{"href":"http:\/\/ludzie.fundacja-pih.pl\/index.php\/wp-json\/wp\/v2\/types\/product"}],"wp:featuredmedia":[{"embeddable":true,"href":"http:\/\/ludzie.fundacja-pih.pl\/index.php\/wp-json\/wp\/v2\/media\/3122"}],"wp:attachment":[{"href":"http:\/\/ludzie.fundacja-pih.pl\/index.php\/wp-json\/wp\/v2\/media?parent=2175"}],"curies":[{"name":"wp","href":"https:\/\/api.w.org\/{rel}","templated":true}]}}