{"id":2176,"date":"2021-03-17T12:11:00","date_gmt":"2021-03-17T12:11:00","guid":{"rendered":"http:\/\/ludzie.fundacja-pih.pl\/?post_type=product&#038;p=2176"},"modified":"2025-05-16T14:17:15","modified_gmt":"2025-05-16T14:17:15","slug":"tuckus-andrius-litwa","status":"publish","type":"product","link":"http:\/\/ludzie.fundacja-pih.pl\/index.php\/product\/tuckus-andrius-litwa\/","title":{"rendered":"Tu\u010dkus Andrius (Litwa)"},"content":{"rendered":"<p>Urodzi\u0142 si\u0119 18 sierpnia 1959 w Litwie<\/p>\n<p>Od 1975 roku zajmowa\u0142 si\u0119 kolporta\u017cem pism Ligi Wolno\u015bci Litwy oraz innych wydawnictw podziemnych, by\u0142 te\u017c organizatorem wielu manifestacji niepodleg\u0142o\u015bciowych. Nale\u017ca\u0142 do kierownictwa Ligii Wolno\u015bci Litwy. Aktywnie wsp\u00f3\u0142pracowa\u0142 z Institute for Democracy in Eastern Europe (Irena Lasota). W 1989 roku nawi\u0105za\u0142 wsp\u00f3\u0142prac\u0119 z \u201eSolidarno\u015bci\u0105 Walcz\u0105c\u0105\u201d. Wielokrotnie go\u015bci\u0142 u siebie przedstawicieli \u201cSW\u201d (g\u0142\u00f3wnie Jadwig\u0119 Chmielowsk\u0105 i Piotra Hlebowicza) i innych nurt\u00f3w niepodleg\u0142o\u015bci\u00f3wki Polskiej, s\u0142u\u017cy\u0142 im pomoc\u0105 organizacyjn\u0105, organizowa\u0142 spotkania z litewskimi organizacjami niepodleg\u0142o\u015bciowymi. By\u0142 Konsultantem \u201eSolidarno\u015bci Walcz\u0105cej\u201d w  tematach sytuacji na Litwie oraz innych krajach \u00f3wczesnego imperium sowieckiego. W latach 1990 \u2013 1991 by\u0142 jednym z koordynator\u00f3w transport\u00f3w specjalnych (sprz\u0119t poligraficzny, \u015brodki \u0142\u0105czno\u015bci, antysowiecka literatura) z Polski na Litw\u0119. Od jesieni 1990 roku cz\u0142onek \u2013 wsp\u00f3\u0142za\u0142o\u017cyciel  utworzonej w Warszawie organizacji \u201cCentrum Koordynacyjne Warszawa \u201990\u201d, kt\u00f3ra skupia\u0142a wi\u0119kszo\u015b\u0107 organizacji niepodleg\u0142o\u015bciowych z ZSSR, oraz z Polski, Czechos\u0142owacji, Bu\u0142garii, Laosu. Celem organizacji by\u0142a wsp\u00f3\u0142praca informacyjna i polityczna, wsp\u00f3lne konferencje w Polsce i w republikach \u00f3wczesnego ZSSR, szkolenie poligraficzne, przerzut sprz\u0119tu poligraficznego, literatury i \u015brodk\u00f3w \u0142\u0105czno\u015bci z Polski na Wsch\u00f3d. W 2009 otrzyma\u0142 Order Zas\u0142ugi RP, w 2017 roku zosta\u0142 odznaczony Krzy\u017cem Solidarno\u015bci Walcz\u0105cej.<\/p>\n","protected":false},"excerpt":{"rendered":"<p>Urodzi\u0142 si\u0119 18 sierpnia 1959 w Litwie Od 1975 roku zajmowa\u0142 si\u0119 kolporta\u017cem pism Ligi Wolno\u015bci Litwy oraz innych wydawnictw podziemnych, by\u0142 te\u017c organizatorem wielu manifestacji niepodleg\u0142o\u015bciowych. Nale\u017ca\u0142 do kierownictwa Ligii Wolno\u015bci Litwy. Aktywnie wsp\u00f3\u0142pracowa\u0142 z Institute for Democracy in Eastern Europe (Irena Lasota). W 1989 roku nawi\u0105za\u0142 wsp\u00f3\u0142prac\u0119 z \u201eSolidarno\u015bci\u0105 Walcz\u0105c\u0105\u201d. Wielokrotnie go\u015bci\u0142 u [&hellip;]<\/p>\n","protected":false},"featured_media":2979,"template":"","meta":[],"_links":{"self":[{"href":"http:\/\/ludzie.fundacja-pih.pl\/index.php\/wp-json\/wp\/v2\/product\/2176"}],"collection":[{"href":"http:\/\/ludzie.fundacja-pih.pl\/index.php\/wp-json\/wp\/v2\/product"}],"about":[{"href":"http:\/\/ludzie.fundacja-pih.pl\/index.php\/wp-json\/wp\/v2\/types\/product"}],"wp:featuredmedia":[{"embeddable":true,"href":"http:\/\/ludzie.fundacja-pih.pl\/index.php\/wp-json\/wp\/v2\/media\/2979"}],"wp:attachment":[{"href":"http:\/\/ludzie.fundacja-pih.pl\/index.php\/wp-json\/wp\/v2\/media?parent=2176"}],"curies":[{"name":"wp","href":"https:\/\/api.w.org\/{rel}","templated":true}]}}

Tučkus Andrius (Litwa)

<p>Urodził się 18 sierpnia 1959 w Litwie</p>
<p>Od 1975 roku zajmował się kolportażem pism Ligi Wolności Litwy oraz innych wydawnictw podziemnych, był też organizatorem wielu manifestacji niepodległościowych. Należał do kierownictwa Ligii Wolności Litwy. Aktywnie współpracował z Institute for Democracy in Eastern Europe (Irena Lasota). W 1989 roku nawiązał współpracę z „Solidarnością Walczącą”. Wielokrotnie gościł u siebie przedstawicieli “SW” (głównie Jadwigę Chmielowską i Piotra Hlebowicza) i innych nurtów niepodległościówki Polskiej, służył im pomocą organizacyjną, organizował spotkania z litewskimi organizacjami niepodległościowymi. Był Konsultantem „Solidarności Walczącej” w  tematach sytuacji na Litwie oraz innych krajach ówczesnego imperium sowieckiego. W latach 1990 – 1991 był jednym z koordynatorów transportów specjalnych (sprzęt poligraficzny, środki łączności, antysowiecka literatura) z Polski na Litwę. Od jesieni 1990 roku członek – współzałożyciel  utworzonej w Warszawie organizacji “Centrum Koordynacyjne Warszawa ’90”, która skupiała większość organizacji niepodległościowych z ZSSR, oraz z Polski, Czechosłowacji, Bułgarii, Laosu. Celem organizacji była współpraca informacyjna i polityczna, wspólne konferencje w Polsce i w republikach ówczesnego ZSSR, szkolenie poligraficzne, przerzut sprzętu poligraficznego, literatury i środków łączności z Polski na Wschód. W 2009 otrzymał Order Zasługi RP, w 2017 roku został odznaczony Krzyżem Solidarności Walczącej.</p>

<p>Urodził się 18 sierpnia 1959 w Litwie Od 1975 roku zajmował się kolportażem pism Ligi Wolności Litwy oraz innych wydawnictw podziemnych, był też organizatorem wielu manifestacji niepodległościowych. Należał do kierownictwa Ligii Wolności Litwy. Aktywnie współpracował z Institute for Democracy in Eastern Europe (Irena Lasota). W 1989 roku nawiązał współpracę z „Solidarnością Walczącą”. Wielokrotnie gościł u [&hellip;]</p>
