{"id":2177,"date":"2021-03-17T12:12:41","date_gmt":"2021-03-17T12:12:41","guid":{"rendered":"http:\/\/ludzie.fundacja-pih.pl\/?post_type=product&#038;p=2177"},"modified":"2025-05-16T14:17:16","modified_gmt":"2025-05-16T14:17:16","slug":"velliste-trivimi-estonia","status":"publish","type":"product","link":"http:\/\/ludzie.fundacja-pih.pl\/index.php\/product\/velliste-trivimi-estonia\/","title":{"rendered":"Velliste Trivimi (Estonia)"},"content":{"rendered":"<p>Urodzi\u0142 si\u0119 4 maja 1947 w Estonii<\/p>\n<p>W latach 1987 \u2013 1991 by\u0142 tw\u00f3rc\u0105 i przewodnicz\u0105cym Esto\u0144skiego Stowarzyszenia D\u00f3br Kultury. W latach 1989 \u2013 1992 by\u0142 jednym z organizator\u00f3w Ruchu Komitet\u00f3w Obywateli Estonii, wiceprzewodnicz\u0105cy Kongresu Estonii. Na prze\u0142omie lat osiemdziesi\u0105tych i dziewi\u0119\u0107dziesi\u0105tych XX wieku nawi\u0105za\u0142 \u015bcis\u0142y kontakt i rozpocz\u0105\u0142 wsp\u00f3\u0142prac\u0119 ze strukturami \u201eSolidarno\u015bci Walcz\u0105cej\u201d i innymi Polskimi organizacjami niepodleg\u0142o\u015bciowymi. Jesieni\u0105 1990 roku Trivimi Velliste w imieniu Kongresu Estonii przyst\u0105pi\u0142 do utworzonej w Warszawie organizacji \u201eCentrum Koordynacyjne Warszawa \u201990\u201d, kt\u00f3ra skupia\u0142a wi\u0119kszo\u015b\u0107 organizacji niepodleg\u0142o\u015bciowych z ZSSR, oraz z Polski, Czechos\u0142owacji, Bu\u0142garii i Laosu. Celem dzia\u0142alno\u015bci by\u0142a wsp\u00f3\u0142praca informacyjna i polityczna, wsp\u00f3lne konferencje w Polsce i w republikach \u00f3wczesnego ZSSR, szkolenie poligraficzne, przerzut sprz\u0119tu poligraficznego, literatury i \u015brodk\u00f3w \u0142\u0105czno\u015bci z Polski na Wsch\u00f3d. W 2009 roku otrzyma\u0142 Order Zas\u0142ugi RP.<\/p>\n","protected":false},"excerpt":{"rendered":"<p>Urodzi\u0142 si\u0119 4 maja 1947 w Estonii W latach 1987 \u2013 1991 by\u0142 tw\u00f3rc\u0105 i przewodnicz\u0105cym Esto\u0144skiego Stowarzyszenia D\u00f3br Kultury. W latach 1989 \u2013 1992 by\u0142 jednym z organizator\u00f3w Ruchu Komitet\u00f3w Obywateli Estonii, wiceprzewodnicz\u0105cy Kongresu Estonii. Na prze\u0142omie lat osiemdziesi\u0105tych i dziewi\u0119\u0107dziesi\u0105tych XX wieku nawi\u0105za\u0142 \u015bcis\u0142y kontakt i rozpocz\u0105\u0142 wsp\u00f3\u0142prac\u0119 ze strukturami \u201eSolidarno\u015bci Walcz\u0105cej\u201d i [&hellip;]<\/p>\n","protected":false},"featured_media":2982,"template":"","meta":[],"_links":{"self":[{"href":"http:\/\/ludzie.fundacja-pih.pl\/index.php\/wp-json\/wp\/v2\/product\/2177"}],"collection":[{"href":"http:\/\/ludzie.fundacja-pih.pl\/index.php\/wp-json\/wp\/v2\/product"}],"about":[{"href":"http:\/\/ludzie.fundacja-pih.pl\/index.php\/wp-json\/wp\/v2\/types\/product"}],"wp:featuredmedia":[{"embeddable":true,"href":"http:\/\/ludzie.fundacja-pih.pl\/index.php\/wp-json\/wp\/v2\/media\/2982"}],"wp:attachment":[{"href":"http:\/\/ludzie.fundacja-pih.pl\/index.php\/wp-json\/wp\/v2\/media?parent=2177"}],"curies":[{"name":"wp","href":"https:\/\/api.w.org\/{rel}","templated":true}]}}

<p>Urodził się 4 maja 1947 w Estonii</p>
<p>W latach 1987 – 1991 był twórcą i przewodniczącym Estońskiego Stowarzyszenia Dóbr Kultury. W latach 1989 – 1992 był jednym z organizatorów Ruchu Komitetów Obywateli Estonii, wiceprzewodniczący Kongresu Estonii. Na przełomie lat osiemdziesiątych i dziewięćdziesiątych XX wieku nawiązał ścisły kontakt i rozpoczął współpracę ze strukturami „Solidarności Walczącej” i innymi Polskimi organizacjami niepodległościowymi. Jesienią 1990 roku Trivimi Velliste w imieniu Kongresu Estonii przystąpił do utworzonej w Warszawie organizacji „Centrum Koordynacyjne Warszawa ’90”, która skupiała większość organizacji niepodległościowych z ZSSR, oraz z Polski, Czechosłowacji, Bułgarii i Laosu. Celem działalności była współpraca informacyjna i polityczna, wspólne konferencje w Polsce i w republikach ówczesnego ZSSR, szkolenie poligraficzne, przerzut sprzętu poligraficznego, literatury i środków łączności z Polski na Wschód. W 2009 roku otrzymał Order Zasługi RP.</p>

<p>Urodził się 4 maja 1947 w Estonii W latach 1987 – 1991 był twórcą i przewodniczącym Estońskiego Stowarzyszenia Dóbr Kultury. W latach 1989 – 1992 był jednym z organizatorów Ruchu Komitetów Obywateli Estonii, wiceprzewodniczący Kongresu Estonii. Na przełomie lat osiemdziesiątych i dziewięćdziesiątych XX wieku nawiązał ścisły kontakt i rozpoczął współpracę ze strukturami „Solidarności Walczącej” i [&hellip;]</p>
