{"id":2184,"date":"2021-03-17T12:37:33","date_gmt":"2021-03-17T12:37:33","guid":{"rendered":"http:\/\/ludzie.fundacja-pih.pl\/?post_type=product&#038;p=2184"},"modified":"2025-05-16T14:17:21","modified_gmt":"2025-05-16T14:17:21","slug":"zenger-marek","status":"publish","type":"product","link":"http:\/\/ludzie.fundacja-pih.pl\/index.php\/product\/zenger-marek\/","title":{"rendered":"Zenger Marek"},"content":{"rendered":"<p>Urodzi\u0142 si\u0119 w 1968 r. we Wroc\u0142awiu<\/p>\n<p>In\u017cynier informatyk. W 1989 roku uko\u0144czy\u0142 Wieczorowe Technikum Kolejowe we Wroc\u0142awiu. W 2009 roku uko\u0144czy\u0142 studia w Wy\u017cszej Szkole Technologii Teleinformatycznych tam\u017ce. W latach 1982 \u2013 1989 dzia\u0142a\u0142  w strukturach opozycji demokratycznej. W ramach tej dzia\u0142alno\u015bci uczestniczy\u0142 w dzia\u0142alno\u015bci m\u0142odzie\u017cowych organizacji niezale\u017cnych. Po wprowadzeniu stanu wojennego, w latach 1984 &#8211; 1988, zajmowa\u0142 si\u0119 drukowaniem pism podziemnych  &#8211; m.in. \u201eImpuls\u201d, \u201eZ Dnia na Dzie\u0144\u201d, \u201eSolidarno\u015b\u0107 Walcz\u0105ca\u201d, \u201eIskierka\u201d, \u201eFoto Iskra\u201d. By\u0142 wsp\u00f3\u0142redaktorem i autorem tekst\u00f3w do Niezale\u017cnego Biuletynu M\u0142odzie\u017cy \u201eImpuls\u201d. Wsp\u00f3\u0142redagowa\u0142 i pisa\u0142 artyku\u0142y tak\u017ce do konspiracyjnych gazetek zak\u0142adowych  \u201eIskierka\u201d i \u201eFoto Iskra\u201d. Uczestniczy\u0142 w antyre\u017cimowych demonstracjach ulicznych. Nale\u017ca\u0142 do komitetu strajkowego w ZNTK Wroc\u0142aw w 1988 roku, by\u0142 r\u00f3wnie\u017c cz\u0142onkiem podziemnych struktur Solidarno\u015bci w ZNTK Wroc\u0142aw, a tak\u017ce wchodzi\u0142 w sk\u0142ad prezydium komisji zak\u0142adowej w ZNTK Wroc\u0142aw.<\/p>\n","protected":false},"excerpt":{"rendered":"<p>Urodzi\u0142 si\u0119 w 1968 r. we Wroc\u0142awiu In\u017cynier informatyk. W 1989 roku uko\u0144czy\u0142 Wieczorowe Technikum Kolejowe we Wroc\u0142awiu. W 2009 roku uko\u0144czy\u0142 studia w Wy\u017cszej Szkole Technologii Teleinformatycznych tam\u017ce. W latach 1982 \u2013 1989 dzia\u0142a\u0142 w strukturach opozycji demokratycznej. W ramach tej dzia\u0142alno\u015bci uczestniczy\u0142 w dzia\u0142alno\u015bci m\u0142odzie\u017cowych organizacji niezale\u017cnych. Po wprowadzeniu stanu wojennego, w latach [&hellip;]<\/p>\n","protected":false},"featured_media":906,"template":"","meta":[],"_links":{"self":[{"href":"http:\/\/ludzie.fundacja-pih.pl\/index.php\/wp-json\/wp\/v2\/product\/2184"}],"collection":[{"href":"http:\/\/ludzie.fundacja-pih.pl\/index.php\/wp-json\/wp\/v2\/product"}],"about":[{"href":"http:\/\/ludzie.fundacja-pih.pl\/index.php\/wp-json\/wp\/v2\/types\/product"}],"wp:featuredmedia":[{"embeddable":true,"href":"http:\/\/ludzie.fundacja-pih.pl\/index.php\/wp-json\/wp\/v2\/media\/906"}],"wp:attachment":[{"href":"http:\/\/ludzie.fundacja-pih.pl\/index.php\/wp-json\/wp\/v2\/media?parent=2184"}],"curies":[{"name":"wp","href":"https:\/\/api.w.org\/{rel}","templated":true}]}}