{"id":2186,"date":"2021-03-17T12:47:02","date_gmt":"2021-03-17T12:47:02","guid":{"rendered":"http:\/\/ludzie.fundacja-pih.pl\/?post_type=product&#038;p=2186"},"modified":"2025-05-16T14:17:22","modified_gmt":"2025-05-16T14:17:22","slug":"blachowicz-eugeniusz","status":"publish","type":"product","link":"http:\/\/ludzie.fundacja-pih.pl\/index.php\/product\/blachowicz-eugeniusz\/","title":{"rendered":"B\u0142achowicz Eugeniusz Bronis\u0142aw"},"content":{"rendered":"<p>Urodzi\u0142 si\u0119 18 grudnia 1931 roku w Tuszymie, zm. 27 kwietnia 1993 roku.<\/p>\n<p>y\u0142 synem Jana i Stefanii z domu Koci\u0144skiej. Pracowa\u0142 jako spawacz w Instal-Rzesz\u00f3w oraz w Wytw\u00f3rni Sprz\u0119tu Komunikacyjnego w Mielcu. W 1966 roku przeszed\u0142 na rent\u0119. W 1980 roku wsp\u00f3\u0142organizowa\u0142 struktury \u201eSolidarno\u015bci Wiejskiej\u201d, by\u0142 cz\u0142onkiem Zarz\u0105du Gminnego NSZZ RI \u201eSolidarno\u015b\u0107\u201d. Po wprowadzeniu stanu wojennego, styczniu 1981 roku &#8211; wraz z Edwardem Biesiem z Podola, Franciszkiem Kielarem z Tuszymy i Januszem Koper\u0105 z Bia\u0142ego Boru &#8211; zawi\u0105zali pierwsz\u0105 grup\u0119 konspiracyjn\u0105 w gminie Przec\u0142aw. W grudniu 1983 roku rozpocz\u0105\u0142 dzia\u0142alno\u015b\u0107 w \u201eSolidarno\u015bci Walcz\u0105cej\u201d. Od 1984 roku by\u0142 cz\u0142onkiem Og\u00f3lnopolskiego Komitetu Oporu Rolnik\u00f3w oraz cz\u0142onkiem RKOR. By\u0142 tak\u017ce bliskim wsp\u00f3\u0142pracownikiem Janusza Kopery. Organizowa\u0142 kolporta\u017c na terenie kilku gmin. W sierpniu 1988 roku sygnowa\u0142 akt powo\u0142ania Lokalnego Parlamentu Ugrupowa\u0144 Niezale\u017cnych Ziemi Rzeszowskiej z udzia\u0142em przedstawicieli \u201eSolidarno\u015bci Walcz\u0105cej\u201d (Antoni Kopaczewski, Andrzej Kucharski), Konfederacji Polski Niepodleg\u0142ej (Andrzej T. Mazurkiewicz), RKOR (Eugeniusz B\u0142achowicz, Janusz Kopera), NSZZ RI Solidarno\u015b\u0107 w Jaros\u0142awiu (Jadwiga Misi\u0105g).<\/p>\n","protected":false},"excerpt":{"rendered":"<p>Urodzi\u0142 si\u0119 18 grudnia 1931 roku w Tuszymie, zm. 27 kwietnia 1993 roku. y\u0142 synem Jana i Stefanii z domu Koci\u0144skiej. Pracowa\u0142 jako spawacz w Instal-Rzesz\u00f3w oraz w Wytw\u00f3rni Sprz\u0119tu Komunikacyjnego w Mielcu. W 1966 roku przeszed\u0142 na rent\u0119. W 1980 roku wsp\u00f3\u0142organizowa\u0142 struktury \u201eSolidarno\u015bci Wiejskiej\u201d, by\u0142 cz\u0142onkiem Zarz\u0105du Gminnego NSZZ RI \u201eSolidarno\u015b\u0107\u201d. Po wprowadzeniu [&hellip;]<\/p>\n","protected":false},"featured_media":906,"template":"","meta":[],"_links":{"self":[{"href":"http:\/\/ludzie.fundacja-pih.pl\/index.php\/wp-json\/wp\/v2\/product\/2186"}],"collection":[{"href":"http:\/\/ludzie.fundacja-pih.pl\/index.php\/wp-json\/wp\/v2\/product"}],"about":[{"href":"http:\/\/ludzie.fundacja-pih.pl\/index.php\/wp-json\/wp\/v2\/types\/product"}],"wp:featuredmedia":[{"embeddable":true,"href":"http:\/\/ludzie.fundacja-pih.pl\/index.php\/wp-json\/wp\/v2\/media\/906"}],"wp:attachment":[{"href":"http:\/\/ludzie.fundacja-pih.pl\/index.php\/wp-json\/wp\/v2\/media?parent=2186"}],"curies":[{"name":"wp","href":"https:\/\/api.w.org\/{rel}","templated":true}]}}