{"id":2202,"date":"2021-03-17T13:02:41","date_gmt":"2021-03-17T13:02:41","guid":{"rendered":"http:\/\/ludzie.fundacja-pih.pl\/?post_type=product&#038;p=2202"},"modified":"2025-05-16T14:17:29","modified_gmt":"2025-05-16T14:17:29","slug":"karpinczyk-jerzy","status":"publish","type":"product","link":"http:\/\/ludzie.fundacja-pih.pl\/index.php\/product\/karpinczyk-jerzy\/","title":{"rendered":"Karpi\u0144czyk Jerzy"},"content":{"rendered":"<p>Urodzi\u0142 si\u0119 11 maja 1949 roku w Rzeszowie, zm. 8 lutego 2005 roku w Krakowie.<\/p>\n<p>W latach 1968 \u2013 1970 odbywa\u0142 zasadnicz\u0105 s\u0142u\u017cb\u0119 wojskow\u0105. Od 1972 roku do roku 1973 pracowa\u0142 jako rozlewacz stali w Zak\u0142adzie Stalowniczym Huty im. Lenina w Krakowie-Nowej Hucie. Od sierpnia 1973 roku do roku 1981 by\u0142 zatrudniony jako kierowca-maszynista \u017curawia samojezdnego w Nowohuckim Przedsi\u0119biorstwie Instalacji Przemys\u0142owych Montin w Krakowie. We wrze\u015bniu 1980 roku wst\u0105pi\u0142 do NSZZ \u201eSolidarno\u015b\u0107\u201d. Wsp\u00f3\u0142organizowa\u0142 Komitet Za\u0142o\u017cycielski,  nast\u0119pnie by\u0142 wiceprzewodnicz\u0105cym KZ. Wsp\u00f3\u0142organizowa\u0142, wydawa\u0142 i pisa\u0142 artyku\u0142y do niezale\u017cnego pisma zak\u0142adowego \u201eMontinowiec\u201d. W lipcu 1981 roku zosta\u0142 delegatem na I WZD Regionu Ma\u0142opolska w Tarnowie, nast\u0119pnie by\u0142 cz\u0142onkiem ZR Ma\u0142opolska. Na prze\u0142omie wrze\u015bnia i pa\u017adziernika 1981 roku by\u0142 delegatem na I KZD. Po wprowadzeniu stanu wojennego, w dniach 13 \u2013 16 grudnia 1981 roku, by\u0142 wsp\u00f3\u0142organizatorem strajku w zak\u0142adzie i wiecprzewodnicz\u0105cym KS. Od 17 grudnia pozostawa\u0142 w ukryciu (ukrywa\u0142 si\u0119 m.in. u Marii Kusyk i Edwarda Gwazdacza), by\u0142 poszukiwany listem go\u0144czym. W grudniu 1981 roku zosta\u0142 r\u00f3wnie\u017c zwolniony z pracy. W tym samym czasie wsp\u00f3\u0142organizowa\u0142, redagowa\u0142 i pisa\u0142 teksty do podziemnego pisma \u201eMontinowiec\u201d. Drukowa\u0142 ww. pismo razem ze Stanis\u0142aw\u0105 Karpi\u0144czyk i Zdzis\u0142awem Kusykiem. Informacje do pisma otrzymywa\u0142 od Kazimierza G\u0105dka. We wrze\u015bniu 1982 roku wsp\u00f3\u0142organizowa\u0142 z Marianem Stachniukiem powo\u0142anie Porozumienia Prasowego \u201eSolidarno\u015b\u0107 Zwyci\u0119\u017cy\u201d. Od 1983 roku by\u0142 wydawc\u0105 i drukarzem czasopisma \u201e\u00abSolidarno\u015b\u0107\u00bb Zwyci\u0119\u017cy\u201d. Od marca 1983 roku wsp\u00f3\u0142pracowa\u0142 z rzeszowskim oddzia\u0142em SW. 6 kwietnia 1983 roku, po ujawnieniu si\u0119, zosta\u0142 aresztowany. 16 kwietnia 1983 roku zwolniono go i oddano pod doz\u00f3r milicyjny. 25 lipca 1983 roku spraw\u0119 umorzono na mocy amnestii. Od wrze\u015bnia do listopada 1983 roku pracowa\u0142 jako operator \u017curawia samojezdnego w Przedsi\u0119biorstwie Transportowo-Sprz\u0119towym Budownictwa Transbud \u2013 Nowa Huta w Krakowie. Od listopada 1983 roku uczestniczy\u0142 rocznicowych spotkaniaach w Turzy k. Gorlic przy grobach \u017co\u0142nierzy AK pomordowanych przez NKWD. Do 1985 roku by\u0142 zaanga\u017cowany w ujawnianie tej zbrodni. W 1984 roku wraz z Grzegorzem Surdym, Z. Kusykiem i Januszem Szkutnikiem wsp\u00f3\u0142organizowa\u0142 podziemne Radio Wolna Polska w Rzeszowie. Od 1984 roku do sierpnia 1990 roku pracowa\u0142 jako maszynista \u017curawia samojezdnego w Krakowskim Przedsi\u0119biorstwie Gospodarki Maszynami Budownictwa. W latach 1986 \u2013 1988 organizowa\u0142 w Akademii Sztuk Pi\u0119knych w Krakowie druk okoliczno\u015bciowych znaczk\u00f3w poczt podziemnych dla Rzeszowskiego Komitetu Oporu Rolnik\u00f3w, Niezale\u017cnego Ruchu Ludowego i SW. Uczestniczy\u0142 w antyre\u017cimowych i patriotycznych manifestacjach. W 2011 roku zosta\u0142 odznaczony Krzy\u017cem Kawalerskim Orderu Odrodzenia Polski. Od 9 lipca 1982 roku do 19 stycznia 1984 roku by\u0142 rozpracowywany przez Wydzia\u0142 V KW MO\/WUSW w Krakowie\/DUSW w Krakowie-Nowej Hucie w ramach SOS o kryptonimie \u201ePaj\u0105k\u201d. W latach 1982\u20131990 by\u0142 rozpracowywany przez Wydzia\u0142 V\/WOG KW MO\/WUSW w Rzeszowie w ramach SOR o kryptonimie \u201ePoligraf\u201d\/\u201dO\u015bmiornica\u201d.<\/p>\n","protected":false},"excerpt":{"rendered":"<p>Urodzi\u0142 si\u0119 11 maja 1949 roku w Rzeszowie, zm. 8 lutego 2005 roku w Krakowie. W latach 1968 \u2013 1970 odbywa\u0142 zasadnicz\u0105 s\u0142u\u017cb\u0119 wojskow\u0105. Od 1972 roku do roku 1973 pracowa\u0142 jako rozlewacz stali w Zak\u0142adzie Stalowniczym Huty im. Lenina w Krakowie-Nowej Hucie. Od sierpnia 1973 roku do roku 1981 by\u0142 zatrudniony jako kierowca-maszynista \u017curawia [&hellip;]<\/p>\n","protected":false},"featured_media":906,"template":"","meta":[],"_links":{"self":[{"href":"http:\/\/ludzie.fundacja-pih.pl\/index.php\/wp-json\/wp\/v2\/product\/2202"}],"collection":[{"href":"http:\/\/ludzie.fundacja-pih.pl\/index.php\/wp-json\/wp\/v2\/product"}],"about":[{"href":"http:\/\/ludzie.fundacja-pih.pl\/index.php\/wp-json\/wp\/v2\/types\/product"}],"wp:featuredmedia":[{"embeddable":true,"href":"http:\/\/ludzie.fundacja-pih.pl\/index.php\/wp-json\/wp\/v2\/media\/906"}],"wp:attachment":[{"href":"http:\/\/ludzie.fundacja-pih.pl\/index.php\/wp-json\/wp\/v2\/media?parent=2202"}],"curies":[{"name":"wp","href":"https:\/\/api.w.org\/{rel}","templated":true}]}}