{"id":2233,"date":"2021-03-21T14:23:35","date_gmt":"2021-03-21T14:23:35","guid":{"rendered":"http:\/\/ludzie.fundacja-pih.pl\/?post_type=product&#038;p=2233"},"modified":"2025-05-16T14:17:46","modified_gmt":"2025-05-16T14:17:46","slug":"bobnis-waldemar","status":"publish","type":"product","link":"http:\/\/ludzie.fundacja-pih.pl\/index.php\/product\/bobnis-waldemar\/","title":{"rendered":"Bobnis Waldemar"},"content":{"rendered":"<p>Urodzi\u0142 si\u0119 11 IX 1954 w Wilnie. Uko\u0144czy\u0142 Technikum Mechaniczne we Wroc\u0142awiu (1976). Zmar\u0142 30 VIII 2016 r.<\/p>\n<p>1972-1976 mechanik-monta\u017cysta w Wytw\u00f3rni Pomp Hydraulicznych w PZL Hydral we Wroc\u0142awiu, 1977-1979 zasadnicza s\u0142u\u017cba wojskowa, mechanik lotniczy na lotnisku wojskowym we Wroc\u0142awiu-Strachowicach, 1979-1990 mechanik sprz\u0119tu budowlanego w Przedsi\u0119biorstwie Budownictwa Uprzemys\u0142owionego tam\u017ce.<\/p>\n<p>W VIII 1980 uczestnik strajku w PBU, od IX 1980 w \u201eS\u201d; cz\u0142onek, nast\u0119pnie wiceprzewodnicz\u0105cy KZ w PBU; za\u0142o\u017cyciel, do 1981 redaktor, autor, drukarz (na zak\u0142adowym offsecie) niezale\u017cnego miesi\u0119cznika \u201eWiadomo\u015bci (G\u0142os) PBU\u201d; odpowiedzialny za kontakty z regionem i kolporta\u017c pism zwi\u0105zkowych w zak\u0142adach budowlanych; w VI 1981 delegat na I WZD Regionu Dolny \u015al\u0105sk.<\/p>\n<p>Od 14 XII 1981 uczestnik strajku, przewodnicz\u0105cy KS w Zak\u0142adzie Budowlanym przy ul. Krakowskiej; dzia\u0142acz podziemia w ramach b. struktur bran\u017cowych budownictwa \u201eS\u201d; od 1982 drukarz i koordynator kolporta\u017cu, zaprzysi\u0119\u017cony cz\u0142onek Solidarno\u015bci Walcz\u0105cej, zwi\u0105zany z grup\u0105 Barbary Sarapuk, drukarz, kolporter pism podziemnych: \u201eZ Dnia na Dzie\u0144\u201d, \u201eWiadomo\u015bci Bie\u017c\u0105ce\u201d, \u201eSolidarno\u015b\u0107 Walcz\u0105ca\u201d i innych materia\u0142\u00f3w niezale\u017cnych; organizator i uczestnik Mszy za Ojczyzn\u0119 i w intencji pracownik\u00f3w budownictwa. W 1983 zatrzymany, przes\u0142uchiwany i pobity w A\u015a KW MO, odpowiada\u0142 z wolnej stopy: 18 V 1983 skazany na 1 rok wi\u0119zienia w zawieszeniu na 3 lata. Kilkana\u015bcie razy zatrzymywany na 48 godz., w pracy przeniesiony na gorsze stanowisko. Od XII 1987 cz\u0142onek RKW, od 1988 Komisji Za\u0142o\u017cycielskiej \u201eS\u201d w PBU.<\/p>\n<p>1989-1991 przewodnicz\u0105cy KZ \u201eS\u201d w PBU. 1990-1991 w\u0142asna dzia\u0142alno\u015b\u0107 gospodarcza (us\u0142ugi handlowe), 1991-2006 wiceprezes Zarz\u0105du Shah Bob Us\u0142ugi Handlowe Sp. z o.o.<\/p>\n","protected":false},"excerpt":{"rendered":"<p>Urodzi\u0142 si\u0119 11 IX 1954 w Wilnie. Uko\u0144czy\u0142 Technikum Mechaniczne we Wroc\u0142awiu (1976). Zmar\u0142 30 VIII 2016 r. 1972-1976 mechanik-monta\u017cysta w Wytw\u00f3rni Pomp Hydraulicznych w PZL Hydral we Wroc\u0142awiu, 1977-1979 zasadnicza s\u0142u\u017cba wojskowa, mechanik lotniczy na lotnisku wojskowym we Wroc\u0142awiu-Strachowicach, 1979-1990 mechanik sprz\u0119tu budowlanego w Przedsi\u0119biorstwie Budownictwa Uprzemys\u0142owionego tam\u017ce. W VIII 1980 uczestnik strajku w [&hellip;]<\/p>\n","protected":false},"featured_media":2826,"template":"","meta":[],"_links":{"self":[{"href":"http:\/\/ludzie.fundacja-pih.pl\/index.php\/wp-json\/wp\/v2\/product\/2233"}],"collection":[{"href":"http:\/\/ludzie.fundacja-pih.pl\/index.php\/wp-json\/wp\/v2\/product"}],"about":[{"href":"http:\/\/ludzie.fundacja-pih.pl\/index.php\/wp-json\/wp\/v2\/types\/product"}],"wp:featuredmedia":[{"embeddable":true,"href":"http:\/\/ludzie.fundacja-pih.pl\/index.php\/wp-json\/wp\/v2\/media\/2826"}],"wp:attachment":[{"href":"http:\/\/ludzie.fundacja-pih.pl\/index.php\/wp-json\/wp\/v2\/media?parent=2233"}],"curies":[{"name":"wp","href":"https:\/\/api.w.org\/{rel}","templated":true}]}}