{"id":2273,"date":"2021-03-21T15:19:59","date_gmt":"2021-03-21T15:19:59","guid":{"rendered":"http:\/\/ludzie.fundacja-pih.pl\/?post_type=product&#038;p=2273"},"modified":"2025-05-16T14:18:10","modified_gmt":"2025-05-16T14:18:10","slug":"kossakowska-daniela","status":"publish","type":"product","link":"http:\/\/ludzie.fundacja-pih.pl\/index.php\/product\/kossakowska-daniela\/","title":{"rendered":"Kossakowska Daniela"},"content":{"rendered":"<p>Urodzi\u0142a si\u0119 30 wrze\u015bnia 1937 roku w Wasyl\u00f3wce k. \u0141ucka, a zmar\u0142 12 stycznia 2006 roku we Wroc\u0142awiu.<\/p>\n<p>W 1955 roku uko\u0144czy\u0142a Technikum Mechaniczne we Wroc\u0142awiu.<br \/>\nW latach 1955 &#8211; 1991 by\u0142a zatrudniona w WSK we Wroc\u0142awiu (p\u00f3\u017aniej PZL Hydral). W 1979 zaj\u0119\u0142a si\u0119 kolporta\u017cem wydawnictw niezale\u017cnych. We wrze\u015bniu 1980 roku wst\u0105pi\u0142a do NSZZ \u201eSolidarno\u015b\u0107\u201d. Po wprowadzeniu stanu wojennego by\u0142a \u0142\u0105czniczk\u0105 mi\u0119dzy TKZ w PZL Hydral, a RKS Dolny \u015al\u0105sk. Od stycznia 1982 roku organizowa\u0142a we w\u0142asnym mieszkaniu tzw. skrzynk\u0119 kontaktow\u0105. Od lipca tego samego roku by\u0142a kolporterk\u0105 prasy \u201eSolidarno\u015bci Walcz\u0105cej\u201d. R\u00f3wnie\u017c w 1982 roku zosta\u0142a wsp\u00f3\u0142wydawc\u0105 czasopisma TKZ \u201eHydralek. Nasze s\u0142owo\u201d. W maju 1982 roku uczestniczka strajku w PZL Hydral, po czym wraz z ca\u0142\u0105 za\u0142og\u0105 zosta\u0142a zwolniona z pracy. Przywr\u00f3cono j\u0105 do pracy w drodze ponownego naboru. W okresie od 1983 roku do 1989 roku hurtowo kolportowa\u0142a ksi\u0105\u017cki z tzw. drugiego obiegu (ponad 300 tytu\u0142\u00f3w). W 1989 wspiera\u0142a kampani\u0119 wyborcz\u0105 kandydat\u00f3w KO przed wyborami 4 czerwca. By\u0142a  m\u0119\u017cem zaufania podczas wybor\u00f3w. W roku 1991 przesz\u0142a na emerytur\u0119. W latach dziewi\u0119\u0107dziesi\u0105tych uczestniczka w lokalnych inicjatywach ZChN.<\/p>\n","protected":false},"excerpt":{"rendered":"<p>Urodzi\u0142a si\u0119 30 wrze\u015bnia 1937 roku w Wasyl\u00f3wce k. \u0141ucka, a zmar\u0142 12 stycznia 2006 roku we Wroc\u0142awiu. W 1955 roku uko\u0144czy\u0142a Technikum Mechaniczne we Wroc\u0142awiu. W latach 1955 &#8211; 1991 by\u0142a zatrudniona w WSK we Wroc\u0142awiu (p\u00f3\u017aniej PZL Hydral). W 1979 zaj\u0119\u0142a si\u0119 kolporta\u017cem wydawnictw niezale\u017cnych. We wrze\u015bniu 1980 roku wst\u0105pi\u0142a do NSZZ \u201eSolidarno\u015b\u0107\u201d. [&hellip;]<\/p>\n","protected":false},"featured_media":906,"template":"","meta":[],"_links":{"self":[{"href":"http:\/\/ludzie.fundacja-pih.pl\/index.php\/wp-json\/wp\/v2\/product\/2273"}],"collection":[{"href":"http:\/\/ludzie.fundacja-pih.pl\/index.php\/wp-json\/wp\/v2\/product"}],"about":[{"href":"http:\/\/ludzie.fundacja-pih.pl\/index.php\/wp-json\/wp\/v2\/types\/product"}],"wp:featuredmedia":[{"embeddable":true,"href":"http:\/\/ludzie.fundacja-pih.pl\/index.php\/wp-json\/wp\/v2\/media\/906"}],"wp:attachment":[{"href":"http:\/\/ludzie.fundacja-pih.pl\/index.php\/wp-json\/wp\/v2\/media?parent=2273"}],"curies":[{"name":"wp","href":"https:\/\/api.w.org\/{rel}","templated":true}]}}

<p>Urodziła się 30 września 1937 roku w Wasylówce k. Łucka, a zmarł 12 stycznia 2006 roku we Wrocławiu.</p>
<p>W 1955 roku ukończyła Technikum Mechaniczne we Wrocławiu.<br />
W latach 1955 &#8211; 1991 była zatrudniona w WSK we Wrocławiu (później PZL Hydral). W 1979 zajęła się kolportażem wydawnictw niezależnych. We wrześniu 1980 roku wstąpiła do NSZZ „Solidarność”. Po wprowadzeniu stanu wojennego była łączniczką między TKZ w PZL Hydral, a RKS Dolny Śląsk. Od stycznia 1982 roku organizowała we własnym mieszkaniu tzw. skrzynkę kontaktową. Od lipca tego samego roku była kolporterką prasy „Solidarności Walczącej”. Również w 1982 roku została współwydawcą czasopisma TKZ „Hydralek. Nasze słowo”. W maju 1982 roku uczestniczka strajku w PZL Hydral, po czym wraz z całą załogą została zwolniona z pracy. Przywrócono ją do pracy w drodze ponownego naboru. W okresie od 1983 roku do 1989 roku hurtowo kolportowała książki z tzw. drugiego obiegu (ponad 300 tytułów). W 1989 wspierała kampanię wyborczą kandydatów KO przed wyborami 4 czerwca. Była  mężem zaufania podczas wyborów. W roku 1991 przeszła na emeryturę. W latach dziewięćdziesiątych uczestniczka w lokalnych inicjatywach ZChN.</p>

<p>Urodziła się 30 września 1937 roku w Wasylówce k. Łucka, a zmarł 12 stycznia 2006 roku we Wrocławiu. W 1955 roku ukończyła Technikum Mechaniczne we Wrocławiu. W latach 1955 &#8211; 1991 była zatrudniona w WSK we Wrocławiu (później PZL Hydral). W 1979 zajęła się kolportażem wydawnictw niezależnych. We wrześniu 1980 roku wstąpiła do NSZZ „Solidarność”. [&hellip;]</p>
