{"id":2316,"date":"2021-03-21T16:18:49","date_gmt":"2021-03-21T16:18:49","guid":{"rendered":"http:\/\/ludzie.fundacja-pih.pl\/?post_type=product&#038;p=2316"},"modified":"2025-05-16T14:18:37","modified_gmt":"2025-05-16T14:18:37","slug":"skrzypinski-jerzy","status":"publish","type":"product","link":"http:\/\/ludzie.fundacja-pih.pl\/index.php\/product\/skrzypinski-jerzy\/","title":{"rendered":"Skrzypi\u0144ski Jerzy"},"content":{"rendered":"<p>Urodzi\u0142 si\u0119 26 maja 1941 roku w Sieradzu, zm. w listopadzie 2018 roku we Wroc\u0142awiu<\/p>\n<p>By\u0142 zaanga\u017cowany w dzia\u0142alno\u015b\u0107 NSZZ \u201eSolidarno\u015b\u0107\u201d. Po wprowadzeniu stanu wojennego kontynuowa\u0142 dzia\u0142alno\u015b\u0107 zwi\u0105zkow\u0105 w konspiracji, w tym r\u00f3wnie\u017c w strukturach \u201eSolidarno\u015bci Walcz\u0105cej\u201d. W ramach dzia\u0142alno\u015bci w SW kolportowa\u0142 wydawnictwa podziemne przez ni\u0105 sygnowane, a tak\u017ce zajmowa\u0142 si\u0119 redakcj\u0105 i drukiem czasopisma \u201eWiadomo\u015bci Bie\u017c\u0105ce\u201d. W grudniu 1982 roku, wobec odmowy zaprzestania ww. dzia\u0142alno\u015bci, zosta\u0142o wobec niego wszcz\u0119te post\u0119powanie s\u0105dowe. By\u0142o ono prowadzone do 27 marca 1983 roku i zako\u0144czy\u0142o si\u0119 wyrokiem skazuj\u0105cym na kar\u0119 jednego roku i 6 miesi\u0119cy pozbawienia wolno\u015bci z zawieszeniem na okres 3 lat. Jerzy Skrzypi\u0144ski by\u0142 p\u00f3\u017aniej jeszcze kilkukrotnie aresztowany i inwigilowany. Posiada\u0142 status pokrzywdzonego. Zosta\u0142 odznaczony Medalem 25. Rocznicy podpisania Porozumie\u0144 Sierpniowych.  <\/p>\n","protected":false},"excerpt":{"rendered":"<p>Urodzi\u0142 si\u0119 26 maja 1941 roku w Sieradzu, zm. w listopadzie 2018 roku we Wroc\u0142awiu By\u0142 zaanga\u017cowany w dzia\u0142alno\u015b\u0107 NSZZ \u201eSolidarno\u015b\u0107\u201d. Po wprowadzeniu stanu wojennego kontynuowa\u0142 dzia\u0142alno\u015b\u0107 zwi\u0105zkow\u0105 w konspiracji, w tym r\u00f3wnie\u017c w strukturach \u201eSolidarno\u015bci Walcz\u0105cej\u201d. W ramach dzia\u0142alno\u015bci w SW kolportowa\u0142 wydawnictwa podziemne przez ni\u0105 sygnowane, a tak\u017ce zajmowa\u0142 si\u0119 redakcj\u0105 i drukiem [&hellip;]<\/p>\n","protected":false},"featured_media":3030,"template":"","meta":[],"_links":{"self":[{"href":"http:\/\/ludzie.fundacja-pih.pl\/index.php\/wp-json\/wp\/v2\/product\/2316"}],"collection":[{"href":"http:\/\/ludzie.fundacja-pih.pl\/index.php\/wp-json\/wp\/v2\/product"}],"about":[{"href":"http:\/\/ludzie.fundacja-pih.pl\/index.php\/wp-json\/wp\/v2\/types\/product"}],"wp:featuredmedia":[{"embeddable":true,"href":"http:\/\/ludzie.fundacja-pih.pl\/index.php\/wp-json\/wp\/v2\/media\/3030"}],"wp:attachment":[{"href":"http:\/\/ludzie.fundacja-pih.pl\/index.php\/wp-json\/wp\/v2\/media?parent=2316"}],"curies":[{"name":"wp","href":"https:\/\/api.w.org\/{rel}","templated":true}]}}