{"id":2322,"date":"2021-03-21T16:25:40","date_gmt":"2021-03-21T16:25:40","guid":{"rendered":"http:\/\/ludzie.fundacja-pih.pl\/?post_type=product&#038;p=2322"},"modified":"2025-05-16T14:18:41","modified_gmt":"2025-05-16T14:18:41","slug":"sulanowska-genowefa","status":"publish","type":"product","link":"http:\/\/ludzie.fundacja-pih.pl\/index.php\/product\/sulanowska-genowefa\/","title":{"rendered":"Sulanowska Genowefa (Wa\u0142brzych)"},"content":{"rendered":"<p>ur. w 1926 r.<\/p>\n<p>Udost\u0119pni\u0142a mieszkanie na skrzynk\u0119 kolporta\u017cow\u0105 podziemnych wydawnictw \u201eS\u201d i \u201eSW\u201d.<\/p>\n","protected":false},"excerpt":{"rendered":"<p>ur. w 1926 r. Udost\u0119pni\u0142a mieszkanie na skrzynk\u0119 kolporta\u017cow\u0105 podziemnych wydawnictw \u201eS\u201d i \u201eSW\u201d.<\/p>\n","protected":false},"featured_media":3770,"template":"","meta":[],"_links":{"self":[{"href":"http:\/\/ludzie.fundacja-pih.pl\/index.php\/wp-json\/wp\/v2\/product\/2322"}],"collection":[{"href":"http:\/\/ludzie.fundacja-pih.pl\/index.php\/wp-json\/wp\/v2\/product"}],"about":[{"href":"http:\/\/ludzie.fundacja-pih.pl\/index.php\/wp-json\/wp\/v2\/types\/product"}],"wp:featuredmedia":[{"embeddable":true,"href":"http:\/\/ludzie.fundacja-pih.pl\/index.php\/wp-json\/wp\/v2\/media\/3770"}],"wp:attachment":[{"href":"http:\/\/ludzie.fundacja-pih.pl\/index.php\/wp-json\/wp\/v2\/media?parent=2322"}],"curies":[{"name":"wp","href":"https:\/\/api.w.org\/{rel}","templated":true}]}}