{"id":2343,"date":"2021-03-21T20:45:15","date_gmt":"2021-03-21T20:45:15","guid":{"rendered":"http:\/\/ludzie.fundacja-pih.pl\/?post_type=product&#038;p=2343"},"modified":"2025-05-16T14:18:53","modified_gmt":"2025-05-16T14:18:53","slug":"zielinska-elzbieta","status":"publish","type":"product","link":"http:\/\/ludzie.fundacja-pih.pl\/index.php\/product\/zielinska-elzbieta\/","title":{"rendered":"Zieli\u0144ska El\u017cbieta"},"content":{"rendered":"<p>ur. w 1956 r. we Wroc\u0142awiu<\/p>\n","protected":false},"excerpt":{"rendered":"<p>ur. w 1956 r. we Wroc\u0142awiu<\/p>\n","protected":false},"featured_media":3098,"template":"","meta":[],"_links":{"self":[{"href":"http:\/\/ludzie.fundacja-pih.pl\/index.php\/wp-json\/wp\/v2\/product\/2343"}],"collection":[{"href":"http:\/\/ludzie.fundacja-pih.pl\/index.php\/wp-json\/wp\/v2\/product"}],"about":[{"href":"http:\/\/ludzie.fundacja-pih.pl\/index.php\/wp-json\/wp\/v2\/types\/product"}],"wp:featuredmedia":[{"embeddable":true,"href":"http:\/\/ludzie.fundacja-pih.pl\/index.php\/wp-json\/wp\/v2\/media\/3098"}],"wp:attachment":[{"href":"http:\/\/ludzie.fundacja-pih.pl\/index.php\/wp-json\/wp\/v2\/media?parent=2343"}],"curies":[{"name":"wp","href":"https:\/\/api.w.org\/{rel}","templated":true}]}}