{"id":2364,"date":"2021-03-21T21:02:41","date_gmt":"2021-03-21T21:02:41","guid":{"rendered":"http:\/\/ludzie.fundacja-pih.pl\/?post_type=product&#038;p=2364"},"modified":"2025-05-16T14:18:59","modified_gmt":"2025-05-16T14:18:59","slug":"koziestanski-k","status":"publish","type":"product","link":"http:\/\/ludzie.fundacja-pih.pl\/index.php\/product\/koziestanski-k\/","title":{"rendered":"Koziesta\u0144ski Krzysztof"},"content":{"rendered":"<p>Urodzi\u0142 si\u0119 5 marca 1963 roku w Warszawie.<\/p>\n<p>Od 1979 roku do czerwca 1982 roku  nale\u017ca\u0142 do Ruchu M\u0142odej Polski. W lutym 1981 roku wst\u0105pi\u0142 do NSZZ \u201eSolidarno\u015b\u0107\u201d. Po wprowadzeniu stanu wojennego, w grudniu 1981 roku, jako dzia\u0142acz \u201eS\u201d przeszed\u0142 do konspiracji, w kt\u00f3r\u0105 by\u0142 zaanga\u017cowany do czerwca 1989 roku. W czerwcu 1986 roku zosta\u0142 cz\u0142onkiem warszawskiego oddzia\u0142u \u201eSolidarno\u015bci Walcz\u0105cej\u201d. Wsp\u00f3\u0142pracowa\u0142 z ks. Stanis\u0142awem Ma\u0142kowskim. Kolportowa\u0142 pras\u0119 podziemn\u0105, m.in. \u201eTygodnik Mazowsze\u201d, \u201eTygodnik Wojenny\u201d, \u201eBiuletyn Dolno\u015bl\u0105ski, \u201eSolidarno\u015b\u0107 Walcz\u0105c\u0105\u201d. Obs\u0142ugiwa\u0142 sitodruk, wytwarza\u0142 kartki i znaczki okoliczno\u015bciowe. Tworzy\u0142 ok\u0142adki do kaset magnetofonowych, videofonowych oraz plakaty i transparenty. Dzia\u0142a\u0142 tak\u017ce przy warszawskiej parafii \u015bw. Anny, gdzie od 1979 roku blisko wsp\u00f3\u0142pracowa\u0142 z ks. Jerzym Popie\u0142uszk\u0105. Bra\u0142 udzia\u0142 w wielu antyre\u017cimowych manifestacjach, pomaga\u0142 w organizowaniu uroczysto\u015bci rocznicowych i mszy za Ojczyzn\u0119.<\/p>\n","protected":false},"excerpt":{"rendered":"<p>Urodzi\u0142 si\u0119 5 marca 1963 roku w Warszawie. Od 1979 roku do czerwca 1982 roku nale\u017ca\u0142 do Ruchu M\u0142odej Polski. W lutym 1981 roku wst\u0105pi\u0142 do NSZZ \u201eSolidarno\u015b\u0107\u201d. Po wprowadzeniu stanu wojennego, w grudniu 1981 roku, jako dzia\u0142acz \u201eS\u201d przeszed\u0142 do konspiracji, w kt\u00f3r\u0105 by\u0142 zaanga\u017cowany do czerwca 1989 roku. W czerwcu 1986 roku zosta\u0142 [&hellip;]<\/p>\n","protected":false},"featured_media":2365,"template":"","meta":[],"_links":{"self":[{"href":"http:\/\/ludzie.fundacja-pih.pl\/index.php\/wp-json\/wp\/v2\/product\/2364"}],"collection":[{"href":"http:\/\/ludzie.fundacja-pih.pl\/index.php\/wp-json\/wp\/v2\/product"}],"about":[{"href":"http:\/\/ludzie.fundacja-pih.pl\/index.php\/wp-json\/wp\/v2\/types\/product"}],"wp:featuredmedia":[{"embeddable":true,"href":"http:\/\/ludzie.fundacja-pih.pl\/index.php\/wp-json\/wp\/v2\/media\/2365"}],"wp:attachment":[{"href":"http:\/\/ludzie.fundacja-pih.pl\/index.php\/wp-json\/wp\/v2\/media?parent=2364"}],"curies":[{"name":"wp","href":"https:\/\/api.w.org\/{rel}","templated":true}]}}