{"id":2389,"date":"2021-03-21T21:16:52","date_gmt":"2021-03-21T21:16:52","guid":{"rendered":"http:\/\/ludzie.fundacja-pih.pl\/?post_type=product&#038;p=2389"},"modified":"2025-05-16T14:19:06","modified_gmt":"2025-05-16T14:19:06","slug":"zajac-r","status":"publish","type":"product","link":"http:\/\/ludzie.fundacja-pih.pl\/index.php\/product\/zajac-r\/","title":{"rendered":"Zaj\u0105c Robert"},"content":{"rendered":"<p>Urodzi\u0142 si\u0119 w 1969 roku w m. Warszawa<\/p>\n<p>Od po\u0142owy lat osiemdziesi\u0105tych rozkleja\u0142 w\u0142asnor\u0119cznie robione ulotki z napisem \u201eSolidarno\u015b\u0107\u201d w pobli\u017cu miejsca zamieszkania i szko\u0142y. W 1986 roku wsp\u00f3\u0142organizowa\u0142 nieformaln\u0105 grup\u0119 opozycyjn\u0105 w Zasadniczej Szkole Budowlanej nr 2 w Warszawie, kt\u00f3rej cz\u0142onkowie kolportowali ulotki oraz uczestniczyli w antyre\u017cimowych manifestacjach. W 1987 roku przyst\u0105pi\u0142 do Ruchu Politycznego \u201eWyzwolenie\u201d. Zajmowa\u0142 si\u0119 kolporta\u017cem wydawnictw w tym m.in. tytu\u0142\u00f3w: \u201eWyzwolenie\u201d, \u201eKontakt\u201d, \u201eDekada\u201d, \u201eSolidarno\u015b\u0107 Walcz\u0105ca\u201d. Pomaga\u0142 te\u017c w pracach podziemnej drukarni, kt\u00f3ra mie\u015bci\u0142a si\u0119 przy ul. Wilanowskiej w Warszawie. W 2019 roku  na podstawie postanowienia Prezydenta RP \u2013 nr 321\/2019 &#8211;  nadano mu Krzy\u017c Wolno\u015bci i Solidarno\u015bci.<\/p>\n","protected":false},"excerpt":{"rendered":"<p>Urodzi\u0142 si\u0119 w 1969 roku w m. Warszawa Od po\u0142owy lat osiemdziesi\u0105tych rozkleja\u0142 w\u0142asnor\u0119cznie robione ulotki z napisem \u201eSolidarno\u015b\u0107\u201d w pobli\u017cu miejsca zamieszkania i szko\u0142y. W 1986 roku wsp\u00f3\u0142organizowa\u0142 nieformaln\u0105 grup\u0119 opozycyjn\u0105 w Zasadniczej Szkole Budowlanej nr 2 w Warszawie, kt\u00f3rej cz\u0142onkowie kolportowali ulotki oraz uczestniczyli w antyre\u017cimowych manifestacjach. W 1987 roku przyst\u0105pi\u0142 do Ruchu [&hellip;]<\/p>\n","protected":false},"featured_media":2390,"template":"","meta":[],"_links":{"self":[{"href":"http:\/\/ludzie.fundacja-pih.pl\/index.php\/wp-json\/wp\/v2\/product\/2389"}],"collection":[{"href":"http:\/\/ludzie.fundacja-pih.pl\/index.php\/wp-json\/wp\/v2\/product"}],"about":[{"href":"http:\/\/ludzie.fundacja-pih.pl\/index.php\/wp-json\/wp\/v2\/types\/product"}],"wp:featuredmedia":[{"embeddable":true,"href":"http:\/\/ludzie.fundacja-pih.pl\/index.php\/wp-json\/wp\/v2\/media\/2390"}],"wp:attachment":[{"href":"http:\/\/ludzie.fundacja-pih.pl\/index.php\/wp-json\/wp\/v2\/media?parent=2389"}],"curies":[{"name":"wp","href":"https:\/\/api.w.org\/{rel}","templated":true}]}}