{"id":2672,"date":"2021-04-19T19:52:02","date_gmt":"2021-04-19T19:52:02","guid":{"rendered":"http:\/\/ludzie.fundacja-pih.pl\/?post_type=product&#038;p=2672"},"modified":"2025-05-16T14:19:08","modified_gmt":"2025-05-16T14:19:08","slug":"twardowski-jaroslaw","status":"publish","type":"product","link":"http:\/\/ludzie.fundacja-pih.pl\/index.php\/product\/twardowski-jaroslaw\/","title":{"rendered":"Twardowski Jaros\u0142aw"},"content":{"rendered":"<p>Urodzi\u0142 si\u0119 4 kwietnia 1962 we Wroc\u0142awiu.<\/p>\n<p>Dzia\u0142a\u0142 pod pseudonimem \u201eMarcin Prus\u201d. Od sierpnia 1980 roku wsp\u00f3\u0142pracowa\u0142 z NSZZ \u201eSolidarno\u015b\u0107\u201d jako drukarz. W 1981 roku, a\u017c do dnia wprowadzenia stanu wojennego by\u0142 etatowym pracownikiem Zarz\u0105du Regionu NSZZ \u201eSolidarno\u015b\u0107\u201d Dolny \u015al\u0105sk.<br \/>\n13 grudnia 1981 roku zacz\u0105\u0142 si\u0119 ukrywa\u0107. Dzia\u0142a\u0142 w konspiracji jako cz\u0142onek zespo\u0142u redakcyjnego, podziemnego pisma RKS NSZZ \u201eSolidarno\u015b\u0107\u201d \u2013 \u201eZ Dnia na Dzie\u0144\u201d. W czerwcu 1982 roku zwi\u0105za\u0142 si\u0119 \u201eSolidarno\u015bci\u0105 Walcz\u0105c\u0105\u201d. By\u0142 autorem i wsp\u00f3\u0142autorem artyku\u0142\u00f3w opublikowanych w \u201eKulturze Paryskiej\u201d, \u201eRusskoj Mysli\u201d, \u201eKontynencie\u201d, \u201eBiuletynie Dolno\u015bl\u0105skim\u201d oraz w pismach polonijnych w Kanadzie i prasie bezdebitowej w Polsce.<br \/>\nW latach 1982 \u2013 1984 by\u0142 kilkakrotnie zatrzymywany przez SB i milicj\u0119 i szanta\u017cowany podczas przes\u0142ucha\u0144. Po wyj\u015bciu z ukrycia, by\u0142 zmuszony studiowa\u0107 poza rodzinnym Wroc\u0142awiem, ze wzgl\u0119du na umieszczenie jego nazwiska na os\u00f3b, kt\u00f3re nie mia\u0142y wst\u0119pu na wroc\u0142awskie uczelnie wy\u017csze. Ostatecznie wr\u00f3ci\u0142 do Wroc\u0142awia i kontynuowa\u0142 rozpocz\u0119te w Bydgoszczy studia. R\u00f3wnolegle wsp\u00f3\u0142pracowa\u0142 z konspiracyjn\u0105 Agencj\u0105 Informacyjn\u0105 Solidarno\u015bci Walcz\u0105cej. Zajmowa\u0142 si\u0119 w\u00f3wczas gromadzeniem, redagowaniem informacji oraz wydawaniem Serwisu Informacyjnego SW, kt\u00f3ry ukazywa\u0142 si\u0119 raz w miesi\u0105cu do maja 1990 roku.<br \/>\nW 2020 roku Jaros\u0142aw Twardowski zosta\u0142 odznaczony Krzy\u017cem Solidarno\u015bci Walcz\u0105cej.<\/p>\n","protected":false},"excerpt":{"rendered":"<p>Urodzi\u0142 si\u0119 4 kwietnia 1962 we Wroc\u0142awiu. Dzia\u0142a\u0142 pod pseudonimem \u201eMarcin Prus\u201d. Od sierpnia 1980 roku wsp\u00f3\u0142pracowa\u0142 z NSZZ \u201eSolidarno\u015b\u0107\u201d jako drukarz. W 1981 roku, a\u017c do dnia wprowadzenia stanu wojennego by\u0142 etatowym pracownikiem Zarz\u0105du Regionu NSZZ \u201eSolidarno\u015b\u0107\u201d Dolny \u015al\u0105sk. 13 grudnia 1981 roku zacz\u0105\u0142 si\u0119 ukrywa\u0107. Dzia\u0142a\u0142 w konspiracji jako cz\u0142onek zespo\u0142u redakcyjnego, podziemnego [&hellip;]<\/p>\n","protected":false},"featured_media":2674,"template":"","meta":[],"_links":{"self":[{"href":"http:\/\/ludzie.fundacja-pih.pl\/index.php\/wp-json\/wp\/v2\/product\/2672"}],"collection":[{"href":"http:\/\/ludzie.fundacja-pih.pl\/index.php\/wp-json\/wp\/v2\/product"}],"about":[{"href":"http:\/\/ludzie.fundacja-pih.pl\/index.php\/wp-json\/wp\/v2\/types\/product"}],"wp:featuredmedia":[{"embeddable":true,"href":"http:\/\/ludzie.fundacja-pih.pl\/index.php\/wp-json\/wp\/v2\/media\/2674"}],"wp:attachment":[{"href":"http:\/\/ludzie.fundacja-pih.pl\/index.php\/wp-json\/wp\/v2\/media?parent=2672"}],"curies":[{"name":"wp","href":"https:\/\/api.w.org\/{rel}","templated":true}]}}